000
CXHW51 PHFO 011617
CLMLIH


CLIMATE REPORT
NATIONAL WEATHER SERVICE HONOLULU HI
608 AM HST FRI SEP 1 2017

...................................

...THE LIHUE HI CLIMATE SUMMARY FOR THE MONTH OF AUGUST 2017...

CLIMATE NORMAL PERIOD 1981 TO 2010
CLIMATE RECORD PERIOD 1946 TO 2017

WEATHER         OBSERVED          NORMAL  DEPART  LAST YEAR`S
                 VALUE   DATE(S)  VALUE   FROM    VALUE  DATE(S)
                                          NORMAL
................................................................
TEMPERATURE (F)
RECORD
 HIGH              90   08/12/2017
                        08/23/2015
                        08/30/1996
 LOW               66   08/09/1979
                        08/08/1979
                        08/10/1957
HIGHEST            90R  08/12        85       5       89  08/24
LOWEST             72   08/21        75      -3       73  08/21
                                                          08/01
AVG. MAXIMUM     87.8              84.7     3.1     85.7
AVG. MINIMUM     77.6              74.6     3.0     75.5
MEAN             82.7              79.7     3.0     80.6
DAYS MAX >= 90      1               0.1     0.9        0
DAYS MAX <= 32      0               0.0     0.0        0
DAYS MIN <= 32      0               0.0     0.0        0
DAYS MIN <= 0       0               0.0     0.0        0

PRECIPITATION (INCHES)
RECORD
 MAXIMUM         8.13   1959
 MINIMUM         0.44   2007
TOTALS           1.49              2.13   -0.64     1.52
DAILY AVG.       0.05              0.07   -0.02     0.05
DAYS >= .01        12              18.3    -6.3       22
DAYS >= .10         2               5.7    -3.7        7
DAYS >= .50         1               0.8     0.2        0
DAYS >= 1.00        1               0.3     0.7        0
GREATEST
 24 HR. TOTAL    1.09   08/21 TO 08/21              0.36

SNOWFALL (INCHES)
RECORDS
 TOTAL             MM   5
TOTALS            0.0               0.0     0.0      0.0
SINCE 7/1         0.0               0.0     0.0      0.0
SNOWDEPTH AVG.     MM                MM      MM        0
DAYS >= 1.0         0               0.0     0.0        0
GREATEST
 SNOW DEPTH        MM                                  0  MM
 24 HR TOTAL      0.0   08/31 TO 08/31               0.0

DEGREE_DAYS
HEATING TOTAL       0                 0       0        0
 SINCE 7/1          0                 0       0        0
COOLING TOTAL     555               454     101      493
 SINCE 1/1       2873              2526     347     2659
.................................................................

WIND (MPH)
AVERAGE WIND SPEED              13.6
HIGHEST WIND SPEED/DIRECTION    31/320    DATE  08/21
HIGHEST GUST SPEED/DIRECTION    39/010    DATE  08/21

SKY COVER
POSSIBLE SUNSHINE (PERCENT)   MM
AVERAGE SKY COVER             MM
NUMBER OF DAYS FAIR            0
NUMBER OF DAYS PC              0
NUMBER OF DAYS CLOUDY          0

AVERAGE RH (PERCENT)     MM

WEATHER CONDITIONS. NUMBER OF DAYS WITH
THUNDERSTORM              0     MIXED PRECIP               0
HEAVY RAIN                0     RAIN                       0
LIGHT RAIN                0     FREEZING RAIN              0
LT FREEZING RAIN          0     HAIL                       0
HEAVY SNOW                0     SNOW                       0
LIGHT SNOW                0     SLEET                      0
FOG                       8     FOG W/VIS <= 1/4 MILE      0
HAZE                      1

-  INDICATES NEGATIVE NUMBERS.
R  INDICATES RECORD WAS SET OR TIED.
MM INDICATES DATA IS MISSING.
T  INDICATES TRACE AMOUNT.

$$
