000
CXUS53 KLOT 011436
CLMLOT


CLIMATE REPORT
NATIONAL WEATHER SERVICE CHICAGO IL
917 AM CDT FRI JUL 1 2016

...................................

...THE ROMEOVILLE  WFO CLIMATE SUMMARY FOR THE MONTH OF JUNE 2016...

CLIMATE NORMAL PERIOD 1981 TO 2010
CLIMATE RECORD PERIOD 1992 TO 2016

WEATHER         OBSERVED          NORMAL  DEPART  LAST YEAR`S
                 VALUE   DATE(S)  VALUE   FROM    VALUE
                                          NORMAL
.............................................................
TEMPERATURE (F)
RECORD
 HIGH             112   06/20/2012
 LOW               38   06/21/1992
HIGHEST            92   06/10        MM      MM       91
LOWEST             50   06/08        MM      MM       42
AVG. MAXIMUM     82.2              80.2     2.0     77.8
AVG. MINIMUM     61.4              59.6     1.8     59.1
MEAN             71.8              69.9     1.9     68.5

PRECIPITATION (INCHES)
RECORD
 MAXIMUM         9.25   1993
 MINIMUM         1.20   2005
TOTALS           2.19              4.34   -2.15     8.50

SNOWFALL (INCHES)
RECORDS
 TOTAL              T   2015
                        2014
                        2013
TOTALS            0.0               0.0     0.0        T
SINCE 7/1        22.3              32.3   -10.0     36.4

DEGREE_DAYS
HEATING TOTAL       7                33     -26       27
 SINCE 7/1       5352              6219    -867     6751
COOLING TOTAL     218               180      38      137
 SINCE 1/1        311               238      73      213
..............................................................

WIND (MPH)
AVERAGE WIND SPEED              7.9
HIGHEST WIND SPEED/DIRECTION    29/MM     DATE   MM
HIGHEST GUST SPEED/DIRECTION    35/300    DATE  06/06

AVERAGE RH (PERCENT)     62


-  INDICATES NEGATIVE NUMBERS.
R  INDICATES RECORD WAS SET OR TIED.
MM INDICATES DATA IS MISSING.
T  INDICATES TRACE AMOUNT.

$$
