000
CXUS54 KCRP 012006 CCB
CLMLRD

CLIMATE REPORT
NATIONAL WEATHER SERVICE CORPUS CHRISTI TX
1144 AM CDT SAT AUG 1 2015

...................................

...THE LAREDO CLIMATE SUMMARY FOR THE MONTH OF JULY 2015...

CLIMATE NORMAL PERIOD 1981 TO 2010
CLIMATE RECORD PERIOD 1900 TO 2015

WEATHER         OBSERVED          NORMAL  DEPART  LAST YEAR`S
                 VALUE   DATE(S)  VALUE   FROM    VALUE  DATE(S)
                                          NORMAL
................................................................
TEMPERATURE (F)
RECORD
 HIGH             113   07/14/1998
 LOW               61   07/21/1940
HIGHEST           107   07/26       102       5      107  07/21
LOWEST             71   07/02        75      -4       73  07/10
AVG. MAXIMUM    101.5              99.3     2.2    101.4
AVG. MINIMUM     76.9              76.7     0.2     77.3
MEAN             89.2              88.0     1.2     89.3
DAYS MAX >= 90     30              29.4     0.6       29
DAYS MAX <= 32      0               0.0     0.0        0
DAYS MIN <= 32      0               0.0     0.0        0
DAYS MIN <= 0       0               0.0     0.0        0

PRECIPITATION (INCHES)
RECORD
 MAXIMUM        12.45   1919
 MINIMUM         0.00   1993
                        1977
                        1962
TOTALS           0.06              2.01   -1.95     1.34
DAILY AVG.       0.00              0.06   -0.06     0.04
DAYS >= .01         1               4.8    -3.8        5
DAYS >= .10         0               2.8    -2.8        4
DAYS >= .50         0               1.2    -1.2        0
DAYS >= 1.00        0               0.6    -0.6        0
GREATEST
 24 HR. TOTAL    0.06   07/31 TO 07/31           07/25 TO 07/25

SNOWFALL (INCHES)
RECORDS
 TOTAL             MM   MM
 24 HR TOTAL       MM
TOTALS            0.0               0.0     0.0      0.0
SINCE 7/1         0.0               0.0     0.0      0.0
SNOWDEPTH AVG.      0                MM      MM        0
DAYS >= 1.0         0               0.0     0.0        0
GREATEST
 SNOW DEPTH         0   MM                             0
 24 HR TOTAL      0.0   07/31 TO 07/31               0.0

DEGREE_DAYS
HEATING TOTAL       0                 0       0        0
 SINCE 7/1          0                 0       0        0
COOLING TOTAL     759               713      46      763
 SINCE 1/1       2301              2516    -215     2624
..................................................

WIND (MPH)
AVERAGE WIND SPEED              13.6
HIGHEST WIND SPEED/DIRECTION    33/160     DATE   07/08
HIGHEST GUST SPEED/DIRECTION    41/060     DATE   07/31

SKY COVER
AVERAGE SKY COVER           0.10

AVERAGE RH (PERCENT)     58

WEATHER CONDITIONS. NUMBER OF DAYS WITH
THUNDERSTORM              0     MIXED PRECIP               0
HEAVY RAIN                0     RAIN                       0
LIGHT RAIN                2     FREEZING RAIN              0
LT FREEZING RAIN          0     HAIL                       0
HEAVY SNOW                0     SNOW                       0
LIGHT SNOW                0     SLEET                      0
FOG                       3     FOG W/VIS <= 1/4 MILE      0
HAZE                      8

-  INDICATES NEGATIVE NUMBERS.
R  INDICATES RECORD WAS SET OR TIED.
MM INDICATES DATA IS MISSING.
T  INDICATES TRACE AMOUNT.

$$
