000
CXUS53 KARX 020822
CLMLSE


CLIMATE REPORT
NATIONAL WEATHER SERVICE LA CROSSE WI
217 AM CST FRI FEB 2 2018

...Slightly Above Normal Temperatures and Slightly Above Normal
Precipitation were Observed in the Month of January at La Crosse
WI...

The average temperature during the month was 18.8 degrees, which was
1.4 degrees above normal. The average high temperature was 28.0
degrees and the average low temperature was 9.7 degrees. The highest
temperature was 49 degrees, which occurred on the 26th. The lowest
reading was 14 degrees below zero, which occurred on the 5th.

A total of 1.38 inches of precipitation fell during the month, which
was twenty six hundredths of an inch above normal. The greatest 24-
hour precipitation was eighty eight hundredths of an inch, which
fell on the 22nd into the 23rd.

There was 10.8 inches of snow during the month, which was one tenth
of an inch above normal. The greatest 24 hour snowfall was 5.2
inches, which fell on the 14th into the 15th.

...Records...

On January 22nd, eighty five hundredths of an inch of precipitation
fell. This broke the previous record of seventy four hundredths
set in 1933.

...Discussion....

Temperatures during the month of January were slightly above normal
at La Crosse, Wisconsin. The coldest stretch occurred from the 1st
through the 6th, where the daily average temperature ranged from 12
to 23 degrees below normal. There were 11 days during the month,
where the temperature dropped to or below zero. Typically, La
Crosse receives 9 days where the temperature drops to or below
zero. The warmest stretch occurred from the 18th through the 27th,
where the daily average temperature ranged from 3 to 21 degrees
above normal.

Precipitation in the month of January was slightly above normal. The
greatest 24 hour precipitation during the month occurred on the 22nd
into the 23rd, where eighty eight hundredths of an inch of
precipitation fell. There were 8 days of measurable precipitation in
the month. Typically, La Crosse receives 9 days of measurable
precipitation. The greatest snowfall amount occurred from the 14th
through the 16th, where 6.8 inches fell.

...................................

...THE LA CROSSE WI CLIMATE SUMMARY FOR THE MONTH OF JANUARY 2018...

CLIMATE NORMAL PERIOD 1981 TO 2010
CLIMATE RECORD PERIOD 1873 TO 2018

WEATHER         OBSERVED          NORMAL  DEPART  LAST YEAR`S
                 VALUE   DATE(S)  VALUE   FROM    VALUE  DATE(S)
                                          NORMAL
................................................................
TEMPERATURE (F)
RECORD
 HIGH              57   01/25/1981
                        01/01/1897
                        01/03/1874
 LOW              -43   01/18/1873
HIGHEST            49   01/26        MM      MM       43  01/21
LOWEST            -14   01/05        MM      MM       -6  01/06
AVG. MAXIMUM     28.0              25.9     2.1     30.1
AVG. MINIMUM      9.7               8.9     0.8     17.9
MEAN             18.8              17.4     1.4     24.0
DAYS MAX >= 90      0               0.0     0.0        0
DAYS MAX <= 32     17              20.4    -3.4       13
DAYS MIN <= 32     30              30.2    -0.2       22
DAYS MIN <= 0      11               8.9     2.1        5

PRECIPITATION (INCHES)
RECORD
 MAXIMUM         3.44   1884
 MINIMUM         0.14   1981
                        1914
TOTALS           1.38              1.12    0.26     2.69
DAILY AVG.       0.04              0.04    0.00     0.09
DAYS >= .01         8               9.1    -1.1       14
DAYS >= .10         3               3.6    -0.6        8
DAYS >= .50         1               0.4     0.6        1
DAYS >= 1.00        0               0.0     0.0        0
GREATEST
 24 HR. TOTAL    0.85   01/22 TO 01/22

SNOWFALL (INCHES)
RECORDS
 TOTAL           39.6   1929
TOTALS           10.8              10.7     0.1      9.5
SINCE 7/1        15.2              26.3   -11.1     30.3
SNOWDEPTH AVG.      2                 5      -3        4
DAYS >= TRACE      13               7.8     5.2       16
DAYS >= 1.0         4               3.6     0.4        3
GREATEST
 SNOW DEPTH         5   01/18                          6  01/18
                        01/17                             01/17
                        01/16                             01/16
 24 HR TOTAL      5.0   01/14 TO 01/14

DEGREE_DAYS
HEATING TOTAL    1421              1475     -54     1262
 SINCE 7/1       3985              4319    -334     3397
COOLING TOTAL       0                 0       0        0
 SINCE 1/1          0                 0       0        0
.................................................................

WIND (MPH)
AVERAGE WIND SPEED              8.6
HIGHEST WIND SPEED/DIRECTION    28/320    DATE  01/31
HIGHEST GUST SPEED/DIRECTION    38/320    DATE  01/31

SKY COVER
POSSIBLE SUNSHINE (PERCENT)   MM
AVERAGE SKY COVER           0.40
NUMBER OF DAYS FAIR           15
NUMBER OF DAYS PC              9
NUMBER OF DAYS CLOUDY          7

AVERAGE RH (PERCENT)     72

WEATHER CONDITIONS. NUMBER OF DAYS WITH
THUNDERSTORM              0     MIXED PRECIP               0
HEAVY RAIN                1     RAIN                       2
LIGHT RAIN                4     FREEZING RAIN              0
LT FREEZING RAIN          0     HAIL                       0
HEAVY SNOW                0     SNOW                       2
LIGHT SNOW               13     SLEET                      0
FOG                      15     FOG W/VIS <= 1/4 MILE      4
HAZE                     11

-  INDICATES NEGATIVE NUMBERS.
R  INDICATES RECORD WAS SET OR TIED.
MM INDICATES DATA IS MISSING.
T  INDICATES TRACE AMOUNT.

$$

Boyne
