000
CXUS51 KRNK 011557
CLMLYH


CLIMATE REPORT
NATIONAL WEATHER SERVICE BLACKSBURG VA
1152 AM EDT WED JUL 1 2015

...................................

...THE LYNCHBURG VA CLIMATE SUMMARY FOR THE MONTH OF JUNE 2015...

CLIMATE NORMAL PERIOD 1981 TO 2010
CLIMATE RECORD PERIOD 1893 TO 2015

WEATHER         OBSERVED          NORMAL  DEPART  LAST YEAR`S
                 VALUE   DATE(S)  VALUE   FROM    VALUE
                                          NORMAL
.............................................................
TEMPERATURE (F)
RECORD
 HIGH             104   06/29/1934
 LOW                7   06/17/2015
HIGHEST            92   06/16                         95
LOWEST             53   06/29                         50
AVG. MAXIMUM     83.7              83.2     0.5     84.5
AVG. MINIMUM     63.4              60.1     3.3     62.0
MEAN             73.6              71.6     2.0     73.2
DAYS MAX >= 90      6               4.0     2.0        4
DAYS MAX <= 32      0               0.0     0.0        0
DAYS MIN <= 32      0               0.0     0.0        0
DAYS MIN <= 0       0               0.0     0.0        0

PRECIPITATION (INCHES)
RECORD
 MAXIMUM         9.97   1989
 MINIMUM         0.47   1986
TOTALS           5.59              3.62    1.97     2.40
DAILY AVG.       0.19              0.12    0.07     0.08
DAYS >= .01        15              10.0     5.0        8
DAYS >= .10        14               6.1     7.9        6
DAYS >= .50         4               2.4     1.6        1
DAYS >= 1.00        1               0.9     0.1        0
GREATEST
 24 HR. TOTAL    1.44                               0.84

SNOWFALL (INCHES)
TOTALS            0.0                                0.0
DAYS >= TRACE       0                                  0
DAYS >= 1.0         0                                  0
GREATEST
 24 HR TOTAL      0.0                                0.0

DEGREE_DAYS
HEATING TOTAL      13                14      -1        1
COOLING TOTAL     278               214      64      255
..............................................................

WIND (MPH)
AVERAGE WIND SPEED              5.0
HIGHEST WIND SPEED/DIRECTION    30/190    DATE  06/01
HIGHEST GUST SPEED/DIRECTION    38/190    DATE  06/01

SKY COVER
AVERAGE SKY COVER           0.30

AVERAGE RH (PERCENT)     77

WEATHER CONDITIONS. NUMBER OF DAYS WITH
THUNDERSTORM             13     MIXED PRECIP               0
HEAVY RAIN                9     RAIN                      10
LIGHT RAIN               16     FREEZING RAIN              0
LT FREEZING RAIN          0     HAIL                       0
HEAVY SNOW                0     SNOW                       0
LIGHT SNOW                0     SLEET                      0
FOG                      17     FOG W/VIS <= 1/4 MILE      2
HAZE                      0

-  INDICATES NEGATIVE NUMBERS.
R  INDICATES RECORD WAS SET OR TIED.
MM INDICATES DATA IS MISSING.
T  INDICATES TRACE AMOUNT.

$$

JDR
