000
CXUS56 KHNX 011250
CLMMAE


CLIMATE REPORT
NATIONAL WEATHER SERVICE SAN JOAQUIN VALLEY - HANFORD CA
550 AM PDT WED JUL 1 2015

...................................

...THE MADERA CA AIRPORT CLIMATE SUMMARY FOR THE MONTH OF JUNE 2015...

CLIMATE NORMAL PERIOD 1981 TO 2010
CLIMATE RECORD PERIOD 1998 TO 2015

WEATHER         OBSERVED          NORMAL  DEPART  LAST YEAR`S
                 VALUE   DATE(S)  VALUE   FROM    VALUE  DATE(S)
                                          NORMAL
................................................................
TEMPERATURE (F)
RECORD
 HIGH             107   06/08/2013
                        06/21/2008
                        06/15/2000
 LOW               44   06/02/2011
                        06/09/1999
                        06/07/1999
HIGHEST           106   06/26        MM      MM      106  06/09
LOWEST             53   06/01        MM      MM       50  06/17
AVG. MAXIMUM     96.1              90.8     5.3     93.8
AVG. MINIMUM     62.0              57.7     4.3     58.3
MEAN             79.1              74.2     4.9     76.1
DAYS MAX >= 90     24              17.5     6.5       24
DAYS MIN <= 32      0               0.0     0.0        0

PRECIPITATION (INCHES)
RECORD
 MAXIMUM         1.31   2011
TOTALS           0.00              0.19   -0.19        T
DAYS >= .01         0                MM      MM        0
DAYS >= .10         0                MM      MM        0
DAYS >= .50         0                MM      MM        0
DAYS >= 1.00        0                MM      MM        0
GREATEST
 24 HR. TOTAL    0.00   MM

SNOWFALL (INCHES)
RECORDS
 TOTAL             MM   MM
TOTALS            0.0                MM

DEGREE_DAYS
HEATING TOTAL       0                 3      -3        0
 SINCE 7/1       1726              2655    -929     2136
COOLING TOTAL     429               280     149      339
 SINCE 1/1        610               424     186      581
.................................................................

WIND (MPH)
AVERAGE WIND SPEED              7.3
HIGHEST WIND SPEED/DIRECTION    22/340    DATE  06/10
HIGHEST GUST SPEED/DIRECTION    27/020    DATE  06/05

AVERAGE RH (PERCENT)     42

WEATHER CONDITIONS. NUMBER OF DAYS WITH
THUNDERSTORM              0     RAIN                       0
HAIL                      0     FOG                        1
FOG W/VIS <= 1/4 MILE     0     HAZE                       1

-  INDICATES NEGATIVE NUMBERS.
R  INDICATES RECORD WAS SET OR TIED.
MM INDICATES DATA IS MISSING.
T  INDICATES TRACE AMOUNT.

$$

SANGER/OCHS

WEATHER.GOV/HANFORD
