000
CXUS54 KMAF 011443
CLMMAF


CLIMATE REPORT
NATIONAL WEATHER SERVICE MIDLAND TX
943 AM CDT THU SEP 1 2016

...................................

...THE MIDLAND CLIMATE SUMMARY FOR THE MONTH OF AUGUST 2016...

CLIMATE NORMAL PERIOD 1981 TO 2010
CLIMATE RECORD PERIOD 1930 TO 2016

WEATHER         OBSERVED          NORMAL  DEPART  LAST YEAR`S
                 VALUE   DATE(S)  VALUE   FROM    VALUE  DATE(S)
                                          NORMAL
................................................................
TEMPERATURE (F)
RECORD
 HIGH             107   08/06/1964
                        08/12/1936
 LOW               57   08/26/2010
HIGHEST           102   08/08        93       9      104  08/14
                        08/04                             08/09
                        08/03
LOWEST             61   08/15        68      -7       62  08/30
AVG. MAXIMUM     92.7              93.6    -0.9     97.8
AVG. MINIMUM     71.5              68.8     2.7     71.4
MEAN             82.1              81.2     0.9     84.6
DAYS MAX >= 90     20              24.1    -4.1       29
DAYS MAX <= 32      0               0.0     0.0        0
DAYS MIN <= 32      0               0.0     0.0        0
DAYS MIN <= 0       0               0.0     0.0        0

PRECIPITATION (INCHES)
RECORD
 MAXIMUM         5.92   2006
 MINIMUM         0.00   1936
TOTALS           3.20              1.84    1.36     1.01
DAILY AVG.       0.10              0.06    0.04     0.03
DAYS >= .01        10               5.7     4.3        5
DAYS >= .10         4               3.2     0.8        2
DAYS >= .50         2               1.2     0.8        1
DAYS >= 1.00        1               0.5     0.5        0
GREATEST
 24 HR. TOTAL    2.05   08/11 TO 08/12              0.79

DEGREE_DAYS
COOLING TOTAL     540               502      38      617
 SINCE 1/1       2232              1884     348     2044
.................................................................

WIND (MPH)
AVERAGE WIND SPEED              10.1
HIGHEST WIND SPEED/DIRECTION    33/310    DATE  08/12
HIGHEST GUST SPEED/DIRECTION    47/330    DATE  08/12

SKY COVER
POSSIBLE SUNSHINE (PERCENT)   MM
AVERAGE SKY COVER           0.20
NUMBER OF DAYS FAIR           23
NUMBER OF DAYS PC              7
NUMBER OF DAYS CLOUDY          1

AVERAGE RH (PERCENT)     56

WEATHER CONDITIONS. NUMBER OF DAYS WITH
THUNDERSTORM              0     MIXED PRECIP               0
HEAVY RAIN                3     RAIN                       1
LIGHT RAIN               11     FREEZING RAIN              0
LT FREEZING RAIN          0     HAIL                       0
HEAVY SNOW                0     SNOW                       0
LIGHT SNOW                0     SLEET                      0
FOG                       3     FOG W/VIS <= 1/4 MILE      0
HAZE                      5

-  INDICATES NEGATIVE NUMBERS.
R  INDICATES RECORD WAS SET OR TIED.
MM INDICATES DATA IS MISSING.
T  INDICATES TRACE AMOUNT.

$$
