000
CXUS53 KDTX 011300
CLMMBS

CLIMATE REPORT
NATIONAL WEATHER SERVICE DETROIT/PONTIAC MI
757 AM EST SUN MAR 1 2015

...................................

...THE  TRI CITIES MI CLIMATE SUMMARY FOR THE MONTH OF FEBRUARY 2015...

CLIMATE NORMAL PERIOD 1981 TO 2010
CLIMATE RECORD PERIOD 1898 TO 2015

WEATHER         OBSERVED          NORMAL  DEPART
                 VALUE   DATE(S)  VALUE   FROM
                                          NORMAL
................................................
TEMPERATURE (F)
HIGHEST            33   02/11        MM      MM
                        02/07
LOWEST            -15   02/20        MM      MM
AVG. MAXIMUM     20.3              31.7   -11.4
AVG. MINIMUM      2.7              17.3   -14.6
MEAN             11.5              24.5   -13.0
DAYS MAX >= 90      0               0.0     0.0
DAYS MAX <= 32     26              14.5    11.5
DAYS MIN <= 32     28              25.8     2.2
DAYS MIN <= 0      10               1.8     8.2

PRECIPITATION (INCHES)
TOTALS           1.09              1.61   -0.52
DAILY AVG.       0.04              0.06   -0.02
DAYS >= .01        11               8.6     2.4
DAYS >= .10         4               3.8     0.2
DAYS >= .50         1               0.7     0.3
DAYS >= 1.00        0               0.1    -0.1
GREATEST
 24 HR. TOTAL    0.51   02/01 TO 02/01
 STORM TOTAL       MM
 (MM/DD(HH))            MM

SNOWFALL (INCHES)
TOTALS           16.2               8.6     7.6
 LIQUID EQUIV    1.62              0.90    0.72
SINCE 7/1        31.9              33.4    -1.5
 LIQUID 7/1      3.19
DAYS >= TRACE      17               6.1    10.9
DAYS >= 1.0         5               3.4     1.6
GREATEST
 SNOW DEPTH        16   02/11
                        02/10
                        02/09
 24 HR TOTAL      5.9   MM
 STORM TOTAL       MM
 (MM/DD(HH))            MM

DEGREE_DAYS
HEATING TOTAL    1490              1134     356
 SINCE 7/1       5361              5099     262
COOLING TOTAL       0                 0       0
 SINCE 1/1          0                 0       0

FREEZE DATES
RECORD
 EARLIEST     MM
 LATEST       MM
EARLIEST                        MM
LATEST                          MM
.................................................

WIND (MPH)
AVERAGE WIND SPEED              10.8
HIGHEST WIND SPEED/DIRECTION    36/320    DATE  02/14
HIGHEST GUST SPEED/DIRECTION    47/310    DATE  02/14

SKY COVER
POSSIBLE SUNSHINE (PERCENT)   MM
AVERAGE SKY COVER           0.50
NUMBER OF DAYS FAIR           10
NUMBER OF DAYS PC             12
NUMBER OF DAYS CLOUDY          6

AVERAGE RH (PERCENT)     67

WEATHER CONDITIONS. NUMBER OF DAYS WITH
THUNDERSTORM              0     MIXED PRECIP               0
HEAVY RAIN                0     RAIN                       0
LIGHT RAIN                0     FREEZING RAIN              0
LT FREEZING RAIN          1     HAIL                       0
HEAVY SNOW                1     SNOW                       3
LIGHT SNOW               15     SLEET                      0
FOG                      11     FOG W/VIS <= 1/4 MILE      1
HAZE                     16

-  INDICATES NEGATIVE NUMBERS.
R  INDICATES RECORD WAS SET OR TIED.
MM INDICATES DATA IS MISSING.
T  INDICATES TRACE AMOUNT.

$$
