000
CXUS56 KHNX 031556
CLMMCE


CLIMATE REPORT
NATIONAL WEATHER SERVICE SAN JOAQUIN VALLEY, CA
848 AM PDT SAT JUN 3 2017

...................................

...THE MERCED CA AIRPORT CLIMATE SUMMARY FOR THE MONTH OF MAY 2017...

CLIMATE NORMAL PERIOD 1981 TO 2010
CLIMATE RECORD PERIOD 1998 TO 2017

WEATHER         OBSERVED          NORMAL  DEPART  LAST YEAR`S
                 VALUE   DATE(S)  VALUE   FROM    VALUE  DATE(S)
                                          NORMAL
................................................................
TEMPERATURE (F)
RECORD
 HIGH             105   05/17/2009
                        05/31/2001
                        07/24/2006
 LOW               38   05/07/2010
                        05/04/1999
                        12/22/1998
HIGHEST           100   05/23        MM      MM       98  05/31
LOWEST             42   05/13        MM      MM       46  05/22
                                                          05/21
AVG. MAXIMUM     83.6              82.3     1.3     83.0
AVG. MINIMUM     53.3              51.4     1.9     53.6
MEAN             68.4              66.9     1.5     68.3
DAYS MAX >= 90      8               5.8     2.2        7
DAYS MIN <= 32      0               0.0     0.0        0

PRECIPITATION (INCHES)
RECORD
 MAXIMUM         1.11   2005
TOTALS           0.19              0.58   -0.39     0.11
DAYS >= .01         1                MM      MM        2
DAYS >= .10         1                MM      MM        0
DAYS >= .50         0                MM      MM        0
DAYS >= 1.00        0                MM      MM        0
GREATEST
 24 HR. TOTAL    0.19   05/31 TO 05/31

SNOWFALL (INCHES)
RECORDS
 TOTAL            0.0
TOTALS            0.0                MM

DEGREE_DAYS
HEATING TOTAL      38                54     -16       30
 SINCE 7/1       2371              2775    -404     2266
COOLING TOTAL     152               111      41      140
 SINCE 1/1        152               130      22      169
.................................................................

WIND (MPH)
AVERAGE WIND SPEED              7.5
HIGHEST WIND SPEED/DIRECTION    28/330    DATE  05/17
HIGHEST GUST SPEED/DIRECTION    MM        DATE   MM

AVERAGE RH (PERCENT)     52

WEATHER CONDITIONS. NUMBER OF DAYS WITH
THUNDERSTORM              0     RAIN                       0
HAIL                      0     FOG                        0
FOG W/VIS <= 1/4 MILE     0     HAZE                       1

-  INDICATES NEGATIVE NUMBERS.
R  INDICATES RECORD WAS SET OR TIED.
MM INDICATES DATA IS MISSING.
T  INDICATES TRACE AMOUNT.

$$
