553
CXUS53 KEAX 020420
CLMMCI

CLIMATE REPORT
NATIONAL WEATHER SERVICE KANSAS CITY/PLEASANT HILL MO
1117 PM CDT MON MAY 1 2017

...................................

...THE KANSAS CITY INTERNATIONAL MO CLIMATE SUMMARY FOR THE MONTH OF APRIL 2017...

CLIMATE NORMAL PERIOD 1981 TO 2010
CLIMATE RECORD PERIOD 1888 TO 2017

WEATHER         OBSERVED          NORMAL  DEPART  LAST YEAR`S
                 VALUE   DATE(S)  VALUE   FROM    VALUE  DATE(S)
                                          NORMAL
................................................................
TEMPERATURE (F)
RECORD
 HIGH              95   04/29/1910
 LOW               12   04/03/1975
HIGHEST            81   04/19        85      -4       81  04/03
                        04/15
LOWEST             34   04/07        27       7       29  04/02
AVG. MAXIMUM     66.8              65.7     1.1     68.0
AVG. MINIMUM     47.3              44.0     3.3     46.2
MEAN             57.0              54.8     2.2     57.1
DAYS MAX >= 90      0               0.2    -0.2        0
DAYS MAX <= 32      0               0.0     0.0        0
DAYS MIN <= 32      0               3.7    -3.7        2
DAYS MIN <= 0       0               0.0     0.0        0

PRECIPITATION (INCHES)
RECORD
 MAXIMUM        10.57   1944
 MINIMUM         0.65   2000
TOTALS           6.64              3.70    2.94     7.15
DAILY AVG.       0.22              0.12    0.10     0.24
DAYS >= .01        15              11.0     4.0       13
DAYS >= .10        12               6.8     5.2        9
DAYS >= .50         4               2.6     1.4        4
DAYS >= 1.00        2               0.8     1.2        1
GREATEST
 24 HR. TOTAL    1.65   04/29 TO 04/29

SNOWFALL (INCHES)
RECORDS
 TOTAL            7.2   1983
                        0
                        0
TOTALS            0.0               0.6    -0.6      0.0
SINCE 7/1         4.9              18.8   -13.9      5.9
SNOWDEPTH AVG.      0                MM      MM        0
DAYS >= 1.0         0               0.2    -0.2        0
GREATEST
 SNOW DEPTH         0   MM                             0  MM
 24 HR TOTAL      0.0   04/30 TO 04/30

DEGREE_DAYS
HEATING TOTAL     258               329     -71      242
 SINCE 7/1       4037              5020    -983     4042
COOLING TOTAL      27                25       2       12
 SINCE 1/1         33                28       5       14
.................................................................

WIND (MPH)
AVERAGE WIND SPEED              12.2
HIGHEST WIND SPEED/DIRECTION    40/080    DATE  04/29
HIGHEST GUST SPEED/DIRECTION    48/070    DATE  04/29

SKY COVER
POSSIBLE SUNSHINE (PERCENT)   MM
AVERAGE SKY COVER           0.70
NUMBER OF DAYS FAIR            3
NUMBER OF DAYS PC             13
NUMBER OF DAYS CLOUDY         14

AVERAGE RH (PERCENT)     71

WEATHER CONDITIONS. NUMBER OF DAYS WITH
THUNDERSTORM              6     MIXED PRECIP               0
HEAVY RAIN                3     RAIN                      10
LIGHT RAIN               17     FREEZING RAIN              0
LT FREEZING RAIN          0     HAIL                       0
HEAVY SNOW                0     SNOW                       0
LIGHT SNOW                0     SLEET                      0
FOG                      14     FOG W/VIS <= 1/4 MILE      1
HAZE                      5

-  INDICATES NEGATIVE NUMBERS.
R  INDICATES RECORD WAS SET OR TIED.
MM INDICATES DATA IS MISSING.
T  INDICATES TRACE AMOUNT.

$$
