000
CXUS53 KGLD 031435
CLMMCK

CLIMATE REPORT
NATIONAL WEATHER SERVICE GOODLAND
829 AM MDT MON AUG 3 2015

...................................

...THE MCCOOK CLIMATE SUMMARY FOR THE MONTH OF JULY 2015...

CLIMATE NORMAL PERIOD 1981 TO 2010
CLIMATE RECORD PERIOD 1896 TO 2015

WEATHER         OBSERVED          NORMAL  DEPART  LAST YEAR`S
                 VALUE   DATE(S)  VALUE   FROM    VALUE  DATE(S)
                                          NORMAL
................................................................
TEMPERATURE (F)
RECORD
 HIGH             114   07/20/1932
 LOW               43   07/04/1915
HIGHEST           106   07/05       103       3      104  07/24
LOWEST             54   07/29        53       1       47  07/15
                        07/08
                        07/07
AVG. MAXIMUM     91.3              89.9     1.4     88.3
AVG. MINIMUM     63.5              61.9     1.6     61.2
MEAN             77.4              75.9     1.5     74.8
DAYS MAX >= 90     18              16.5     1.5       17
DAYS MAX <= 32      0               0.0     0.0        0
DAYS MIN <= 32      0               0.0     0.0        0
DAYS MIN <= 0       0               0.0     0.0        0

PRECIPITATION (INCHES)
RECORD
 MAXIMUM         8.72   2004
 MINIMUM         0.77   1982
TOTALS           1.92              3.25   -1.33     2.12
DAILY AVG.       0.06              0.10   -0.04     0.07
DAYS >= .01        11               8.5     2.5        6
DAYS >= .10         6               5.5     0.5        5
DAYS >= .50         1               2.2    -1.2        1
DAYS >= 1.00        0               0.8    -0.8        0
GREATEST
 24 HR. TOTAL    0.55   07/10 TO 07/10              0.75


.................................................................



-  INDICATES NEGATIVE NUMBERS.
R  INDICATES RECORD WAS SET OR TIED.
MM INDICATES DATA IS MISSING.
T  INDICATES TRACE AMOUNT.

$$
