000
CXUS53 KGLD 011611
CLMMCK

CLIMATE REPORT
NATIONAL WEATHER SERVICE GOODLAND
959 AM MDT TUE SEP 1 2015

...................................

...THE MCCOOK CLIMATE SUMMARY FOR THE MONTH OF AUGUST 2015...

CLIMATE NORMAL PERIOD 1981 TO 2010
CLIMATE RECORD PERIOD 1896 TO 2015

WEATHER         OBSERVED          NORMAL  DEPART  LAST YEAR`S
                 VALUE   DATE(S)  VALUE   FROM    VALUE  DATE(S)
                                          NORMAL
................................................................
TEMPERATURE (F)
RECORD
 HIGH             111   08/03/1930
 LOW               39   08/24/1928
                        08/28/1911
HIGHEST           101   08/26       101       0      100  08/17
LOWEST             42   08/24        52     -10       55  08/01
AVG. MAXIMUM     88.2              87.6     0.6     90.8
AVG. MINIMUM     60.0              59.9     0.1     62.2
MEAN             74.1              73.8     0.3     76.5
DAYS MAX >= 90     15              12.4     2.6       18
DAYS MAX <= 32      0               0.0     0.0        0
DAYS MIN <= 32      0               0.0     0.0        0
DAYS MIN <= 0       0               0.0     0.0        0

PRECIPITATION (INCHES)
RECORD
 MAXIMUM         6.16   1992
 MINIMUM         0.08   1971
TOTALS           2.48              3.14   -0.66     5.82
DAILY AVG.       0.08              0.10   -0.02     0.19
DAYS >= .01         6               7.7    -1.7        9
DAYS >= .10         2               5.1    -3.1        8
DAYS >= .50         2               2.3    -0.3        6
DAYS >= 1.00        1               1.0     0.0        2
GREATEST
 24 HR. TOTAL    1.70   08/04 TO 08/04              2.04


.................................................................



-  INDICATES NEGATIVE NUMBERS.
R  INDICATES RECORD WAS SET OR TIED.
MM INDICATES DATA IS MISSING.
T  INDICATES TRACE AMOUNT.

$$
