000
CXUS53 KGLD 020950
CLMMCK

CLIMATE REPORT
NATIONAL WEATHER SERVICE GOODLAND
346 AM MDT TUE AUG 2 2016

...................................

...THE MCCOOK CLIMATE SUMMARY FOR THE MONTH OF JULY 2016...

CLIMATE NORMAL PERIOD 1981 TO 2010
CLIMATE RECORD PERIOD 1896 TO 2016

WEATHER         OBSERVED          NORMAL  DEPART  LAST YEAR`S
                 VALUE   DATE(S)  VALUE   FROM    VALUE  DATE(S)
                                          NORMAL
................................................................
TEMPERATURE (F)
RECORD
 HIGH             114   07/20/1932
 LOW               43   07/04/1915
HIGHEST           104   07/20       103       1      106  07/05
LOWEST             54   07/12        53       1       54  07/29
                                                          07/08
                                                          07/07
AVG. MAXIMUM     91.5              89.9     1.6     91.3
AVG. MINIMUM     64.5              61.9     2.6     63.5
MEAN             78.0              75.9     2.1     77.4
DAYS MAX >= 90     21              16.5     4.5       18
DAYS MAX <= 32      0               0.0     0.0        0
DAYS MIN <= 32      0               0.0     0.0        0
DAYS MIN <= 0       0               0.0     0.0        0

PRECIPITATION (INCHES)
RECORD
 MAXIMUM         8.72   2004
 MINIMUM         0.77   1982
TOTALS           2.38              3.25   -0.87     1.92
DAILY AVG.       0.08              0.10   -0.02     0.06
DAYS >= .01        10               8.5     1.5       11
DAYS >= .10         6               5.5     0.5        6
DAYS >= .50         2               2.2    -0.2        1
DAYS >= 1.00        0               0.8    -0.8        0
GREATEST
 24 HR. TOTAL    0.89   07/28 TO 07/28              0.55



.................................................................



-  INDICATES NEGATIVE NUMBERS.
R  INDICATES RECORD WAS SET OR TIED.
MM INDICATES DATA IS MISSING.
T  INDICATES TRACE AMOUNT.

$$
