000
CXUS54 KMEG 020034
CLMMEG


CLIMATE REPORT
NATIONAL WEATHER SERVICE MEMPHIS TN
731 PM CDT SAT AUG 1 2015

...................................

...THE MEMPHIS/GERMANTOWN WFO CLIMATE SUMMARY FOR THE MONTH OF JULY 2015...

CLIMATE NORMAL PERIOD 1981 TO 2010
CLIMATE RECORD PERIOD 1988 TO 2015

WEATHER         OBSERVED          NORMAL  DEPART  LAST YEAR`S
                 VALUE   DATE(S)  VALUE   FROM    VALUE  DATE(S)
                                          NORMAL
................................................................
TEMPERATURE (F)
RECORD
 HIGH             102   07/06/2012
                        07/11/2011
                        07/21/2006
 LOW               57   07/15/1990
                        07/14/1990
HIGHEST            99   07/29        MM      MM       94  07/26
                                                          07/14
                                                          07/13
LOWEST             67   07/31        MM      MM       58  07/30
                                                          07/16
AVG. MAXIMUM     92.2              90.9     1.3     86.1
AVG. MINIMUM     73.9              71.1     2.8     66.6
MEAN             83.0              81.0     2.0     76.4
DAYS MAX >= 90     22              19.3     2.7       10
DAYS MAX <= 32      0               0.0     0.0        0
DAYS MIN <= 32      0               0.0     0.0        0
DAYS MIN <= 0       0               0.0     0.0        0

PRECIPITATION (INCHES)
RECORD
 MAXIMUM           MM   MM
 MINIMUM           MM   MM
TOTALS           4.83              4.54    0.29     2.95
DAILY AVG.       0.16              0.15    0.01     0.10
DAYS >= .01         7               9.5    -2.5        7
DAYS >= .10         6               6.7    -0.7        4
DAYS >= .50         3               3.4    -0.4        2
DAYS >= 1.00        2               1.6     0.4        1
GREATEST
 24 HR. TOTAL    1.92   07/03 TO 07/03

SNOWFALL (INCHES)
RECORDS
 TOTAL             MM   5
TOTALS            0.0               0.0     0.0      0.0
SINCE 7/1         0.0               0.0     0.0      0.0
SNOWDEPTH AVG.      0                MM      MM        0
DAYS >= 1.0         0               0.0     0.0        0
GREATEST
 SNOW DEPTH         0   MM                             0  MM
 24 HR TOTAL      0.0   07/31 TO 07/31

DEGREE_DAYS
HEATING TOTAL       0                 0       0        0
 SINCE 7/1          0                 0       0        0
COOLING TOTAL     566               496      70      357
 SINCE 1/1       1318              1128     190     1073
.................................................................



-  INDICATES NEGATIVE NUMBERS.
R  INDICATES RECORD WAS SET OR TIED.
MM INDICATES DATA IS MISSING.
T  INDICATES TRACE AMOUNT.

$$
