000
CXUS44 KBRO 011519
CLMMFE


CLIMATE REPORT
NATIONAL WEATHER SERVICE BROWNSVILLE TX
1018 AM CDT TUE AUG 1 2017

...................................

...THE MCALLEN CLIMATE SUMMARY FOR THE MONTH OF JULY 2017...

CLIMATE NORMAL PERIOD 1981 TO 2010
CLIMATE RECORD PERIOD 1961 TO 2017

WEATHER         OBSERVED          NORMAL  DEPART  LAST YEAR`S
                 VALUE   DATE(S)  VALUE   FROM    VALUE  DATE(S)
                                          NORMAL
................................................................
TEMPERATURE (F)
HIGHEST           106   07/30       101       5      104  07/24
                                                          07/23
                                                          07/15
LOWEST             73   07/09        71       2       78  07/30
                                                          07/23
                                                          07/22
AVG. MAXIMUM    101.2              97.1     4.1
AVG. MINIMUM     78.5              76.4     2.1
MEAN             89.8              86.7     3.1     91.3
DAYS MAX >= 90     31              29.2     1.8
DAYS MAX <= 32      0               0.0     0.0
DAYS MIN <= 32      0               0.0     0.0
DAYS MIN <= 0       0               0.0     0.0

PRECIPITATION (INCHES)
TOTALS           0.18              2.00   -1.82     0.25
DAILY AVG.       0.01              0.06   -0.05     0.01
DAYS >= .01         5               5.5    -0.5        1
DAYS >= .10         0               3.2    -3.2        1
DAYS >= .50         0               1.3    -1.3        0
DAYS >= 1.00        0               0.6    -0.6        0
GREATEST
 24 HR. TOTAL    0.08   07/06 TO 07/06           07/21 TO 07/21
                                                          07/20 TO 07/21
                                                          07/21 TO 07/21
 STORM TOTAL       MM                                 MM
 (MM/DD(HH))            MM                    07/21(00) TO 07/21(00)
                                                 07/21(00) TO 07/21(00)1
                                                 07/21(00) TO 07/21(00)1

SNOWFALL (INCHES)
RECORDS
 24 HR TOTAL       MM
TOTALS            0.0               0.0     0.0      0.0
 LIQUID EQUIV    0.00              0.00    0.00     0.00
SINCE 7/1         0.0               0.0     0.0      0.0
 LIQUID 7/1      0.00
DAYS >= TRACE       0               0.0     0.0        0
DAYS >= 1.0         0               0.0     0.0        0
GREATEST
 SNOW DEPTH         0   MM                             0  MM
 24 HR TOTAL      0.0   07/31 TO 07/31           07/31 TO 07/31
                                                          07/21 TO 07/21
                                                          07/21 TO 07/21
 STORM TOTAL       MM                                 MM
 (MM/DD(HH))            MM                    07/31(00) TO 07/31(00)
                                                 07/21(00) TO 07/21(00)1
                                                 07/21(00) TO 07/21(00)1

DEGREE_DAYS
HEATING TOTAL       0                 0       0        0
 SINCE 7/1          0                 0       0        0
COOLING TOTAL     776               674     102      821
 SINCE 1/1       3462              2557     905     3096

FREEZE DATES
RECORD
 EARLIEST     MM
 LATEST       MM
EARLIEST                        MM
LATEST                          MM
..................................................

WIND (MPH)
AVERAGE WIND SPEED              12.7
HIGHEST WIND SPEED/DIRECTION    33/140    DATE  07/25
HIGHEST GUST SPEED/DIRECTION    41/150    DATE  07/25

SKY COVER
POSSIBLE SUNSHINE (PERCENT)   MM
AVERAGE SKY COVER           0.10
NUMBER OF DAYS FAIR           30
NUMBER OF DAYS PC              1
NUMBER OF DAYS CLOUDY          0

AVERAGE RH (PERCENT)     61

WEATHER CONDITIONS. NUMBER OF DAYS WITH
THUNDERSTORM              0     MIXED PRECIP               0
HEAVY RAIN                1     RAIN                       3
LIGHT RAIN                6     FREEZING RAIN              0
LT FREEZING RAIN          0     HAIL                       0
HEAVY SNOW                0     SNOW                       0
LIGHT SNOW                0     SLEET                      0
FOG                       3     FOG W/VIS <= 1/4 MILE      0
HAZE                      4

-  INDICATES NEGATIVE NUMBERS.
R  INDICATES RECORD WAS SET OR TIED.
MM INDICATES DATA IS MISSING.
T  INDICATES TRACE AMOUNT.

$$
