948
CXUS54 KBMX 011625
CLMMGM


CLIMATE REPORT
NATIONAL WEATHER SERVICE BIRMINGHAM, AL
1024 AM CST SUN JAN 1 2017

...................................

...THE MONTGOMERY CLIMATE SUMMARY FOR THE YEAR OF 2016...

CLIMATE NORMAL PERIOD 1981 TO 2010
CLIMATE RECORD PERIOD 1872 TO 2016

WEATHER         OBSERVED          NORMAL  DEPART
                 VALUE   DATE(S)  VALUE   FROM
                                          NORMAL
................................................
TEMPERATURE (F)
RECORD
 HIGH             107   07/07/1881
 LOW               -5   02/13/1899
HIGHEST           100   08/04
                        06/26
LOWEST             24   02/10
                        01/19
AVG. MAXIMUM     79.2              76.5     2.7
AVG. MINIMUM     55.0              53.7     1.3
MEAN             67.1              65.1     2.0
DAYS MAX >= 90     98              76.0    22.0
DAYS MAX <= 32      0               0.4    -0.4
DAYS MAX >= 95     54
DAYS MAX >= 100     2
DAYS MIN <= 32     29              36.7    -7.7
DAYS MIN <= 0       0               0.0     0.0
DAYS MIN <= 20      0

PRECIPITATION (INCHES)
TOTALS          35.89R
DAILY AVG.       0.11              0.15   -0.04
DAYS >= .01        78             104.2   -26.2
DAYS >= .10        58              71.9   -13.9
DAYS >= .50        27              35.7    -8.7
DAYS >= 1.00       12              17.2    -5.2
GREATEST
 24 HR. TOTAL    2.56   MM

SNOWFALL (INCHES)
TOTALS              TR              0.4    -0.4
 LIQUID EQUIV      MM                MM      MM
SINCE 7/1         0.0               0.1    -0.1
 LIQUID 7/1      0.00              0.00    0.00
SNOWDEPTH AVG.      0                MM      MM
DAYS >= TRACE       1               0.4     0.6
DAYS >= 1.0         0               0.2    -0.2
GREATEST
 SNOW DEPTH         0   MM
 24 HR TOTAL      0.0   MM

DEGREE_DAYS
HEATING TOTAL    1606              2237    -631
 SINCE 7/1        524               888    -364
.................................................

WIND (MPH)
AVERAGE WIND SPEED              5.8
RESULTANT WIND SPEED/DIRECTION   0/079
HIGHEST WIND SPEED/DIRECTION    40/310    DATE  06/17
HIGHEST GUST SPEED/DIRECTION    54/290    DATE  06/17

AVERAGE RH (PERCENT)     62

WEATHER CONDITIONS. NUMBER OF DAYS WITH
THUNDERSTORM              0     MIXED PRECIP               0
HEAVY RAIN               44     RAIN                      48
LIGHT RAIN               84     FREEZING RAIN              0
LT FREEZING RAIN          0     HAIL                       0
HEAVY SNOW                0     SNOW                       0
LIGHT SNOW                1     SLEET                      0
FOG                     101     FOG W/VIS <= 1/4 MILE     18
HAZE                     50

-  INDICATES NEGATIVE NUMBERS.
R  INDICATES RECORD WAS SET OR TIED.
MM INDICATES DATA IS MISSING.
T  INDICATES TRACE AMOUNT.

$$
