000
CXUS52 KMFL 021441
CLMMIA

CLIMATE REPORT
NATIONAL WEATHER SERVICE MIAMI, FL
1041 AM EDT SUN JUL 2 2017

...ADDED MONTHLY CLIMATE DATA FOR MIAMI BEACH BELOW...

...THE MIAMI CLIMATE SUMMARY FOR THE MONTH OF JUNE 2017...

CLIMATE NORMAL PERIOD 1981 TO 2010
CLIMATE RECORD PERIOD 1895 TO 2017

WEATHER         OBSERVED          NORMAL  DEPART  LAST YEAR`S
                 VALUE   DATE(S)  VALUE   FROM    VALUE
                                          NORMAL
.............................................................
TEMPERATURE (F)
RECORD
 HIGH              98   06/22/2009
                        06/04/1985
                        06/24/1944
 LOW               60   06/03/1984
HIGHEST            92   06/28                         95
                        06/27
                        06/26
LOWEST             72   06/07                         72
AVG. MAXIMUM     89.4              89.5    -0.1     90.1
AVG. MINIMUM     77.9              76.0     1.9     76.9
MEAN             83.7              82.7     1.0     83.5
DAYS MAX >= 90     18                                 21
DAYS MAX <= 32      0                                  0
DAYS MIN <= 32      0                                  0
DAYS MIN <= 0       0                                  0

PRECIPITATION (INCHES)
RECORD
 MAXIMUM        25.34   1930
 MINIMUM         0.07   1931
TOTALS          15.97              9.67    6.30     8.72
DAILY AVG.       0.53              0.32    0.21
DAYS >= .01        21                                 20
DAYS >= .10        17                                 16
DAYS >= .50         7                                  7
DAYS >= 1.00        5                                  2
GREATEST
 24 HR. TOTAL    5.19   06/02 TO 06/02              1.91

DEGREE_DAYS
HEATING TOTAL       0                 0       0        0
 SINCE 7/1         17               128    -111       67
COOLING TOTAL     569               532      37      561
 SINCE 1/1       2273              1888     385     2023
..............................................................

WIND (MPH)
AVERAGE WIND SPEED              8.1
HIGHEST WIND SPEED/DIRECTION    28/120    DATE  06/19
HIGHEST GUST SPEED/DIRECTION    37/110    DATE  06/19

SKY COVER
POSSIBLE SUNSHINE (PERCENT)   40
AVERAGE SKY COVER           0.70
NUMBER OF DAYS FAIR            0
NUMBER OF DAYS PC             17
NUMBER OF DAYS CLOUDY         13

AVERAGE RH (PERCENT)     73

WEATHER CONDITIONS. NUMBER OF DAYS WITH
THUNDERSTORM             17     MIXED PRECIP               0
HEAVY RAIN               11     RAIN                       7
LIGHT RAIN               21     FREEZING RAIN              0
LT FREEZING RAIN          0     HAIL                       0
HEAVY SNOW                0     SNOW                       0
LIGHT SNOW                0     SLEET                      0
FOG                      10     FOG W/VIS <= 1/4 MILE      1
HAZE                      5

-  INDICATES NEGATIVE NUMBERS.
R  INDICATES RECORD WAS SET OR TIED.
MM INDICATES DATA IS MISSING.
T  INDICATES TRACE AMOUNT.

..................................................................


.........DATA FOR NWS MIAMI (WEST MIAMI).....JUNE 2017.......

...TEMPERATURE DATA...

AVERAGE FOR THE MONTH .... 82.7 OR 1.1 DEGREES ABOVE NORMAL.
AVERAGE MAXIMUM .......... 88.7 OR 0.0 DEGREES ABOVE NORMAL.
AVERAGE MINIMUM .......... 76.6 OR 2.1 DEGREES ABOVE NORMAL.

HIGHEST TEMPERATURE FOR THE MONTH: 92 DEGREES ON THE 1ST AND 27TH.
LOWEST  TEMPERATURE FOR THE MONTH: 71 DEGREES ON THE 8TH.


...PRECIPITATION...

TOTAL FOR THE MONTH 13.12 INCHES OR 2.89 INCHES ABOVE NORMAL.
TOTAL FOR THE YEAR 26.07 INCHES OR 0.07 INCHES BELOW NORMAL.
GREATEST 24-HOUR PERIOD RAINFALL 3.16 INCHES ON THE 7TH.

NUMBER OF DAYS HAVING 0.01 INCHES OR MORE ... 21.
NUMBER OF DAYS HAVING 0.10 INCHES OR MORE ... 19.
NUMBER OF DAYS HAVING 0.50 INCHES OR MORE ... 8.
NUMBER OF DAYS HAVING 1.00 INCHES OR MORE ... 3.


..................................................................

...............DATA FOR MIAMI BEACH.....JUNE 2017.............

...TEMPERATURE DATA...

AVERAGE FOR THE MONTH .... 81.0 OR 0.7 DEGREES BELOW NORMAL.
AVERAGE MAXIMUM .......... 85.4 OR 1.1 DEGREES BELOW NORMAL.
AVERAGE MINIMUM .......... 76.6 OR 0.4 DEGREES BELOW NORMAL.

HIGHEST TEMPERATURE FOR THE MONTH: 89 DEGREES ON THE 30TH.
LOWEST TEMPERATURE FOR THE MONTH: 70 DEGREES ON THE 8TH.


...PRECIPITATION...

TOTAL FOR THE MONTH 10.40 INCHES OR 2.13 INCHES ABOVE NORMAL.
TOTAL FOR THE YEAR  19.22 INCHES OR 4.65 INCHES BELOW NORMAL.
GREATEST 24-HOUR PERIOD RAINFALL 2.50 INCHES ON THE 8TH.

NUMBER OF DAYS HAVING 0.01 INCHES OR MORE ...  13.
NUMBER OF DAYS HAVING 0.10 INCHES OR MORE ...  13.
NUMBER OF DAYS HAVING 0.50 INCHES OR MORE ...   7.
NUMBER OF DAYS HAVING 1.00 INCHES OR MORE ...   2.


..................................................................

$$
