000
CXUS52 KMFL 011459 CCA
CLMMIA

CLIMATE REPORT
NATIONAL WEATHER SERVICE MIAMI, FL
954 AM EDT TUE SEP 1 2015

................................... COR MIAMI BEACH RAIN NORMAL

...THE MIAMI CLIMATE SUMMARY FOR THE MONTH OF AUGUST 2015...

CLIMATE NORMAL PERIOD 1981 TO 2010
CLIMATE RECORD PERIOD 1895 TO 2015

WEATHER         OBSERVED          NORMAL  DEPART  LAST YEAR`S
                 VALUE   DATE(S)  VALUE   FROM    VALUE
                                          NORMAL
.............................................................
TEMPERATURE (F)
RECORD
 HIGH              98   08/01/1990
                        08/09/1987
                        08/06/1954
 LOW               67   08/18/1938
                        08/04/1937
                        08/14/1911
HIGHEST            94   08/12                         94
                        08/09
LOWEST             73   08/14                         74
AVG. MAXIMUM     91.4              91.0     0.4     91.5
AVG. MINIMUM     77.9              77.4     0.5     78.4
MEAN             84.7              84.2     0.5     84.9
DAYS MAX >= 90     30                                 28
DAYS MAX <= 32      0                                  0
DAYS MIN <= 32      0                                  0
DAYS MIN <= 0       0                                  0

PRECIPITATION (INCHES)
RECORD
 MAXIMUM        16.88   1943
 MINIMUM         1.15   1938
TOTALS           9.02              8.88    0.14     9.07
DAILY AVG.       0.29              0.29    0.00
DAYS >= .01        18                                 14
DAYS >= .10        12                                 11
DAYS >= .50         6                                  6
DAYS >= 1.00        3                                  4
GREATEST
 24 HR. TOTAL    2.82   08/29 TO 08/30              2.40

DEGREE_DAYS
HEATING TOTAL       0                 0       0        0
 SINCE 7/1          0                 0       0        0
COOLING TOTAL     617               595      22      626
 SINCE 1/1       3478              3075     403     3295
..............................................................

WIND (MPH)
AVERAGE WIND SPEED              5.6
HIGHEST WIND SPEED/DIRECTION    26/100    DATE  08/29
HIGHEST GUST SPEED/DIRECTION    32/140    DATE  08/30

SKY COVER
POSSIBLE SUNSHINE (PERCENT)   53
AVERAGE SKY COVER           0.60
NUMBER OF DAYS FAIR            1
NUMBER OF DAYS PC             23
NUMBER OF DAYS CLOUDY          7

AVERAGE RH (PERCENT)     72

WEATHER CONDITIONS. NUMBER OF DAYS WITH
THUNDERSTORM             17     MIXED PRECIP               0
HEAVY RAIN                6     RAIN                       9
LIGHT RAIN               19     FREEZING RAIN              0
LT FREEZING RAIN          0     HAIL                       0
HEAVY SNOW                0     SNOW                       0
LIGHT SNOW                0     SLEET                      0
FOG                      12     FOG W/VIS <= 1/4 MILE      0
HAZE                      2

-  INDICATES NEGATIVE NUMBERS.
R  INDICATES RECORD WAS SET OR TIED.
MM INDICATES DATA IS MISSING.
T  INDICATES TRACE AMOUNT.

...............................................................

...............DATA FOR MIAMI BEACH.....AUGUST 2015.............

...TEMPERATURE DATA...

AVERAGE FOR THE MONTH .... 83.3 OR 0.3 DEGREES BELOW NORMAL.
AVERAGE MAXIMUM .......... 88.5 OR 0.6 WHICH IS THE  NORMAL.
AVERAGE MINIMUM .......... 78.1 OR 0.5 DEGREES BELOW NORMAL.

HIGHEST TEMPERATURE FOR THE MONTH: 90 DEGREES ON THE 10TH, 13TH
                              20TH, 23RD,24TH,25TH, 26TH & 30TH
LOWEST TEMPERATURE FOR THE MONTH:  74 DEGREES ON THE 1ST.


...PRECIPITATION...

TOTAL FOR THE MONTH 6.75 INCHES OR  0.38 INCHES ABOVE NORMAL.
TOTAL FOR THE YEAR 22.93 INCHES OR 11.66 INCHES BELOW NORMAL.
GREATEST 24-HOUR PERIOD RAINFALL 1.30 INCHES ON THE 30TH.

NUMBER OF DAYS HAVING 0.01 INCHES OR MORE ... 13.
NUMBER OF DAYS HAVING 0.10 INCHES OR MORE ... 13.
NUMBER OF DAYS HAVING 0.50 INCHES OR MORE ...  6.
NUMBER OF DAYS HAVING 1.00 INCHES OR MORE ...  2.


...............................................................

.........DATA FOR NWS MIAMI (WEST MIAMI).....AUGUST 2015.......

...TEMPERATURE DATA...

AVERAGE FOR THE MONTH .... 83.2 DEGREES.
AVERAGE MAXIMUM .......... 91.0 DEGREES.
AVERAGE MINIMUM .......... 745.3 DEGREES.

HIGHEST TEMPERATURE FOR THE MONTH: 94 DEGREES ON THE 13TH.
LOWEST  TEMPERATURE FOR THE MONTH: 70 DEGREES ON THE  9TH.


...PRECIPITATION...

TOTAL FOR THE MONTH................. 10.94  INCHES.
TOTAL FOR THE YEAR.................. 27.26 INCHES.
GREATEST 24-HOUR PERIOD RAINFALL 3.17 INCHES ON THE 30TH.

NUMBER OF DAYS HAVING 0.01 INCHES OR MORE ...22.
NUMBER OF DAYS HAVING 0.10 INCHES OR MORE ...16.
NUMBER OF DAYS HAVING 0.50 INCHES OR MORE ... 8.
NUMBER OF DAYS HAVING 1.00 INCHES OR MORE ... 3.



.............................................................


$$
