000
CXUS53 KIND 011612
CLMMIE


CLIMATE REPORT
NATIONAL WEATHER SERVICE INDIANAPOLIS IN
1112 AM EST SUN JAN 1 2017

...................................

...THE MUNCIE IN CLIMATE SUMMARY FOR THE MONTH OF DECEMBER 2016...

CLIMATE NORMAL PERIOD 1981 TO 2010
CLIMATE RECORD PERIOD 9999 TO 9999

WEATHER         OBSERVED          NORMAL  DEPART  LAST YEAR`S
                 VALUE   DATE(S)  VALUE   FROM    VALUE  DATE(S)
                                          NORMAL
................................................................
TEMPERATURE (F)
HIGHEST            65   12/26                         71  12/12
LOWEST              1   12/19                         21  12/19
AVG. MAXIMUM     37.0              37.9    -0.9     50.9
AVG. MINIMUM     24.3              23.5     0.8     37.2
MEAN             30.6              30.7    -0.1     44.1
DAYS MAX >= 90      0               0.0     0.0        0
DAYS MAX <= 32      9               9.5    -0.5        1
DAYS MIN <= 32     26              24.2     1.8       11
DAYS MIN <= 0       0               1.2    -1.2        0

PRECIPITATION (INCHES)
TOTALS           1.19              2.88   -1.69     5.08
DAILY AVG.       0.04              0.09   -0.05     0.16
DAYS >= .01        13              12.8     0.2       13
DAYS >= .10         4               7.1    -3.1        7
DAYS >= .50         0               1.9    -1.9        4
DAYS >= 1.00        0               0.3    -0.3        2
GREATEST
 24 HR. TOTAL    0.29   12/26 TO 12/26

DEGREE_DAYS
HEATING TOTAL    1058              1063      -5      640
 SINCE 7/1       1760              2198    -438     1599
COOLING TOTAL       0                 0       0        1
 SINCE 1/1       1355               956     399      882
.................................................................

WIND (MPH)
AVERAGE WIND SPEED              10.0
HIGHEST WIND SPEED/DIRECTION    29/270    DATE  12/29
HIGHEST GUST SPEED/DIRECTION    38/240    DATE  12/31

SKY COVER
POSSIBLE SUNSHINE (PERCENT)   MM
AVERAGE SKY COVER           0.60
NUMBER OF DAYS FAIR            7
NUMBER OF DAYS PC             10
NUMBER OF DAYS CLOUDY         14

AVERAGE RH (PERCENT)     73

WEATHER CONDITIONS. NUMBER OF DAYS WITH
THUNDERSTORM              0     MIXED PRECIP               0
HEAVY RAIN                1     RAIN                       2
LIGHT RAIN                9     FREEZING RAIN              0
LT FREEZING RAIN          3     HAIL                       0
HEAVY SNOW                0     SNOW                       1
LIGHT SNOW                8     SLEET                      0
FOG                      16     FOG W/VIS <= 1/4 MILE      1
HAZE                      9

-  INDICATES NEGATIVE NUMBERS.
R  INDICATES RECORD WAS SET OR TIED.
MM INDICATES DATA IS MISSING.
T  INDICATES TRACE AMOUNT.

$$
