000
CXUS54 KMEG 021625
CLMMKL


CLIMATE REPORT
NATIONAL WEATHER SERVICE MEMPHIS TN
1022 AM CST THU FEB 2 2017

...................................

...THE JACKSON CLIMATE SUMMARY FOR THE MONTH OF JANUARY 2017...

CLIMATE NORMAL PERIOD 1981 TO 2010
CLIMATE RECORD PERIOD 1948 TO 2017

WEATHER         OBSERVED          NORMAL  DEPART  LAST YEAR`S
                 VALUE   DATE(S)  VALUE   FROM    VALUE  DATE(S)
                                          NORMAL
................................................................
TEMPERATURE (F)
RECORD
 HIGH              78   01/24/1972
                        01/01/1952
 LOW              -13   01/24/1963
HIGHEST            73   01/12        47      26       72  01/31
LOWEST              3   01/08        27     -24       12  01/18
AVG. MAXIMUM     54.8              48.1     6.7     47.7
AVG. MINIMUM     37.4              28.3     9.1     27.1
MEAN             46.1              38.2     7.9     37.4
DAYS MAX >= 90      0               0.0     0.0        0
DAYS MAX <= 32      3               2.7     0.3        2
DAYS MIN <= 32     12              20.1    -8.1       24
DAYS MIN <= 0       0               0.2    -0.2        0

PRECIPITATION (INCHES)
RECORD
 MAXIMUM        10.28   1990
 MINIMUM         0.74   2015
TOTALS           2.92              4.07   -1.15     2.04
DAILY AVG.       0.09              0.13   -0.04     0.07
DAYS >= .01        10               9.3     0.7        9
DAYS >= .10         7               5.9     1.1        6
DAYS >= .50         3               2.8     0.2        1
DAYS >= 1.00        0               1.0    -1.0        0
GREATEST
 24 HR. TOTAL    0.79   01/18 TO 01/19

SNOWFALL (INCHES)
RECORDS
 TOTAL           12.7   1966
TOTALS            0.0               2.3    -2.3      1.5
SINCE 7/1           T               2.6    -2.6      1.5
SNOWDEPTH AVG.      0                MM      MM        0
DAYS >= 1.0         0               0.6    -0.6        1
GREATEST
 SNOW DEPTH         0   MM                             1  01/23
 24 HR TOTAL      0.0   01/31 TO 01/31

DEGREE_DAYS
HEATING TOTAL     578               831    -253      847
 SINCE 7/1       1674              2249    -575     1765
COOLING TOTAL       0                 0       0        0
 SINCE 1/1          0                 0       0        0
.................................................................

WIND (MPH)
AVERAGE WIND SPEED              8.1
HIGHEST WIND SPEED/DIRECTION    29/190    DATE  01/10
HIGHEST GUST SPEED/DIRECTION    43/200    DATE  01/10

SKY COVER
POSSIBLE SUNSHINE (PERCENT)   MM
AVERAGE SKY COVER           0.60
NUMBER OF DAYS FAIR           10
NUMBER OF DAYS PC              7
NUMBER OF DAYS CLOUDY         14

AVERAGE RH (PERCENT)     75

WEATHER CONDITIONS. NUMBER OF DAYS WITH
THUNDERSTORM              0     MIXED PRECIP               0
HEAVY RAIN                5     RAIN                       7
LIGHT RAIN               10     FREEZING RAIN              0
LT FREEZING RAIN          0     HAIL                       0
HEAVY SNOW                0     SNOW                       1
LIGHT SNOW                1     SLEET                      0
FOG                      13     FOG W/VIS <= 1/4 MILE      4
HAZE                      3

-  INDICATES NEGATIVE NUMBERS.
R  INDICATES RECORD WAS SET OR TIED.
MM INDICATES DATA IS MISSING.
T  INDICATES TRACE AMOUNT.

$$
