000
CXUS54 KMEG 040102
CLMMKL


CLIMATE REPORT
NATIONAL WEATHER SERVICE MEMPHIS TN
654 PM CST SUN DEC 3 2017

...................................

...THE JACKSON CLIMATE SUMMARY FOR THE MONTH OF NOVEMBER 2017...

CLIMATE NORMAL PERIOD 1981 TO 2010
CLIMATE RECORD PERIOD 1948 TO 2017

WEATHER         OBSERVED          NORMAL  DEPART  LAST YEAR`S
                 VALUE   DATE(S)  VALUE   FROM    VALUE  DATE(S)
                                          NORMAL
................................................................
TEMPERATURE (F)
RECORD
 HIGH              88   11/01/2016
 LOW                1   11/25/1950
HIGHEST            79   11/05        61      18       88  11/01
LOWEST             22   11/23        40     -18       25  11/27
                                                          11/21
AVG. MAXIMUM     63.9              61.4     2.5     68.2
AVG. MINIMUM     39.8              38.8     1.0     40.1
MEAN             51.8              50.1     1.7     54.2
DAYS MAX >= 90      0               0.0     0.0        0
DAYS MAX <= 32      0               0.0     0.0        0
DAYS MIN <= 32      9               9.1    -0.1        9
DAYS MIN <= 0       0               0.0     0.0        0

PRECIPITATION (INCHES)
RECORD
 MAXIMUM        11.21   1948
 MINIMUM         0.72   1949
TOTALS           2.77              4.90   -2.13     2.82
DAILY AVG.       0.09              0.16   -0.07     0.09
DAYS >= .01         7               9.9    -2.9        7
DAYS >= .10         6               6.4    -0.4        6
DAYS >= .50         3               3.5    -0.5        2
DAYS >= 1.00        1               1.8    -0.8        1
GREATEST
 24 HR. TOTAL    1.16   11/06 TO 11/06

SNOWFALL (INCHES)
RECORDS
 TOTAL            2.0   2011
TOTALS            0.0               0.1    -0.1      0.0
SINCE 7/1         0.0               0.1    -0.1      0.0
SNOWDEPTH AVG.      0                MM      MM        0
DAYS >= 1.0         0               0.1    -0.1        0
GREATEST
 SNOW DEPTH         0   MM                             0  MM
 24 HR TOTAL      0.0   11/30 TO 11/30

DEGREE_DAYS
HEATING TOTAL     410               453     -43      335
 SINCE 7/1        601               667     -66      384
COOLING TOTAL      21                 6      15       18
 SINCE 1/1       1812              1697     115     2092
.................................................................

WIND (MPH)
AVERAGE WIND SPEED              6.1
HIGHEST WIND SPEED/DIRECTION    36/310    DATE  11/18
HIGHEST GUST SPEED/DIRECTION    47/300    DATE  11/18

SKY COVER
POSSIBLE SUNSHINE (PERCENT)   MM
AVERAGE SKY COVER           0.40
NUMBER OF DAYS FAIR           17
NUMBER OF DAYS PC              3
NUMBER OF DAYS CLOUDY         10

AVERAGE RH (PERCENT)     74

WEATHER CONDITIONS. NUMBER OF DAYS WITH
THUNDERSTORM              0     MIXED PRECIP               0
HEAVY RAIN                4     RAIN                       4
LIGHT RAIN                7     FREEZING RAIN              0
LT FREEZING RAIN          0     HAIL                       0
HEAVY SNOW                0     SNOW                       0
LIGHT SNOW                0     SLEET                      0
FOG                      13     FOG W/VIS <= 1/4 MILE      2
HAZE                      3

-  INDICATES NEGATIVE NUMBERS.
R  INDICATES RECORD WAS SET OR TIED.
MM INDICATES DATA IS MISSING.
T  INDICATES TRACE AMOUNT.

$$
