000
CXUS51 KCAR 072122
CLMMLT


CLIMATE REPORT
NATIONAL WEATHER SERVICE CARIBOU, ME
419 PM EST SAT FEB 7 2015

...................................

...THE MILLINOCKET ME CLIMATE SUMMARY FOR THE MONTH OF JANUARY 2015...

CLIMATE NORMAL PERIOD 1981 TO 2010
CLIMATE RECORD PERIOD 1903 TO 2015

WEATHER         OBSERVED          NORMAL  DEPART  LAST YEAR`S
                 VALUE   DATE(S)  VALUE   FROM    VALUE  DATE(S)
                                          NORMAL
................................................................
TEMPERATURE (F)
RECORD
 HIGH              57   01/05/1950
 LOW              -41   01/19/1925
HIGHEST            46   01/19        MM      MM       53  01/06
LOWEST            -18   01/14        MM      MM      -16  01/02
                                                          01/01
AVG. MAXIMUM     23.3              23.7    -0.4     24.8
AVG. MINIMUM      2.2               4.3    -2.1      6.5
MEAN             12.7              14.0    -1.3     15.7
DAYS MAX >= 90      0               0.0     0.0        0
DAYS MAX <= 32     28              24.3     3.7       21
DAYS MIN <= 32     31              30.8     0.2       29
DAYS MIN <= 0      13              11.9     1.1       15

PRECIPITATION (INCHES)
RECORD
 MAXIMUM           MM   MM
 MINIMUM           MM   MM
TOTALS           1.84                     -1.09
DAILY AVG.       0.06              0.09   -0.03     0.12
DAYS >= .01        11                MM      MM        8
DAYS >= .10         7                MM      MM        7
DAYS >= .50         0                MM      MM        3
DAYS >= 1.00        0                MM      MM        1

SNOWFALL (INCHES)
RECORDS
 TOTAL             MM   MM
TOTALS             MM                MM      MM       MM
SINCE 7/1          MM                MM      MM       MM
SNOWDEPTH AVG.     MM                MM      MM       MM
DAYS >= 1.0         0                MM      MM        0
GREATEST
 SNOW DEPTH        MM                                 MM  MM
 24 HR TOTAL       MM                                 MM

DEGREE_DAYS
HEATING TOTAL    1613              1581      32     1522
 SINCE 7/1       4398              4746    -348     4678
COOLING TOTAL       0                 0       0        0
 SINCE 1/1          0                 0       0        0
.................................................................

WIND (MPH)
AVERAGE WIND SPEED              6.5
HIGHEST WIND SPEED/DIRECTION    29/300    DATE  01/31
HIGHEST GUST SPEED/DIRECTION    47/270    DATE  01/05

SKY COVER
POSSIBLE SUNSHINE (PERCENT)   MM
AVERAGE SKY COVER           0.50
NUMBER OF DAYS FAIR           14
NUMBER OF DAYS PC              8
NUMBER OF DAYS CLOUDY          9

AVERAGE RH (PERCENT)     66

WEATHER CONDITIONS. NUMBER OF DAYS WITH
THUNDERSTORM              0     MIXED PRECIP               0
HEAVY RAIN                0     RAIN                       1
LIGHT RAIN                2     FREEZING RAIN              0
LT FREEZING RAIN          2     HAIL                       0
HEAVY SNOW                2     SNOW                       6
LIGHT SNOW               15     SLEET                      0
FOG                      16     FOG W/VIS <= 1/4 MILE      1
HAZE                     16

-  INDICATES NEGATIVE NUMBERS.
R  INDICATES RECORD WAS SET OR TIED.
MM INDICATES DATA IS MISSING.
T  INDICATES TRACE AMOUNT.

$$
