226
CXUS56 KPQR 011625
CLMMMV


CLIMATE REPORT
NATIONAL WEATHER SERVICE PORTLAND OREGON
925 AM PDT WED NOV 1 2017

...................................

...THE MCMINNVILLE OR CLIMATE SUMMARY FOR THE MONTH OF OCTOBER 2017...

CLIMATE NORMAL PERIOD 1981 TO 2010
CLIMATE RECORD PERIOD 1894 TO 2017

WEATHER         OBSERVED          NORMAL  DEPART  LAST YEAR`S
                 VALUE   DATE(S)  VALUE   FROM    VALUE  DATE(S)
                                          NORMAL
................................................................
TEMPERATURE (F)
HIGHEST            76                                 68  10/11
                                                          10/08
LOWEST             31                                 35  10/11
AVG. MAXIMUM     65.6              62.7     2.9     61.7
AVG. MINIMUM     41.9              41.1     0.8     48.6
MEAN             53.7              51.9     1.8     55.1
DAYS MAX >= 90      0               0.0     0.0        0
DAYS MAX <= 32      0               0.0     0.0        0
DAYS MIN <= 32      2               2.8    -0.8        0
DAYS MIN <= 0       0               0.0     0.0        0

PRECIPITATION (INCHES)
RECORD
 MAXIMUM        10.12   2016
 MINIMUM         0.00   1925
TOTALS           4.13              3.15    0.98    10.12
DAYS >= .01        10                MM      MM       27
DAYS >= .10         6                MM      MM       20
DAYS >= .50         3                MM      MM        8
DAYS >= 1.00        2                MM      MM        2
GREATEST
 24 HR. TOTAL    1.48   10/21 TO 10/21

DEGREE_DAYS
HEATING TOTAL     342               407     -65      301
 SINCE 7/1        442               623    -181      459
COOLING TOTAL       0                 1      -1        0
 SINCE 1/1        507               215     292      363
.................................................................

WIND (MPH)
AVERAGE WIND SPEED              6.0
RESULTANT WIND SPEED/DIRECTION   1/279
HIGHEST WIND SPEED/DIRECTION    30/190    DATE  10/21
HIGHEST GUST SPEED/DIRECTION    39/200    DATE  10/21

SKY COVER
POSSIBLE SUNSHINE (PERCENT)   MM
AVERAGE SKY COVER           0.40

AVERAGE RH (PERCENT)     74

WEATHER CONDITIONS. NUMBER OF DAYS WITH
THUNDERSTORM              0     MIXED PRECIP               0
HEAVY RAIN                3     RAIN                       4
LIGHT RAIN               13     FREEZING RAIN              0
LT FREEZING RAIN          0     HAIL                       0
HEAVY SNOW                0     SNOW                       0
LIGHT SNOW                0     SLEET                      0
FOG                      22     FOG W/VIS <= 1/4 MILE      4
HAZE                      3

-  INDICATES NEGATIVE NUMBERS.
R  INDICATES RECORD WAS SET OR TIED.
MM INDICATES DATA IS MISSING.
T  INDICATES TRACE AMOUNT.

$$
