000
CXUS51 KOKX 011743
CLMNYC

CLIMATE REPORT
NATIONAL WEATHER SERVICE NEW YORK NY
142 PM EDT FRI JUL 1 2016

...................................

...THE CENTRAL PARK NY CLIMATE SUMMARY FOR THE MONTH OF JUNE 2016...

CLIMATE NORMAL PERIOD 1981 TO 2010
CLIMATE RECORD PERIOD 1869 TO 2016

WEATHER         OBSERVED          NORMAL  DEPART  LAST YEAR`S
                 VALUE   DATE(S)  VALUE   FROM    VALUE  DATE(S)
                                          NORMAL
................................................................
TEMPERATURE (F)
RECORD
 HIGH             101   06/27/1966
                        06/29/1934
 LOW               44   06/01/1945
HIGHEST            88   06/19        MM      MM       90  06/23
                        06/11
LOWEST             52   06/08        MM      MM       50  06/02
AVG. MAXIMUM     80.9              79.3     1.6     78.5
AVG. MINIMUM     63.6              63.6     0.0     63.9
MEAN             72.2              71.4     0.8     71.2
DAYS MAX >= 90      0               2.1    -2.1        1
DAYS MAX <= 32      0               0.0     0.0        0
DAYS MIN <= 32      0               0.0     0.0        0
DAYS MIN <= 0       0               0.0     0.0        0

PRECIPITATION (INCHES)
RECORD
 MAXIMUM        10.27   2003
 MINIMUM         0.02   1949
TOTALS           2.60              4.41   -1.81     4.79
DAILY AVG.       0.09              0.15   -0.06     0.16
DAYS >= .01         8              11.2    -3.2       14
DAYS >= .10         6               6.9    -0.9       10
DAYS >= .50         1               3.0    -2.0        4
DAYS >= 1.00        0               1.0    -1.0        1
GREATEST
 24 HR. TOTAL    1.24   06/04 TO 06/05           05/31 TO 06/01
                                                          06/30 TO 06/30
                                                          06/30 TO 06/30
 STORM TOTAL       MM                                 MM
 (MM/DD(HH))            MM                    06/01(00) TO 06/01(00)
                                                 06/30(00) TO 06/30(00)0
                                                 06/30(00) TO 06/30(00)0

DEGREE_DAYS
HEATING TOTAL       7                19     -12       33
 SINCE 7/1       3768              4750    -982     4974
COOLING TOTAL     232               212      20      228
 SINCE 1/1        351               281      70      387
.................................................

WIND (MPH)
AVERAGE WIND SPEED              4.3
HIGHEST WIND SPEED/DIRECTION    21/290    DATE  06/12
HIGHEST GUST SPEED/DIRECTION    38/270    DATE  06/05

AVERAGE RH (PERCENT)     59

WEATHER CONDITIONS. NUMBER OF DAYS WITH
THUNDERSTORM              0     MIXED PRECIP               0
HEAVY RAIN                5     RAIN                       6
LIGHT RAIN                9     FREEZING RAIN              0
LT FREEZING RAIN          0     HAIL                       0
HEAVY SNOW                0     SNOW                       0
LIGHT SNOW                0     SLEET                      0
FOG                       9     FOG W/VIS <= 1/4 MILE      0
HAZE                     11

-  INDICATES NEGATIVE NUMBERS.
R  INDICATES RECORD WAS SET OR TIED.
MM INDICATES DATA IS MISSING.
T  INDICATES TRACE AMOUNT.

$$
