000
CXUS56 KMTR 021737
CLMOAK


CLIMATE REPORT
NATIONAL WEATHER SERVICE SAN FRANCISCO BAY AREA
937 AM PST SAT DEC 2 2017

...................................

...THE OAKLAND AIRPORT CLIMATE SUMMARY FOR THE MONTH OF NOVEMBER 2017...

CLIMATE NORMAL PERIOD 1981 TO 2010
CLIMATE RECORD PERIOD 1948 TO 2017

WEATHER         OBSERVED          NORMAL  DEPART  LAST YEAR`S
                 VALUE   DATE(S)  VALUE   FROM    VALUE  DATE(S)
                                          NORMAL
................................................................
TEMPERATURE (F)
RECORD
 HIGH              85   MM
 LOW                1   11/15/2015
HIGHEST            73   11/09                         75  11/11
                                                          11/03
LOWEST             38   11/19                         40  11/24
AVG. MAXIMUM     63.6              63.1     0.5     65.7
AVG. MINIMUM     47.9              45.4     2.5     49.8
MEAN             55.8                               57.7
DAYS MAX >= 90      0                                  0
DAYS MAX <= 32      0                                  0
DAYS MIN <= 32      0                                  0
DAYS MIN <= 0       0                                  0

PRECIPITATION (INCHES)
RECORD
 MAXIMUM         7.42   1973
 MINIMUM         0.00   1959
TOTALS           3.00              2.45    0.55     1.40
DAILY AVG.       0.10              0.08    0.02     0.05
DAYS >= .01        10                                  7
DAYS >= .10         6                                  6
DAYS >= .50         1                                  0
DAYS >= 1.00        1                                  0
GREATEST
 24 HR. TOTAL    1.87   11/16 TO 11/16           11/22 TO 11/23
                                                          11/30 TO 11/30
                                                          11/30 TO 11/30

DEGREE_DAYS
HEATING TOTAL     269               323     -54      211
 SINCE 7/1        462               675    -213      370
COOLING TOTAL       0                 1      -1        0
 SINCE 1/1        312               138     174      168
.................................................

WIND (MPH)
AVERAGE WIND SPEED              5.9
RESULTANT WIND SPEED/DIRECTION   1/239
HIGHEST WIND SPEED/DIRECTION    37/280    DATE  11/27
HIGHEST GUST SPEED/DIRECTION    47/240    DATE  11/27

SKY COVER
POSSIBLE SUNSHINE (PERCENT)   MM
AVERAGE SKY COVER           0.60
NUMBER OF DAYS FAIR            9
NUMBER OF DAYS PC             11
NUMBER OF DAYS CLOUDY         10

AVERAGE RH (PERCENT)     80

WEATHER CONDITIONS. NUMBER OF DAYS WITH
THUNDERSTORM              0     MIXED PRECIP               0
HEAVY RAIN                3     RAIN                       5
LIGHT RAIN               10     FREEZING RAIN              0
LT FREEZING RAIN          0     HAIL                       0
HEAVY SNOW                0     SNOW                       0
LIGHT SNOW                0     SLEET                      0
FOG                      18     FOG W/VIS <= 1/4 MILE      1
HAZE                      7

-  INDICATES NEGATIVE NUMBERS.
R  INDICATES RECORD WAS SET OR TIED.
MM INDICATES DATA IS MISSING.
T  INDICATES TRACE AMOUNT.

$$
