000
CXHW52 PHFO 011704
CLMOGG


CLIMATE REPORT
NATIONAL WEATHER SERVICE HONOLULU HI
704 AM HST SUN MAR 1 2015

...................................

...THE KAHULUI HI CLIMATE SUMMARY FOR THE MONTH OF FEBRUARY 2015...

CLIMATE NORMAL PERIOD 1981 TO 2010
CLIMATE RECORD PERIOD 1946 TO 2015

WEATHER         OBSERVED          NORMAL  DEPART  LAST YEAR`S
                 VALUE   DATE(S)  VALUE   FROM    VALUE  DATE(S)
                                          NORMAL
................................................................
TEMPERATURE (F)
RECORD
 HIGH              89   02/09/2001
                        02/12/1998
                        02/26/1961
 LOW               50   02/22/2009
                        02/02/1987
                        02/05/1973
HIGHEST            86   02/26        81       5       86  02/20
                                                          02/15
                                                          02/09
LOWEST             56   02/16        63      -7       60  02/28
                        02/08                             02/26
                                                          02/25
AVG. MAXIMUM     81.4              80.7     0.7     82.7
AVG. MINIMUM     64.1              63.0     1.1     66.4
MEAN             72.7              71.8     0.9     74.5
DAYS MAX >= 90      0               0.0     0.0        0
DAYS MAX <= 32      0               0.0     0.0        0
DAYS MIN <= 32      0               0.0     0.0        0
DAYS MIN <= 0       0               0.0     0.0        0

PRECIPITATION (INCHES)
RECORD
 MAXIMUM         8.31   1972
 MINIMUM         0.06   2000
TOTALS           3.19              1.89    1.30     2.60
DAILY AVG.       0.11              0.07    0.04     0.09
DAYS >= .01         9               8.5     0.5       15
DAYS >= .10         5               3.6     1.4        5
DAYS >= .50         2               0.9     1.1        1
DAYS >= 1.00        1               0.4     0.6        0
GREATEST
 24 HR. TOTAL    1.82   02/28 TO 02/28              1.02

SNOWFALL (INCHES)
RECORDS
 TOTAL            0.0   5
                        0
                        -26215
TOTALS            0.0               0.0     0.0      0.0
SINCE 7/1         0.0               0.0     0.0      0.0
SNOWDEPTH AVG.      0                MM      MM        0
DAYS >= 1.0         0               0.0     0.0        0
GREATEST
 SNOW DEPTH         0   MM                             0  MM
 24 HR TOTAL      0.0   02/28 TO 02/28               0.0

DEGREE_DAYS
HEATING TOTAL       0                 0       0        0
 SINCE 7/1          0                 0       0        0
COOLING TOTAL     223               192      31      276
 SINCE 1/1        404               409      -5      511
.................................................................

WIND (MPH)
AVERAGE WIND SPEED              10.8
HIGHEST WIND SPEED/DIRECTION    44/200    DATE  02/14
HIGHEST GUST SPEED/DIRECTION    56/210    DATE  02/14

SKY COVER
POSSIBLE SUNSHINE (PERCENT)   MM
AVERAGE SKY COVER           0.40
NUMBER OF DAYS FAIR           16
NUMBER OF DAYS PC              7
NUMBER OF DAYS CLOUDY          5

AVERAGE RH (PERCENT)     74

WEATHER CONDITIONS. NUMBER OF DAYS WITH
THUNDERSTORM              0     MIXED PRECIP               0
HEAVY RAIN                1     RAIN                       5
LIGHT RAIN               11     FREEZING RAIN              0
LT FREEZING RAIN          0     HAIL                       0
HEAVY SNOW                0     SNOW                       0
LIGHT SNOW                0     SLEET                      0
FOG                       9     FOG W/VIS <= 1/4 MILE      0
HAZE                      3

-  INDICATES NEGATIVE NUMBERS.
R  INDICATES RECORD WAS SET OR TIED.
MM INDICATES DATA IS MISSING.
T  INDICATES TRACE AMOUNT.

$$
