153
CXHW52 PHFO 011609
CLMOGG


CLIMATE REPORT
NATIONAL WEATHER SERVICE HONOLULU HI
607 AM HST SAT JUL 1 2017

...................................

...THE KAHULUI HI CLIMATE SUMMARY FOR THE MONTH OF JUNE 2017...

CLIMATE NORMAL PERIOD 1981 TO 2010
CLIMATE RECORD PERIOD 1946 TO 2017

WEATHER         OBSERVED          NORMAL  DEPART  LAST YEAR`S
                 VALUE   DATE(S)  VALUE   FROM    VALUE  DATE(S)
                                          NORMAL
................................................................
TEMPERATURE (F)
RECORD
 HIGH              94   06/12/1996
                        06/07/1953
                        06/15/1952
 LOW               58   06/02/1985
HIGHEST            92   06/25        86       6       91  06/21
                                                          06/12
LOWEST             65   06/25        69      -4       67  06/20
AVG. MAXIMUM     87.8              86.3     1.5     86.5
AVG. MINIMUM     71.0              69.6     1.4     71.3
MEAN             79.4              78.0     1.4     78.9
DAYS MAX >= 90      4               1.0     3.0        4
DAYS MAX <= 32      0               0.0     0.0        0
DAYS MIN <= 32      0               0.0     0.0        0
DAYS MIN <= 0       0               0.0     0.0        0

PRECIPITATION (INCHES)
RECORD
 MAXIMUM         2.50   1967
 MINIMUM         0.00   1957
TOTALS           0.12              0.20   -0.08     0.36
DAILY AVG.       0.00              0.01   -0.01     0.01
DAYS >= .01         4               5.1    -1.1       14
DAYS >= .10         0               0.5    -0.5        1
DAYS >= .50         0               0.0     0.0        0
DAYS >= 1.00        0               0.0     0.0        0
GREATEST
 24 HR. TOTAL    0.05   06/12 TO 06/12              0.94

SNOWFALL (INCHES)
RECORDS
 TOTAL             MM   0
TOTALS            0.0               0.0     0.0      0.0
SINCE 7/1         0.0               0.0     0.0      0.0
SNOWDEPTH AVG.     MM                MM      MM        0
DAYS >= 1.0         0               0.0     0.0        0
GREATEST
 SNOW DEPTH        MM                                  0  MM
 24 HR TOTAL      0.0   06/30 TO 06/30               0.0

DEGREE_DAYS
HEATING TOTAL       0                 0       0        0
 SINCE 7/1          0                 0       0        0
COOLING TOTAL     440               388      52      426
 SINCE 1/1       1803              1647     156     1915
.................................................................

WIND (MPH)
AVERAGE WIND SPEED              14.4
HIGHEST WIND SPEED/DIRECTION    33/040    DATE  06/02
HIGHEST GUST SPEED/DIRECTION    42/040    DATE  06/02

SKY COVER
POSSIBLE SUNSHINE (PERCENT)   MM
AVERAGE SKY COVER             MM
NUMBER OF DAYS FAIR            0
NUMBER OF DAYS PC              0
NUMBER OF DAYS CLOUDY          0

AVERAGE RH (PERCENT)     MM

WEATHER CONDITIONS. NUMBER OF DAYS WITH
THUNDERSTORM              0     MIXED PRECIP               0
HEAVY RAIN                0     RAIN                       0
LIGHT RAIN                0     FREEZING RAIN              0
LT FREEZING RAIN          0     HAIL                       0
HEAVY SNOW                0     SNOW                       0
LIGHT SNOW                0     SLEET                      0
FOG                       3     FOG W/VIS <= 1/4 MILE      0
HAZE                      2

-  INDICATES NEGATIVE NUMBERS.
R  INDICATES RECORD WAS SET OR TIED.
MM INDICATES DATA IS MISSING.
T  INDICATES TRACE AMOUNT.

$$
