000
CXUS53 KEAX 011302 RRA
CLMOJC

CLIMATE REPORT
NATIONAL WEATHER SERVICE KANSAS CITY/PLEASANT HILL MO
756 AM CDT FRI SEP 1 2017

...................................

...THE JOHNSON COUNTY EXECUTIVE CLIMATE SUMMARY FOR THE MONTH OF AUGUST 2017...

CLIMATE NORMAL PERIOD 1981 TO 2010
CLIMATE RECORD PERIOD 9999 TO 9999

WEATHER         OBSERVED          NORMAL  DEPART  LAST YEAR`S
                 VALUE   DATE(S)  VALUE   FROM    VALUE  DATE(S)
                                          NORMAL
................................................................
TEMPERATURE (F)
HIGHEST            90   08/19        98      -8       97  08/04
LOWEST             54   08/23        57      -3       57  08/22
                                                          08/21
AVG. MAXIMUM     81.1              87.4    -6.3     85.8
AVG. MINIMUM     62.8              67.9    -5.1     67.6
MEAN             72.0              77.6    -5.6     76.7
DAYS MAX >= 90      1              12.1   -11.1        5
DAYS MAX <= 32      0               0.0     0.0        0
DAYS MIN <= 32      0               0.0     0.0        0
DAYS MIN <= 0       0               0.0     0.0        0

PRECIPITATION (INCHES)
TOTALS           9.57              3.72    5.85     8.48
DAILY AVG.       0.31              0.12    0.19     0.28
DAYS >= .01         6               8.8    -2.8        9
DAYS >= .10         5               5.8    -0.8        7
DAYS >= .50         5               2.3     2.7        4
DAYS >= 1.00        3               1.3     1.7        3
GREATEST
 24 HR. TOTAL    3.71   08/21 TO 08/21

DEGREE_DAYS
HEATING TOTAL       3                 1       2        0
 SINCE 7/1          3                 1       2        0
COOLING TOTAL     226               393    -167      361
 SINCE 1/1       1007              1165    -158     1219
.................................................................

WIND (MPH)
AVERAGE WIND SPEED              6.1
HIGHEST WIND SPEED/DIRECTION    28/360    DATE  08/20
HIGHEST GUST SPEED/DIRECTION    36/360    DATE  08/20

SKY COVER
POSSIBLE SUNSHINE (PERCENT)   MM
AVERAGE SKY COVER           0.20
NUMBER OF DAYS FAIR           25
NUMBER OF DAYS PC              4
NUMBER OF DAYS CLOUDY          2

AVERAGE RH (PERCENT)     78

WEATHER CONDITIONS. NUMBER OF DAYS WITH
THUNDERSTORM              7     MIXED PRECIP               0
HEAVY RAIN                5     RAIN                       5
LIGHT RAIN                7     FREEZING RAIN              0
LT FREEZING RAIN          0     HAIL                       0
HEAVY SNOW                0     SNOW                       0
LIGHT SNOW                0     SLEET                      0
FOG                      11     FOG W/VIS <= 1/4 MILE      1
HAZE                      1

-  INDICATES NEGATIVE NUMBERS.
R  INDICATES RECORD WAS SET OR TIED.
MM INDICATES DATA IS MISSING.
T  INDICATES TRACE AMOUNT.

$$
