000
CXUS53 KEAX 010651
CLMOJC

STLCLMWK4 000
TTAA00 KEAX 010647


CLIMATE REPORT
NATIONAL WEATHER SERVICE KANSAS CITY/PLEASANT HILL MO
144 AM CDT TUE APR 1 2014

...................................

...THE JOHNSON COUNTY EXECUTIVE CLIMATE SUMMARY FOR THE MONTH OF MARCH 2014...

CLIMATE NORMAL PERIOD 1981 TO 2010
CLIMATE RECORD PERIOD 9999 TO 9999

WEATHER         OBSERVED          NORMAL  DEPART  LAST YEAR`S
                 VALUE   DATE(S)  VALUE   FROM    VALUE  DATE(S)
                                          NORMAL
................................................................
TEMPERATURE (F)
HIGHEST            77   03/11        77       0       79  03/15
LOWEST             -3R  03/03        16     -19       20  03/25
AVG. MAXIMUM     53.2              55.3    -2.1     46.6
AVG. MINIMUM     27.4              34.5    -7.1     29.7
MEAN             40.3              44.9    -4.6     38.1
DAYS MAX >= 90      0               0.0     0.0        0
DAYS MAX <= 32      2               0.8     1.2        5
DAYS MIN <= 32     18              12.8     5.2       22
DAYS MIN <= 0       1               0.1     0.9        0

PRECIPITATION (INCHES)
TOTALS           0.79              2.63   -1.84     1.29
DAILY AVG.       0.03              0.08   -0.05     0.04
DAYS >= .01         9               8.7     0.3       10
DAYS >= .10         4               5.2    -1.2        4
DAYS >= .50         0               1.5    -1.5        1
DAYS >= 1.00        0               0.5    -0.5        0
GREATEST
 24 HR. TOTAL    0.17   03/26 TO 03/26

DEGREE_DAYS
HEATING TOTAL     756               624     132      825
 SINCE 7/1       5237              4517     720     4478
COOLING TOTAL       0                 1      -1        0
 SINCE 1/1          0                 1      -1        1
.................................................................

WIND (MPH)
AVERAGE WIND SPEED              11.4
HIGHEST WIND SPEED/DIRECTION    38/360    DATE  03/11
HIGHEST GUST SPEED/DIRECTION    47/360    DATE  03/11

SKY COVER
POSSIBLE SUNSHINE (PERCENT)   MM
AVERAGE SKY COVER           0.30
NUMBER OF DAYS FAIR           22
NUMBER OF DAYS PC              7
NUMBER OF DAYS CLOUDY          2

AVERAGE RH (PERCENT)     57

WEATHER CONDITIONS. NUMBER OF DAYS WITH
THUNDERSTORM              0     MIXED PRECIP               0
HEAVY RAIN                0     RAIN                       1
LIGHT RAIN                6     FREEZING RAIN              0
LT FREEZING RAIN          1     HAIL                       0
HEAVY SNOW                0     SNOW                       2
LIGHT SNOW                8     SLEET                      0
FOG                      16     FOG W/VIS <= 1/4 MILE      0
HAZE                     12

-  INDICATES NEGATIVE NUMBERS.
R  INDICATES RECORD WAS SET OR TIED.
MM INDICATES DATA IS MISSING.
T  INDICATES TRACE AMOUNT.

$$
