000
CXUS53 KOAX 060835 CCB
CLMOMA

CLIMATE REPORT...CORRECTED
NATIONAL WEATHER SERVICE OMAHA NEBRASKA
333 AM CDT THU AUG 6 2015

...SUMMARY INCLUDED...

...................................

...THE OMAHA EPPLEY, NEBRASKA CLIMATE SUMMARY FOR THE MONTH OF JULY 2015...

CLIMATE NORMAL PERIOD 1981 TO 2010
CLIMATE RECORD PERIOD 1871 TO 2015

WEATHER         OBSERVED          NORMAL  DEPART
                 VALUE   DATE(S)  VALUE   FROM
                                          NORMAL
................................................
TEMPERATURE (F)
HIGHEST            99   07/24
LOWEST             52   07/08
AVG. MAXIMUM     86.9              87.3    -0.4
AVG. MINIMUM     67.0              66.2     0.8
MEAN             77.0              76.7     0.3
DAYS MAX >= 90     15
DAYS MAX <= 32      0
DAYS MIN <= 32      0
DAYS MIN <= 0       0

PRECIPITATION (INCHES)
RECORD
 MAXIMUM        10.35   1884
 MINIMUM         0.01   2012
TOTALS           2.40              3.83   -1.43
DAILY AVG.       0.08
DAYS >= .01        14
DAYS >= .10         8
DAYS >= .50         0
DAYS >= 1.00        0
GREATEST
 24 HR. TOTAL    0.50   07/05 TO 07/06

SNOWFALL (INCHES)
RECORDS
 TOTAL              T   2008
                        2002
TOTALS            0.0               0.0
SINCE 7/1         0.0
SNOWDEPTH AVG.      0
DAYS >= 1.0         0
GREATEST
 SNOW DEPTH         0
 24 HR TOTAL      0.0

DEGREE DAYS
HEATING TOTAL       1                 1       0
 SINCE 7/1          1                 1       0
COOLING TOTAL     380               365      15
 SINCE 1/1        688               677      11
.................................................

WIND (MPH)
AVERAGE WIND SPEED              8.1
HIGHEST WIND SPEED/DIRECTION    31/150    DATE  07/24
HIGHEST GUST SPEED/DIRECTION    39/150    DATE  07/24

SKY COVER
AVERAGE SKY COVER           0.50


WEATHER CONDITIONS. NUMBER OF DAYS WITH
THUNDERSTORM             13     MIXED PRECIP               0
HEAVY RAIN                4     RAIN                       5
LIGHT RAIN               17     FREEZING RAIN              0
LT FREEZING RAIN          0     HAIL                       0
HEAVY SNOW                0     SNOW                       0
LIGHT SNOW                0     SLEET                      0
FOG                      11     FOG W/VIS <= 1/4 MILE      0
HAZE                      3

-  INDICATES NEGATIVE NUMBERS.
R  INDICATES RECORD WAS SET OR TIED.
MM INDICATES DATA IS MISSING.
T  INDICATES TRACE AMOUNT.

&&

...JULY WAS DRIER THAN NORMAL...WITH NEAR-NORMAL TEMPERATURES...

WITH TOTAL PRECIPITATION OF 2.40 INCHES FALLING 1.43 INCHES BELOW
NORMAL...THE MONTH OF JULY LEANED DRY IN OMAHA.  THE AVERAGE
TEMPERATURE OF 77.0 DEGREES WAS 0.3 DEGREES ABOVE NORMAL...FALLING
IN THE NEAR-NORMAL RANGE.

THE BENIGN PATTERN FROM JUNE CONTINUED IN JULY...WITH AN ABSENCE OF
SEVERE WEATHER OUTBREAKS OR TEMPERATURE AND PRECIPITATION EXTREMES.
RAINFALL AMOUNTS WERE MAINLY UP TO A QUARTER TO A HALF INCH AT A
TIME...FALLING PERIODICALLY THROUGH THE MONTH...WITH ELEVEN
THUNDERSTORM DAYS. HIGH TEMPERATURES WERE LARGELY IN THE 80S AND
90S...WITH JUST FOUR DAYS OF HIGH TEMPERATURES STAYING IN THE 70S.
THE WARMEST TEMPERATURE OF THE MONTH...AT 99 DEGREES...OCCURRED ON
THE 24TH. LOW TEMPERATURES WERE LARGELY IN THE 60S AND 70S...WITH
FOUR DAYS OF LOWS IN THE 50S. THE COOLEST TEMPERATURE OF THE
MONTH...AT 52 DEGREES...OCCURRED ON THE 8TH...AS BELOW-NORMAL
TEMPERATURES DOMINATED THE FIRST TEN DAYS OF JULY.


DAILY RECORDS SET IN JULY 2015:
DATE         RECORD           READING  PREVIOUS RECORD
NO RECORDS SET IN JULY

$$

MAYES
