000
CXUS51 KBOX 011224
CLMORH


CLIMATE REPORT
NATIONAL WEATHER SERVICE TAUNTON MA
815 AM EDT TUE SEP 1 2015

...................................

...THE WORCESTER MA CLIMATE SUMMARY FOR THE MONTH OF AUGUST 2015...

CLIMATE NORMAL PERIOD 1981 TO 2010
CLIMATE RECORD PERIOD 1892 TO 2015

WEATHER         OBSERVED          NORMAL  DEPART
                 VALUE   DATE(S)  VALUE   FROM
                                          NORMAL
................................................
TEMPERATURE (F)
RECORD
 HIGH              99   08/12/1944
 LOW               38   08/30/1965
                        08/29/1941
HIGHEST            87   08/18
LOWEST             57   08/29
                        08/28
                        08/10
AVG. MAXIMUM     78.8              77.3     1.5
AVG. MINIMUM     62.5              60.4     2.1
MEAN             70.7              68.8     1.9
DAYS MAX >= 90      0               0.5    -0.5
DAYS MAX <= 32      0               0.0     0.0
DAYS MIN <= 32      0               0.0     0.0
DAYS MIN <= 0       0               0.0     0.0

PRECIPITATION (INCHES)
RECORD
 MAXIMUM        18.68   1955
 MINIMUM         0.90   1944
TOTALS           3.21              3.71   -0.50
DAYS >= .01         7              10.1    -3.1
DAYS >= .10         5               6.1    -1.1
DAYS >= .50         2               2.5    -0.5
DAYS >= 1.00        1               1.1    -0.1
GREATEST
 24 HR. TOTAL    1.67   08/14 TO 08/15

SNOWFALL (INCHES)
RECORDS
 TOTAL             MM   MM
 SNOW DEPTH        MM   MM
TOTALS            0.0               0.0     0.0
SINCE 7/1         0.0               0.0     0.0
SNOWDEPTH AVG.     MM
GREATEST
 SNOW DEPTH        MM
 24 HR TOTAL      0.0   08/31 TO 08/31

DEGREE_DAYS
HEATING TOTAL       0                25     -25
 SINCE 7/1          1                39     -38
COOLING TOTAL     184               145      39
 SINCE 1/1        557               426     131
.................................................

WIND (MPH)
AVERAGE WIND SPEED              8.4
RESULTANT WIND SPEED/DIRECTION   5/253
HIGHEST WIND SPEED/DIRECTION    36/250    DATE  08/15
HIGHEST GUST SPEED/DIRECTION    49/300    DATE  08/04

SKY COVER
POSSIBLE SUNSHINE (PERCENT)   MM
AVERAGE SKY COVER           0.30
NUMBER OF DAYS FAIR           22
NUMBER OF DAYS PC              6
NUMBER OF DAYS CLOUDY          3

AVERAGE RH (PERCENT)     70

WEATHER CONDITIONS. NUMBER OF DAYS WITH
THUNDERSTORM              4     MIXED PRECIP               0
HEAVY RAIN                4     RAIN                       3
LIGHT RAIN                5     FREEZING RAIN              0
LT FREEZING RAIN          0     HAIL                       0
HEAVY SNOW                0     SNOW                       0
LIGHT SNOW                0     SLEET                      0
FOG                      12     FOG W/VIS <= 1/4 MILE      3
HAZE                      3

-  INDICATES NEGATIVE NUMBERS.
R  INDICATES RECORD WAS SET OR TIED.
MM INDICATES DATA IS MISSING.
T  INDICATES TRACE AMOUNT.

$$

SIPPRELL
