846
CXUS51 KBOX 010807
CLMORH


CLIMATE REPORT
NATIONAL WEATHER SERVICE TAUNTON MA
400 AM EDT FRI APR 1 2016

...................................

...THE WORCESTER MA CLIMATE SUMMARY FOR THE MONTH OF MARCH 2016...

CLIMATE NORMAL PERIOD 1981 TO 2010
CLIMATE RECORD PERIOD 1892 TO 2016

WEATHER         OBSERVED          NORMAL  DEPART
                 VALUE   DATE(S)  VALUE   FROM
                                          NORMAL
................................................
TEMPERATURE (F)
RECORD
 HIGH              84   03/31/1998
 LOW               -6   03/04/1950
                        03/09/1943
HIGHEST            74   03/09
LOWEST             16   03/03
AVG. MAXIMUM     49.1              42.9     6.2
AVG. MINIMUM     30.8              26.5     4.3
MEAN             40.0              34.7     5.3
DAYS MAX >= 90      0               0.0     0.0
DAYS MAX <= 32      2               4.1    -2.1
DAYS MIN <= 32     19              22.8    -3.8
DAYS MIN <= 0       0               0.0     0.0

PRECIPITATION (INCHES)
RECORD
 MAXIMUM        11.13   1936
 MINIMUM         0.04   1915
TOTALS           3.49              4.21   -0.72
DAYS >= .01        14              12.9     1.1
DAYS >= .10         8               7.3     0.7
DAYS >= .50         3               2.7     0.3
DAYS >= 1.00        0               1.1    -1.1
GREATEST
 24 HR. TOTAL    1.03   03/14 TO 03/15

SNOWFALL (INCHES)
RECORDS
 TOTAL           44.1   1993
 SNOW DEPTH        11   MM
TOTALS            5.5              11.4    -5.9
SINCE 7/1        37.2              61.3   -24.1
SNOWDEPTH AVG.     MM
GREATEST
 SNOW DEPTH        MM
 24 HR TOTAL      5.5   03/21 TO 03/21

DEGREE_DAYS
HEATING TOTAL     769               939    -170
 SINCE 7/1       4828              5776    -948
COOLING TOTAL       0                 0       0
 SINCE 1/1          0                 0       0
.................................................

WIND (MPH)
AVERAGE WIND SPEED              10.9
RESULTANT WIND SPEED/DIRECTION   4/274
HIGHEST WIND SPEED/DIRECTION    38/200    DATE  03/31
HIGHEST GUST SPEED/DIRECTION    54/260    DATE  03/17

SKY COVER
POSSIBLE SUNSHINE (PERCENT)   MM
AVERAGE SKY COVER           0.40
NUMBER OF DAYS FAIR           11
NUMBER OF DAYS PC             13
NUMBER OF DAYS CLOUDY          7

AVERAGE RH (PERCENT)     61

WEATHER CONDITIONS. NUMBER OF DAYS WITH
THUNDERSTORM              0     MIXED PRECIP               0
HEAVY RAIN                5     RAIN                       8
LIGHT RAIN               12     FREEZING RAIN              0
LT FREEZING RAIN          0     HAIL                       0
HEAVY SNOW                0     SNOW                       1
LIGHT SNOW                6     SLEET                      0
FOG                      14     FOG W/VIS <= 1/4 MILE      6
HAZE                      0

-  INDICATES NEGATIVE NUMBERS.
R  INDICATES RECORD WAS SET OR TIED.
MM INDICATES DATA IS MISSING.
T  INDICATES TRACE AMOUNT.

$$

SIPPRELL
