565
CXUS53 KDDC 011528
CLMP28


CLIMATE REPORT
NATIONAL WEATHER SERVICE DODGE CITY KS
1022 AM CDT WED NOV 1 2017

...................................

...THE MEDICINE LODGE KS CLIMATE SUMMARY FOR THE MONTH OF OCTOBER 2017...

CLIMATE NORMAL PERIOD 1981 TO 2010
CLIMATE RECORD PERIOD 1893 TO 2017

WEATHER         OBSERVED          NORMAL  DEPART  LAST YEAR`S
                 VALUE   DATE(S)  VALUE   FROM    VALUE  DATE(S)
                                          NORMAL
................................................................
TEMPERATURE (F)
RECORD
 HIGH             100   10/09/1921
 LOW                9   10/30/1917
HIGHEST            87   10/02        MM      MM       92  10/17
                                                          10/06
LOWEST             18   10/28        MM      MM       34  10/21
AVG. MAXIMUM     73.0              71.2     1.8     77.9
AVG. MINIMUM     45.2              46.1    -0.9     49.7
MEAN             59.1              58.6     0.5     63.8
DAYS MAX >= 90      0               1.1    -1.1        3
DAYS MAX <= 32      0               0.0     0.0        0
DAYS MIN <= 32      4               1.9     2.1        0
DAYS MIN <= 0       0               0.0     0.0        0

PRECIPITATION (INCHES)
RECORD
 MAXIMUM         8.58   1941
 MINIMUM         0.00   2001
                        1978
                        1952
TOTALS           1.09              2.84   -1.75     1.34
DAYS >= .01         5               7.5    -2.5        7
DAYS >= .10         4               4.0     0.0        4
DAYS >= .50         0               1.7    -1.7        0
DAYS >= 1.00        0               0.7    -0.7        0
GREATEST
 24 HR. TOTAL    0.34   10/06 TO 10/06           10/01 TO 10/02

DEGREE_DAYS
HEATING TOTAL     231               235      -4      104
 SINCE 7/1        243               269     -26      126
COOLING TOTAL      55                38      17       77
 SINCE 1/1       1655              1769    -114     1932
....................................................

WIND (MPH)
AVERAGE WIND SPEED              10.5
HIGHEST WIND SPEED/DIRECTION    46/250    DATE  10/06
HIGHEST GUST SPEED/DIRECTION    77/250    DATE  10/06



-  INDICATES NEGATIVE NUMBERS.
R  INDICATES RECORD WAS SET OR TIED.
MM INDICATES DATA IS MISSING.
T  INDICATES TRACE AMOUNT.

$$
