134
CXUS53 KDDC 011538
CLMP28


CLIMATE REPORT
NATIONAL WEATHER SERVICE DODGE CITY KS
1030 AM CDT SAT APR 1 2017

...................................

...THE MEDICINE LODGE KS CLIMATE SUMMARY FOR THE MONTH OF MARCH 2017...

CLIMATE NORMAL PERIOD 1981 TO 2010
CLIMATE RECORD PERIOD 1893 TO 2017

WEATHER         OBSERVED          NORMAL  DEPART  LAST YEAR`S
                 VALUE   DATE(S)  VALUE   FROM    VALUE  DATE(S)
                                          NORMAL
................................................................
TEMPERATURE (F)
RECORD
 HIGH              98   03/19/1907
 LOW               -7   03/03/2014
                        03/03/1960
                        01/01/2000
HIGHEST            93   03/19        MM      MM       83  03/22
LOWEST             19   03/02        MM      MM       20  03/20
                                                          03/19
AVG. MAXIMUM     64.7              59.3     5.4     67.3
AVG. MINIMUM     36.9              34.2     2.7     36.3
MEAN             50.8              46.7     4.1     51.8
DAYS MAX >= 90      1               0.0     1.0        0
DAYS MAX <= 32      0               0.6    -0.6        0
DAYS MIN <= 32     11              12.6    -1.6       10
DAYS MIN <= 0       0               0.0     0.0        0

PRECIPITATION (INCHES)
RECORD
 MAXIMUM         9.24   1973
 MINIMUM         0.00   1936
                        1911
                        1893
TOTALS           2.23              2.26   -0.03     0.67
DAYS >= .01         3               7.3    -4.3        5
DAYS >= .10         3               4.3    -1.3        2
DAYS >= .50         1               2.0    -1.0        0
DAYS >= 1.00        1               0.8     0.2        0
GREATEST
 24 HR. TOTAL    1.48   03/28 TO 03/28           03/26 TO 03/27

DEGREE_DAYS
HEATING TOTAL     444               568    -124      411
 SINCE 7/1       3445              4097    -652     3300
COOLING TOTAL      12                 2      10       10
 SINCE 1/1         12                 2      10       10
........................................................

WIND (MPH)
AVERAGE WIND SPEED              12.0
HIGHEST WIND SPEED/DIRECTION    44/220    DATE  03/06
HIGHEST GUST SPEED/DIRECTION    58/230    DATE  03/06



-  INDICATES NEGATIVE NUMBERS.
R  INDICATES RECORD WAS SET OR TIED.
MM INDICATES DATA IS MISSING.
T  INDICATES TRACE AMOUNT.

$$
