110
CXUS52 KMFL 011904
CLMPBI


CLIMATE REPORT
NATIONAL WEATHER SERVICE MIAMI, FL
202 PM EST MON FEB 1 2016

...................................

...THE WEST PALM BEACH CLIMATE SUMMARY FOR THE MONTH OF JANUARY 2016...

CLIMATE NORMAL PERIOD 1981 TO 2010
CLIMATE RECORD PERIOD 1888 TO 2016

WEATHER         OBSERVED          NORMAL  DEPART  LAST YEAR`S
                 VALUE   DATE(S)  VALUE   FROM    VALUE
                                          NORMAL
.............................................................
TEMPERATURE (F)
RECORD
 HIGH              89   01/04/1942
 LOW               26   01/26/1905
HIGHEST            84   01/01                         84
LOWEST             40   01/24                         47
AVG. MAXIMUM     73.5              74.6    -1.1     77.0
AVG. MINIMUM     57.5              56.8     0.7     61.2
MEAN             65.5              65.7    -0.2     69.1
DAYS MAX >= 90      0                                  0
DAYS MAX <= 32      0                                  0
DAYS MIN <= 32      0                                  0
DAYS MIN <= 0       0                                  0

PRECIPITATION (INCHES)
RECORD
 MAXIMUM        11.18   1998
 MINIMUM         0.11   2009
TOTALS           9.90              3.13    6.77     1.05
DAILY AVG.       0.32              0.10    0.22     0.03
DAYS >= .01        12                                  9
DAYS >= .10        10                                  3
DAYS >= .50         4                                  0
DAYS >= 1.00        2                                  0
GREATEST
 24 HR. TOTAL    4.81   01/27 TO 01/28              0.33

DEGREE_DAYS
HEATING TOTAL      66                86     -20       28
 SINCE 7/1         66               157     -91       70
COOLING TOTAL      91               108     -17      164
 SINCE 1/1         91               106     -15      164
..............................................................

WIND (MPH)
AVERAGE WIND SPEED              9.8
HIGHEST WIND SPEED/DIRECTION    38/270    DATE  01/23
HIGHEST GUST SPEED/DIRECTION    56/250    DATE  01/15

SKY COVER
POSSIBLE SUNSHINE (PERCENT)   MM
AVERAGE SKY COVER           0.70
NUMBER OF DAYS FAIR            2
NUMBER OF DAYS PC             20
NUMBER OF DAYS CLOUDY          9

AVERAGE RH (PERCENT)     72

WEATHER CONDITIONS. NUMBER OF DAYS WITH
THUNDERSTORM              3     MIXED PRECIP               0
HEAVY RAIN                8     RAIN                       9
LIGHT RAIN               18     FREEZING RAIN              0
LT FREEZING RAIN          0     HAIL                       0
HEAVY SNOW                0     SNOW                       0
LIGHT SNOW                0     SLEET                      0
FOG                      13     FOG W/VIS <= 1/4 MILE      2
HAZE                      3

-  INDICATES NEGATIVE NUMBERS.
R  INDICATES RECORD WAS SET OR TIED.
MM INDICATES DATA IS MISSING.
T  INDICATES TRACE AMOUNT.

$$
