000
CXUS52 KMFL 221817 CCA
CLMPBI

CLIMATE REPORT
NATIONAL WEATHER SERVICE MIAMI, FL
1006 AM EDT TUE NOV 1 2016

...................................

...THE WEST PALM BEACH CLIMATE SUMMARY FOR THE MONTH OF OCTOBER 2016...

CLIMATE NORMAL PERIOD 1981 TO 2010
CLIMATE RECORD PERIOD 1888 TO 2016

WEATHER         OBSERVED          NORMAL  DEPART  LAST YEAR`S
                 VALUE   DATE(S)  VALUE   FROM    VALUE
                                          NORMAL
.............................................................
TEMPERATURE (F)
RECORD
 HIGH              95   10/02/1989
                        10/02/1959
                        10/08/1941
 LOW               46   10/30/1968
HIGHEST            91   10/08                         90
LOWEST             61   10/23                         67
AVG. MAXIMUM     85.1              84.9     0.2     85.6
AVG. MINIMUM     75.2              71.7     3.5     72.9
MEAN             80.1              78.3     1.8     79.3
DAYS MAX >= 90      2                                  1
DAYS MAX <= 32      0                                  0
DAYS MIN <= 32      0                                  0
DAYS MIN <= 0       0                                  0

PRECIPITATION (INCHES)
RECORD
 MAXIMUM        27.81   1910
 MINIMUM         0.56   1997
TOTALS           4.37              5.13   -0.76     0.91
DAILY AVG.       0.15              0.17   -0.02     0.03
DAYS >= .01        10                                 10
DAYS >= .10         8                                  3
DAYS >= .50         3                                  0
DAYS >= 1.00        2                                  0
GREATEST
 24 HR. TOTAL    1.62   10/06 TO 10/06              0.30

DEGREE_DAYS
HEATING TOTAL       0                 1      -1        0
 SINCE 7/1          0                 1      -1        0
COOLING TOTAL     475               413      62      453
 SINCE 1/1       4151              3621     530     4185
..............................................................

WIND (MPH)
AVERAGE WIND SPEED              12.8
HIGHEST WIND SPEED/DIRECTION    35/310    DATE  10/06
HIGHEST GUST SPEED/DIRECTION    50/320    DATE  10/06

SKY COVER
POSSIBLE SUNSHINE (PERCENT)   MM
AVERAGE SKY COVER           0.60
NUMBER OF DAYS FAIR            1
NUMBER OF DAYS PC             23
NUMBER OF DAYS CLOUDY          7

AVERAGE RH (PERCENT)     67

WEATHER CONDITIONS. NUMBER OF DAYS WITH
THUNDERSTORM              3     MIXED PRECIP               0
HEAVY RAIN                8     RAIN                       7
LIGHT RAIN               16     FREEZING RAIN              0
LT FREEZING RAIN          0     HAIL                       0
HEAVY SNOW                0     SNOW                       0
LIGHT SNOW                0     SLEET                      0
FOG                       7     FOG W/VIS <= 1/4 MILE      0
HAZE                      1

-  INDICATES NEGATIVE NUMBERS.
R  INDICATES RECORD WAS SET OR TIED.
MM INDICATES DATA IS MISSING.
T  INDICATES TRACE AMOUNT.

$$
