000
CXUS53 KUNR 011602
CLMPHP


CLIMATE REPORT
NATIONAL WEATHER SERVICE RAPID CITY SD
1002 AM MDT FRI SEP 1 2017

...................................

...THE PHILIP SD CLIMATE SUMMARY FOR THE MONTH OF AUGUST 2017...

CLIMATE NORMAL PERIOD 1981 TO 2010
CLIMATE RECORD PERIOD 9999 TO 9999

WEATHER         OBSERVED          NORMAL  DEPART  LAST YEAR`S
                 VALUE   DATE(S)  VALUE   FROM    VALUE  DATE(S)
                                          NORMAL
................................................................
TEMPERATURE (F)
HIGHEST           101   08/19                        104  08/10
                                                          08/03
LOWEST             42   08/04                         46  08/21
AVG. MAXIMUM     87.0              88.8    -1.8     88.0
AVG. MINIMUM     53.2              58.2    -5.0     57.4
MEAN             70.1              73.5    -3.4     72.7
DAYS MAX >= 90     10                                 10
DAYS MAX <= 32      0                                  0
DAYS MIN <= 32      0                                  0
DAYS MIN <= 0       0                                  0

PRECIPITATION (INCHES)
TOTALS           0.36              1.50   -1.14     2.85
DAILY AVG.       0.01              0.05   -0.04     0.09
DAYS >= .01         9                                  7
DAYS >= .10         1                                  5
DAYS >= .50         0                                  2
DAYS >= 1.00        0                                  1
GREATEST
 24 HR. TOTAL    0.10   08/14 TO 08/14              1.43

DEGREE_DAYS
HEATING TOTAL       6                17     -11       15
 SINCE 7/1          6                25     -19       19
COOLING TOTAL     173               280    -107      263
 SINCE 1/1        796               735      61      830
.................................................................

WIND (MPH)
AVERAGE WIND SPEED              8.1
HIGHEST WIND SPEED/DIRECTION    41/310    DATE  08/11
HIGHEST GUST SPEED/DIRECTION    52/300    DATE  08/11

AVERAGE RH (PERCENT)     64

WEATHER CONDITIONS. NUMBER OF DAYS WITH
THUNDERSTORM              0     MIXED PRECIP               0
HEAVY RAIN                2     RAIN                       4
LIGHT RAIN               14     FREEZING RAIN              0
LT FREEZING RAIN          0     HAIL                       0
HEAVY SNOW                0     SNOW                       0
LIGHT SNOW                0     SLEET                      0
FOG                      10     FOG W/VIS <= 1/4 MILE      3
HAZE                      1

-  INDICATES NEGATIVE NUMBERS.
R  INDICATES RECORD WAS SET OR TIED.
MM INDICATES DATA IS MISSING.
T  INDICATES TRACE AMOUNT.

$$
