000
CXUS55 KPIH 011924
CLMPIH

CLIMATE REPORT
NATIONAL WEATHER SERVICE POCATELLO ID
116 PM MDT WED JUL 1 2015

...................................

...THE POCATELLO CLIMATE SUMMARY FOR THE MONTH OF JUNE 2015...

CLIMATE NORMAL PERIOD 1981 TO 2010
CLIMATE RECORD PERIOD 1939 TO 2015

WEATHER         OBSERVED          NORMAL  DEPART  LAST YEAR`S
                 VALUE   DATE(S)  VALUE   FROM    VALUE  DATE(S)
                                          NORMAL
................................................................
TEMPERATURE (F)
RECORD
 HIGH             103   06/25/1988
                        06/19/1940
 LOW               28   06/07/1995
HIGHEST           101   06/28       103      -2       91  06/12
LOWEST             43   06/06        28      15       35  06/15
AVG. MAXIMUM     85.9              77.8     8.1     78.5
AVG. MINIMUM     50.6              46.5     4.1     45.2
MEAN             68.3              62.1     6.2     61.8
DAYS MAX >= 90      9               2.5     6.5        1
DAYS MAX <= 32      0               0.0     0.0        0
DAYS MIN <= 32      0               0.2    -0.2        0
DAYS MIN <= 0       0               0.0     0.0        0

PRECIPITATION (INCHES)
RECORD
 MAXIMUM         4.00   2009
 MINIMUM         0.02   1974
TOTALS           0.21              0.99   -0.78     0.43
DAILY AVG.       0.01              0.03   -0.02     0.01
DAYS >= .01         4               6.6    -2.6        2
DAYS >= .10         1               2.6    -1.6        1
DAYS >= .50         0               0.5    -0.5        0
DAYS >= 1.00        0               0.0     0.0        0
GREATEST
 24 HR. TOTAL    0.18   05/31 TO 06/01              0.42

SNOWFALL (INCHES)
RECORDS
 TOTAL            0.4   1995
TOTALS            0.0                 T     0.0      0.0
SINCE 7/1        20.3              43.4   -23.1     29.4
SNOWDEPTH AVG.      0                MM      MM        0
DAYS >= 1.0         0               0.0     0.0        0
GREATEST
 SNOW DEPTH         0   MM                             0  MM
 24 HR TOTAL      0.0   06/30 TO 06/30               0.0

DEGREE_DAYS
HEATING TOTAL      28               131    -103      110
 SINCE 7/1       5842              7178   -1336     6650
COOLING TOTAL     135                46      89       20
 SINCE 1/1        139                51      88       20
.................................................................

WIND (MPH)
AVERAGE WIND SPEED              8.1
HIGHEST WIND SPEED/DIRECTION    43/250    DATE  06/01
HIGHEST GUST SPEED/DIRECTION    53/250    DATE  06/01

SKY COVER
POSSIBLE SUNSHINE (PERCENT)   MM
AVERAGE SKY COVER           0.10
NUMBER OF DAYS FAIR           28
NUMBER OF DAYS PC              2
NUMBER OF DAYS CLOUDY          0

AVERAGE RH (PERCENT)     52

WEATHER CONDITIONS. NUMBER OF DAYS WITH
THUNDERSTORM              6     MIXED PRECIP               0
HEAVY RAIN                0     RAIN                       1
LIGHT RAIN                6     FREEZING RAIN              0
LT FREEZING RAIN          0     HAIL                       2
HEAVY SNOW                0     SNOW                       0
LIGHT SNOW                0     SLEET                      0
FOG                       1     FOG W/VIS <= 1/4 MILE      0
HAZE                      1

-  INDICATES NEGATIVE NUMBERS.
R  INDICATES RECORD WAS SET OR TIED.
MM INDICATES DATA IS MISSING.
T  INDICATES TRACE AMOUNT.

27TH: TEMP OF 98 BREAKS PREVIOUS RECORD OF 96 SET IN 2002.
28TH: TEMP OF 101 BREAKS PREVIOUS RECORD OF 99 SET IN 2013.

&&

$$
