000
CXUS51 KPBZ 251425
CLMPIT


CLIMATE REPORT
NATIONAL WEATHER SERVICE PITTSBURGH PA
1025 AM EDT THU SEP 25 2014

...................................

...THE PITTSBURGH CLIMATE SUMMARY FOR THE YEAR OF 2013...

CLIMATE NORMAL PERIOD 1981 TO 2010
CLIMATE RECORD PERIOD 1871 TO 2014

WEATHER         OBSERVED          NORMAL  DEPART  LAST YEAR`S
                 VALUE   DATE(S)  VALUE   FROM    VALUE  DATE(S)
                                          NORMAL
................................................................
TEMPERATURE (F)
RECORD
 HIGH             103   07/16/1988
                        08/06/1918
                        07/10/1881
 LOW              -22   01/19/1994
HIGHEST            91                        MM       98  07/07
LOWEST              4                        MM        3  01/20
AVG. MAXIMUM     60.3              60.7    -0.4     64.0
AVG. MINIMUM     42.8              42.0     0.8     44.4
MEAN             51.5              51.4     0.1     54.2
DAYS MAX >= 90      6               6.9    -0.9       20
DAYS MAX <= 32     37              32.0     5.0       18
DAYS MIN <= 32    126             111.5    14.5      108
DAYS MIN <= 0       0               2.3    -2.3        0

PRECIPITATION (INCHES)
RECORD
 MAXIMUM        52.94   2004
 MINIMUM        32.33   2002
TOTALS          36.65             38.19   -1.54
DAILY AVG.       0.10              0.10    0.00     0.11
DAYS >= .01       165             151.2    13.8      145
DAYS >= .10        77              83.1    -6.1       88
DAYS >= .50        25              24.3     0.7       30
DAYS >= 1.00        5               5.9    -0.9        8
GREATEST
 24 HR. TOTAL    2.66   MM                       12/31 TO 12/31
                                                          12/31 TO 12/31
                                                          12/31 TO 12/31

SNOWFALL (INCHES)
RECORDS
 TOTAL           78.8   2010
 24 HR TOTAL     11.4   MM
TOTALS           67.3              41.4    25.9     48.6
SINCE 7/1        24.4              10.7    13.7     14.5
SNOWDEPTH AVG.      0                MM      MM        0
DAYS >= TRACE      93
DAYS >= 1.0        28              12.8    15.2       17
GREATEST
 24 HR TOTAL      5.0   MM                           5.2

DEGREE_DAYS
HEATING TOTAL    5612              5710     -98     4861
 SINCE 7/1         MM              2175      MM       MM
COOLING TOTAL     831               736      95     1025
 SINCE 1/1        831               736      95     1025
..................................................

WIND (MPH)
AVERAGE WIND SPEED              7.0
HIGHEST WIND SPEED/DIRECTION    41/270    DATE  11/17
HIGHEST GUST SPEED/DIRECTION    55/270    DATE  11/17

AVERAGE RH (PERCENT)     68

WEATHER CONDITIONS. NUMBER OF DAYS WITH
THUNDERSTORM              0     MIXED PRECIP               3
HEAVY RAIN               18     RAIN                      40
LIGHT RAIN              146     FREEZING RAIN              2
LT FREEZING RAIN         10     HAIL                       2
HEAVY SNOW                1     SNOW                      35
LIGHT SNOW               88     SLEET                      5
FOG                     213     FOG W/VIS <= 1/4 MILE     11
HAZE                    126

-  INDICATES NEGATIVE NUMBERS.
R  INDICATES RECORD WAS SET OR TIED.
MM INDICATES DATA IS MISSING.
T  INDICATES TRACE AMOUNT.

$$
