000
CXUS51 KALY 010652
CLMPSF


CLIMATE REPORT
NATIONAL WEATHER SERVICE ALBANY NY
149 AM EST WED FEB 1 2017

...................................

...THE PITTSFIELD MA CLIMATE SUMMARY FOR THE MONTH OF JANUARY 2017...

CLIMATE NORMAL PERIOD 1981 TO 2010
CLIMATE RECORD PERIOD 9999 TO 9999

WEATHER         OBSERVED          NORMAL  DEPART  LAST YEAR`S
                 VALUE   DATE(S)  VALUE   FROM    VALUE  DATE(S)
                                          NORMAL
................................................................
TEMPERATURE (F)
HIGHEST            53   01/12                         55  01/10
LOWEST             -4   01/09                          1  01/05
                                                          01/04
AVG. MAXIMUM     34.3              28.9     5.4     33.3
AVG. MINIMUM     21.2              11.6     9.6     16.4
MEAN             27.7              20.2     7.5     24.8
DAYS MAX >= 90      0               0.0     0.0        0
DAYS MAX <= 32     10              19.2    -9.2       12
DAYS MIN <= 32     27              30.4    -3.4       28
DAYS MIN <= 0       1               6.0    -5.0        0

PRECIPITATION (INCHES)
TOTALS           2.72              2.92   -0.20     1.09
DAILY AVG.       0.09              0.09    0.00     0.04
DAYS >= .01        13                                  4
DAYS >= .10         8                                  2
DAYS >= .50         1                                  1
DAYS >= 1.00        0                                  0
GREATEST
 24 HR. TOTAL    0.57   01/23 TO 01/24

DEGREE_DAYS
HEATING TOTAL    1147              1387    -240     1197
 SINCE 7/1       3732              4225    -493     3347
COOLING TOTAL       0                 0       0        0
 SINCE 1/1          0                 0       0        0

FREEZE DATES
EARLIEST                        10/04
LATEST                          05/07
.................................................................

WIND (MPH)
AVERAGE WIND SPEED              7.6
HIGHEST WIND SPEED/DIRECTION    37/270    DATE  01/04
HIGHEST GUST SPEED/DIRECTION    47/270    DATE  01/13

SKY COVER
AVERAGE SKY COVER           0.70

AVERAGE RH (PERCENT)     73

WEATHER CONDITIONS. NUMBER OF DAYS WITH
THUNDERSTORM              0     MIXED PRECIP               0
HEAVY RAIN                0     RAIN                       4
LIGHT RAIN                9     FREEZING RAIN              1
LT FREEZING RAIN          2     HAIL                       0
HEAVY SNOW                0     SNOW                       1
LIGHT SNOW               14     SLEET                      0
FOG                      19     FOG W/VIS <= 1/4 MILE      2
HAZE                      9

-  INDICATES NEGATIVE NUMBERS.
R  INDICATES RECORD WAS SET OR TIED.
MM INDICATES DATA IS MISSING.
T  INDICATES TRACE AMOUNT.

$$
