000
CXUS51 KALY 010631
CLMPSF


CLIMATE REPORT
NATIONAL WEATHER SERVICE ALBANY NY
230 AM EDT TUE JUL 1 2014

...................................

...THE PITTSFIELD MA CLIMATE SUMMARY FOR THE MONTH OF JUNE 2014...

CLIMATE NORMAL PERIOD 1981 TO 2010
CLIMATE RECORD PERIOD 9999 TO 9999

WEATHER         OBSERVED          NORMAL  DEPART  LAST YEAR`S
                 VALUE   DATE(S)  VALUE   FROM    VALUE  DATE(S)
                                          NORMAL
................................................................
TEMPERATURE (F)
HIGHEST            84   06/03                         87  06/01
LOWEST             42R  06/01                         42  06/20
AVG. MAXIMUM     75.1              74.2     0.9     74.1
AVG. MINIMUM     53.4              52.8     0.6     53.9
MEAN             64.3              63.5     0.8     64.0
DAYS MAX >= 90      0               0.2    -0.2        0
DAYS MAX <= 32      0               0.0     0.0        0
DAYS MIN <= 32      0               0.1    -0.1        0
DAYS MIN <= 0       0               0.0     0.0        0

PRECIPITATION (INCHES)
TOTALS           5.35              4.40    0.95     7.37
DAILY AVG.       0.18              0.15    0.03     0.25
DAYS >= .01         8                                 15
DAYS >= .10         4                                 13
DAYS >= .50         2                                  5
DAYS >= 1.00        1                                  2
GREATEST
 24 HR. TOTAL    4.00   06/25 TO 06/25

DEGREE_DAYS
HEATING TOTAL      58               101     -43      108
 SINCE 7/1       7735              7461     274     7037
COOLING TOTAL      43                56     -13       86
 SINCE 1/1         49                69     -20      111

FREEZE DATES
EARLIEST      03/01             10/04
LATEST        05/07             05/07
.................................................................

WIND (MPH)
AVERAGE WIND SPEED              5.1
HIGHEST WIND SPEED/DIRECTION    28/300    DATE  06/18
HIGHEST GUST SPEED/DIRECTION    38/300    DATE  06/18

SKY COVER
AVERAGE SKY COVER           0.40

AVERAGE RH (PERCENT)     72

WEATHER CONDITIONS. NUMBER OF DAYS WITH
THUNDERSTORM              0     MIXED PRECIP               0
HEAVY RAIN                2     RAIN                       4
LIGHT RAIN               12     FREEZING RAIN              0
LT FREEZING RAIN          0     HAIL                       0
HEAVY SNOW                0     SNOW                       0
LIGHT SNOW                0     SLEET                      0
FOG                      20     FOG W/VIS <= 1/4 MILE      6
HAZE                      4

-  INDICATES NEGATIVE NUMBERS.
R  INDICATES RECORD WAS SET OR TIED.
MM INDICATES DATA IS MISSING.
T  INDICATES TRACE AMOUNT.

$$
