000
CXUS56 KSGX 011614
CLMPSP


CLIMATE REPORT
NATIONAL WEATHER SERVICE SAN DIEGO, CA
914 AM PDT TUE AUG 1 2017

...................................

...THE PALM SPRINGS INTL AIRPORT CA CLIMATE SUMMARY FOR THE MONTH OF JULY 2017...

CLIMATE NORMAL PERIOD 1981 TO 2010
CLIMATE RECORD PERIOD 1893 TO 2017

WEATHER         OBSERVED          NORMAL  DEPART  LAST YEAR`S
                 VALUE   DATE(S)  VALUE   FROM    VALUE  DATE(S)
                                          NORMAL
................................................................
TEMPERATURE (F)
RECORD
 HIGH             123   07/29/1995
                        07/28/1995
                        07/10/1979
 LOW               54   07/02/1979
                        07/03/1935
HIGHEST           122   07/07       108      14      117  07/27
                                                          07/21
LOWEST             75   07/03        76      -1       74  07/12
                                                          07/06
AVG. MAXIMUM    110.4             107.3     3.1    109.2
AVG. MINIMUM     83.3              77.3     6.0     81.3
MEAN             96.8              92.3     4.5     95.3
DAYS MAX >= 90     31              31.0     0.0       31
DAYS MAX <= 32      0               0.0     0.0        0
DAYS MAX >= 100    31                                 31
DAYS MAX >= 110    18                                 12
DAYS MIN <= 32      0               0.0     0.0        0

PRECIPITATION (INCHES)
RECORD
 MAXIMUM         2.80   1948
 MINIMUM         0.00   2016
                        2009
                        2005
TOTALS           0.08              0.25   -0.17     0.00
DAILY AVG.       0.00              0.01   -0.01     0.00
DAYS >= .01         2                MM      MM        0
DAYS >= .10         0                MM      MM        0
DAYS >= .50         0                MM      MM        0
DAYS >= 1.00        0                MM      MM        0
DAYS >= 1.50        0                                  0
DAYS >= 2.00        0                                  0
GREATEST
 24 HR. TOTAL    0.06   07/24 TO 07/24           07/15 TO 07/16
                                                          07/31 TO 07/31
                                                          07/31 TO 07/31
 STORM TOTAL       MM                                 MM
 (MM/DD(HH))            MM                    07/16(00) TO 07/16(00)
                                                 07/31(00) TO 07/31(00)1
                                                 07/31(00) TO 07/31(00)1

DEGREE_DAYS
HEATING TOTAL       0                 0       0        0
 SINCE 7/1          0                 0       0        0
COOLING TOTAL     995               846     149      946
 SINCE 1/1       2937              2252     685     2746

FREEZE DATES
RECORD
 EARLIEST     10/24/1951
 LATEST       03/13/1956
EARLIEST                        12/16
LATEST                          01/29
..................................................

WIND (MPH)
AVERAGE WIND SPEED              6.2
RESULTANT WIND SPEED/DIRECTION   2/003
HIGHEST WIND SPEED/DIRECTION    24/320    DATE  07/12
HIGHEST GUST SPEED/DIRECTION    33/330    DATE  07/11

SKY COVER
POSSIBLE SUNSHINE (PERCENT)   MM
AVERAGE SKY COVER           0.00
NUMBER OF DAYS FAIR           31
NUMBER OF DAYS PC              0
NUMBER OF DAYS CLOUDY          0

AVERAGE RH (PERCENT)     29

WEATHER CONDITIONS. NUMBER OF DAYS WITH
THUNDERSTORM              0     MIXED PRECIP               0
HEAVY RAIN                1     RAIN                       1
LIGHT RAIN                2     FREEZING RAIN              0
LT FREEZING RAIN          0     HAIL                       0
HEAVY SNOW                0     SNOW                       0
LIGHT SNOW                0     SLEET                      0
FOG                       0     FOG W/VIS <= 1/4 MILE      0
HAZE                      1

-  INDICATES NEGATIVE NUMBERS.
R  INDICATES RECORD WAS SET OR TIED.
MM INDICATES DATA IS MISSING.
T  INDICATES TRACE AMOUNT.

$$
