000
CXUS56 KSGX 011835
CLMPSP


CLIMATE REPORT
NATIONAL WEATHER SERVICE SAN DIEGO, CA
1035 AM PST MON JAN 1 2018

...................................

...THE PALM SPRINGS INTL AIRPORT CA CLIMATE SUMMARY FOR THE MONTH OF DECEMBER 2017...

CLIMATE NORMAL PERIOD 1981 TO 2010
CLIMATE RECORD PERIOD 1893 TO 2017

WEATHER         OBSERVED          NORMAL  DEPART  LAST YEAR`S
                 VALUE   DATE(S)  VALUE   FROM    VALUE  DATE(S)
                                          NORMAL
................................................................
TEMPERATURE (F)
RECORD
 HIGH              93   12/03/1958
                        12/07/1938
 LOW               23   12/25/1953
HIGHEST            85   12/12        70      15       76  12/14
                        12/11
LOWEST             41   12/22        43      -2       38  12/25
                                                          12/18
AVG. MAXIMUM     75.4              67.1     8.3     67.2
AVG. MINIMUM     49.9              44.4     5.5     47.5
MEAN             62.6              55.7     6.9     57.4
DAYS MAX >= 90      0               0.0     0.0        0
DAYS MAX <= 32      0               0.0     0.0        0
DAYS MAX >= 100     0                                  0
DAYS MAX >= 110     0                                  0
DAYS MIN <= 32      0               0.1    -0.1        0

PRECIPITATION (INCHES)
RECORD
 MAXIMUM         5.92   1940
 MINIMUM         0.00   2005
                        1999
TOTALS           0.00R             0.88   -0.88     1.50
DAILY AVG.       0.00              0.03   -0.03     0.05
DAYS >= .01         0                MM      MM        7
DAYS >= .10         0                MM      MM        4
DAYS >= .50         0                MM      MM        2
DAYS >= 1.00        0                MM      MM        0
DAYS >= 1.50        0                                  0
DAYS >= 2.00        0                                  0
GREATEST
 24 HR. TOTAL    0.00   12/31 TO 12/31           12/21 TO 12/22
                                                          12/30 TO 12/30
                                                          12/30 TO 12/30
 STORM TOTAL       MM                                 MM
 (MM/DD(HH))            MM                    12/22(00) TO 12/22(00)
                                                 12/30(00) TO 12/30(00)0
                                                 12/30(00) TO 12/30(00)0

DEGREE_DAYS
HEATING TOTAL      94               290    -196      221
 SINCE 7/1         94               386    -292      282
COOLING TOTAL      29                 4      25        1
 SINCE 1/1       5220              4141    1079     4809

FREEZE DATES
RECORD
 EARLIEST     10/24/1951
 LATEST       03/13/1956
EARLIEST                        12/16
LATEST                          01/29
.................................................

WIND (MPH)
AVERAGE WIND SPEED              5.2
RESULTANT WIND SPEED/DIRECTION   3/340
HIGHEST WIND SPEED/DIRECTION    33/320    DATE  12/20
HIGHEST GUST SPEED/DIRECTION    45/030    DATE  12/21

SKY COVER
POSSIBLE SUNSHINE (PERCENT)   MM
AVERAGE SKY COVER           0.00
NUMBER OF DAYS FAIR           31
NUMBER OF DAYS PC              0
NUMBER OF DAYS CLOUDY          0

AVERAGE RH (PERCENT)     24

WEATHER CONDITIONS. NUMBER OF DAYS WITH
THUNDERSTORM              0     MIXED PRECIP               0
HEAVY RAIN                0     RAIN                       0
LIGHT RAIN                0     FREEZING RAIN              0
LT FREEZING RAIN          0     HAIL                       0
HEAVY SNOW                0     SNOW                       0
LIGHT SNOW                0     SLEET                      0
FOG                       0     FOG W/VIS <= 1/4 MILE      0
HAZE                      0

-  INDICATES NEGATIVE NUMBERS.
R  INDICATES RECORD WAS SET OR TIED.
MM INDICATES DATA IS MISSING.
T  INDICATES TRACE AMOUNT.

$$
