000
CXUS51 KBOX 010800
CLMPVD


CLIMATE REPORT
NATIONAL WEATHER SERVICE TAUNTON MA
350 AM EDT SAT AUG 1 2015

...................................

...THE PROVIDENCE RI CLIMATE SUMMARY FOR THE MONTH OF JULY 2015...

CLIMATE NORMAL PERIOD 1981 TO 2010
CLIMATE RECORD PERIOD 1904 TO 2015

WEATHER         OBSERVED          NORMAL  DEPART  LAST YEAR`S
                 VALUE   DATE(S)  VALUE   FROM    VALUE
                                          NORMAL
.............................................................
TEMPERATURE (F)
RECORD
 HIGH             102   MM
 LOW               49   12/31/1999
HIGHEST            93   07/29
                        07/20
LOWEST             57   07/17
AVG. MAXIMUM     83.5              82.8     0.7
AVG. MINIMUM     65.6              64.2     1.4
MEAN             74.5              73.5     1.0     74.1
DAYS MAX >= 90      2               4.1    -2.1
DAYS MAX <= 32      0               0.0     0.0
DAYS MIN <= 32      0               0.0     0.0
DAYS MIN <= 0       0               0.0     0.0

PRECIPITATION (INCHES)
RECORD
 MAXIMUM        10.52   2009
 MINIMUM         0.24   1952
TOTALS           2.34              3.29   -0.95
DAYS >= .01        10               9.4     0.6
DAYS >= .10         5               6.0    -1.0
DAYS >= .50         1               2.1    -1.1        1
DAYS >= 1.00        0               0.8    -0.8
GREATEST
 24 HR. TOTAL    0.70   06/30 TO 07/01
                        07/01 TO 07/01
                        07/01 TO 07/02

SNOWFALL (INCHES)
RECORDS
 TOTAL             MM   MM
 SNOW DEPTH        MM   MM
TOTALS            0.0               0.0     0.0
SINCE 7/1         0.0               0.0     0.0
SNOWDEPTH AVG.      0
DAYS >= 1.0         0               0.0     0.0
GREATEST
 SNOW DEPTH         0   MM
 24 HR TOTAL      0.0   07/31 TO 07/31

DEGREE_DAYS
HEATING TOTAL       0                 3      -3
 SINCE 7/1          0                 3      -3
COOLING TOTAL     304               266      38
 SINCE 1/1        486               424      62
..............................................................

WIND (MPH)
AVERAGE WIND SPEED              7.4
RESULTANT WIND SPEED/DIRECTION   3/227
HIGHEST WIND SPEED/DIRECTION    26/050    DATE  07/28
HIGHEST GUST SPEED/DIRECTION    32/220    DATE  07/30

SKY COVER
POSSIBLE SUNSHINE (PERCENT)   MM
AVERAGE SKY COVER           0.50
NUMBER OF DAYS FAIR            6
NUMBER OF DAYS PC             21
NUMBER OF DAYS CLOUDY          4

AVERAGE RH (PERCENT)     70

WEATHER CONDITIONS. NUMBER OF DAYS WITH
THUNDERSTORM              0     MIXED PRECIP               0
HEAVY RAIN                4     RAIN                       5
LIGHT RAIN               13     FREEZING RAIN              0
LT FREEZING RAIN          0     HAIL                       0
HEAVY SNOW                0     SNOW                       0
LIGHT SNOW                0     SLEET                      0
FOG                      16     FOG W/VIS <= 1/4 MILE      0
HAZE                      7

-  INDICATES NEGATIVE NUMBERS.
R  INDICATES RECORD WAS SET OR TIED.
MM INDICATES DATA IS MISSING.
T  INDICATES TRACE AMOUNT.

$$
