000
CXUS51 KPHI 031511
CLMRDG


CLIMATE REPORT
NATIONAL WEATHER SERVICE MOUNT HOLLY NJ
1011 AM EST WED FEB 3 2016

...................................

...THE READING CLIMATE SUMMARY FOR THE MONTH OF JANUARY 2016...

CLIMATE NORMAL PERIOD 1981 TO 2010
CLIMATE RECORD PERIOD 1869 TO 2016

WEATHER         OBSERVED          NORMAL  DEPART  LAST YEAR`S
                 VALUE   DATE(S)  VALUE   FROM    VALUE  DATE(S)
                                          NORMAL
................................................................
TEMPERATURE (F)
RECORD
 HIGH              77   01/26/1950
 LOW              -20   01/21/1994
HIGHEST            63                MM      MM       49
LOWEST             10                MM      MM        6
AVG. MAXIMUM     38.8              37.7     1.1     33.8
AVG. MINIMUM     20.6              21.7    -1.1     18.5
MEAN             29.7              29.7     0.0     26.2
DAYS MAX >= 90      0               0.0     0.0        0
DAYS MAX <= 32      7               9.6    -2.6       13
DAYS MIN <= 32     27              26.8     0.2       30
DAYS MIN <= 0       0               0.2    -0.2        0

PRECIPITATION (INCHES)
RECORD
 MAXIMUM        10.27   1979
 MINIMUM         0.48   1970
TOTALS           3.53              3.05    0.48     2.31
DAILY AVG.       0.11              0.10    0.01     0.07
DAYS >= .01         6                MM      MM       10
DAYS >= .10         5                MM      MM        6
DAYS >= .50         2                MM      MM        3
DAYS >= 1.00        2                MM      MM        0
GREATEST
 24 HR. TOTAL    2.00   01/23 TO 01/23              0.68

SNOWFALL (INCHES)
RECORDS
 TOTAL             MM   5
 24 HR TOTAL       MM
TOTALS             MM                MM      MM       MM
SINCE 7/1          MM                MM      MM       MM
SNOWDEPTH AVG.     MM                MM      MM       MM
DAYS >= 1.0         0                MM      MM        0
GREATEST
 SNOW DEPTH        MM                                 MM  MM
 24 HR TOTAL       MM                                 MM

DEGREE_DAYS
HEATING TOTAL    1087              1094      -7     1194
 SINCE 7/1       2471              3125    -654     3064
COOLING TOTAL       0                 0       0        0
 SINCE 1/1          0                 0       0        0
.................................................................

WIND (MPH)
AVERAGE WIND SPEED              7.6
HIGHEST WIND SPEED/DIRECTION    31/310    DATE  01/19
HIGHEST GUST SPEED/DIRECTION    44/270    DATE  01/10

SKY COVER
POSSIBLE SUNSHINE (PERCENT)   MM
AVERAGE SKY COVER           0.40
NUMBER OF DAYS FAIR           13
NUMBER OF DAYS PC             11
NUMBER OF DAYS CLOUDY          7

AVERAGE RH (PERCENT)     61

WEATHER CONDITIONS. NUMBER OF DAYS WITH
THUNDERSTORM              0     MIXED PRECIP               0
HEAVY RAIN                1     RAIN                       3
LIGHT RAIN                6     FREEZING RAIN              0
LT FREEZING RAIN          1     HEAVY SNOW                 2
SNOW                      2     LIGHT SNOW                 6
SLEET                     0     FOG                       11
FOG W/VIS <= 1/4 MILE     1     HAZE                      12

-  INDICATES NEGATIVE NUMBERS.
R  INDICATES RECORD WAS SET OR TIED.
MM INDICATES DATA IS MISSING.
T  INDICATES TRACE AMOUNT.

$$
