939
CXUS51 KPHI 011145
CLMRDG


CLIMATE REPORT
NATIONAL WEATHER SERVICE MOUNT HOLLY NJ
743 AM EDT FRI SEP 1 2017

...................................

...THE READING PA CLIMATE SUMMARY FOR THE MONTH OF AUGUST 2017...

CLIMATE NORMAL PERIOD 1981 TO 2010
CLIMATE RECORD PERIOD 1869 TO 2017

WEATHER         OBSERVED          NORMAL  DEPART  LAST YEAR`S
                 VALUE   DATE(S)  VALUE   FROM    VALUE
                                          NORMAL
.............................................................
TEMPERATURE (F)
RECORD
 HIGH             105   08/07/1918
 LOW               42   08/31/1986
                        08/30/1986
                        08/29/1986
HIGHEST            91                MM      MM       96
LOWEST             54                MM      MM       55
AVG. MAXIMUM     81.3              83.4    -2.1     87.5
AVG. MINIMUM     62.0              62.5    -0.5     67.3
MEAN             71.6              73.0    -1.4     77.4
DAYS MAX >= 90      2               3.9    -1.9       10
DAYS MAX <= 32      0               0.0     0.0        0
DAYS MIN <= 32      0               0.0     0.0        0
DAYS MIN <= 0       0               0.0     0.0        0

PRECIPITATION (INCHES)
RECORD
 MAXIMUM        14.85   1955
 MINIMUM         0.17   1995
TOTALS           6.30              3.64    2.66     4.72
DAILY AVG.       0.20              0.12    0.08     0.15
DAYS >= .01        16                MM      MM       12
DAYS >= .10        13                MM      MM       10
DAYS >= .50         4                MM      MM        3
DAYS >= 1.00        1                MM      MM        2
GREATEST
 24 HR. TOTAL    1.86   08/18 TO 08/18              1.45

DEGREE_DAYS
HEATING TOTAL       4                 4       0        0
 SINCE 7/1          4                 5      -1        0
COOLING TOTAL     217               251     -34      393
 SINCE 1/1        889               803      86     1142
..............................................................

WIND (MPH)
AVERAGE WIND SPEED              3.9
HIGHEST WIND SPEED/DIRECTION    33/190    DATE  08/03
HIGHEST GUST SPEED/DIRECTION    43/190    DATE  08/03

SKY COVER
POSSIBLE SUNSHINE (PERCENT)   MM
AVERAGE SKY COVER           0.40
NUMBER OF DAYS FAIR           17
NUMBER OF DAYS PC             10
NUMBER OF DAYS CLOUDY          4

AVERAGE RH (PERCENT)     78

WEATHER CONDITIONS. NUMBER OF DAYS WITH
THUNDERSTORM              0     MIXED PRECIP               0
HEAVY RAIN                9     RAIN                       8
LIGHT RAIN               15     FREEZING RAIN              0
LT FREEZING RAIN          0     HEAVY SNOW                 0
SNOW                      0     LIGHT SNOW                 0
SLEET                     0     FOG                       25
FOG W/VIS <= 1/4 MILE     3     HAZE                       2

-  INDICATES NEGATIVE NUMBERS.
R  INDICATES RECORD WAS SET OR TIED.
MM INDICATES DATA IS MISSING.
T  INDICATES TRACE AMOUNT.

$$
