960
CXUS51 KPHI 010833
CLMRDG


CLIMATE REPORT
NATIONAL WEATHER SERVICE MOUNT HOLLY NJ
432 AM EDT WED NOV 1 2017

...................................

...THE READING PA CLIMATE SUMMARY FOR THE MONTH OF OCTOBER 2017...

CLIMATE NORMAL PERIOD 1981 TO 2010
CLIMATE RECORD PERIOD 1869 TO 2017

WEATHER         OBSERVED          NORMAL  DEPART  LAST YEAR`S
                 VALUE   DATE(S)  VALUE   FROM    VALUE
                                          NORMAL
.............................................................
TEMPERATURE (F)
RECORD
 HIGH              94   10/05/1941
 LOW               20   10/28/1976
                        10/24/1969
HIGHEST            83                MM      MM       85
LOWEST             35                MM      MM       29
AVG. MAXIMUM     70.8              64.2     6.6     67.5
AVG. MINIMUM     49.8              43.2     6.6     46.2
MEAN             60.3              53.7     6.6     56.8
DAYS MAX >= 90      0               0.0     0.0        0
DAYS MAX <= 32      0               0.0     0.0        0
DAYS MIN <= 32      0               1.5    -1.5        1
DAYS MIN <= 0       0               0.0     0.0        0

PRECIPITATION (INCHES)
RECORD
 MAXIMUM        11.66   2005
 MINIMUM         0.04   1924
TOTALS           2.92              3.22   -0.30     0.88
DAILY AVG.       0.09              0.10   -0.01     0.03
DAYS >= .01        10                MM      MM        9
DAYS >= .10         8                MM      MM        3
DAYS >= .50         2                MM      MM        0
DAYS >= 1.00        1                MM      MM        0
GREATEST
 24 HR. TOTAL    1.24   10/29 TO 10/30              1.11

DEGREE_DAYS
HEATING TOTAL     192               359    -167      269
 SINCE 7/1        252               438    -186      301
COOLING TOTAL      54                 9      45       23
 SINCE 1/1       1086               896     190     1356
..............................................................

WIND (MPH)
AVERAGE WIND SPEED              5.4
HIGHEST WIND SPEED/DIRECTION    29/290    DATE  10/30
HIGHEST GUST SPEED/DIRECTION    42/290    DATE  10/30

SKY COVER
POSSIBLE SUNSHINE (PERCENT)   MM
AVERAGE SKY COVER           0.40
NUMBER OF DAYS FAIR           17
NUMBER OF DAYS PC              7
NUMBER OF DAYS CLOUDY          7

AVERAGE RH (PERCENT)     76

WEATHER CONDITIONS. NUMBER OF DAYS WITH
THUNDERSTORM              0     MIXED PRECIP               0
HEAVY RAIN                5     RAIN                       6
LIGHT RAIN               14     FREEZING RAIN              0
LT FREEZING RAIN          0     HEAVY SNOW                 0
SNOW                      0     LIGHT SNOW                 0
SLEET                     0     FOG                       19
FOG W/VIS <= 1/4 MILE     0     HAZE                       1

-  INDICATES NEGATIVE NUMBERS.
R  INDICATES RECORD WAS SET OR TIED.
MM INDICATES DATA IS MISSING.
T  INDICATES TRACE AMOUNT.

$$
