000
CXUS56 KPDT 031439
CLMRDM

CLIMATE REPORT
NATIONAL WEATHER SERVICE PENDLETON OREGON
737 AM PDT MON AUG 03 2015

....................................

...THE REDMOND OR CLIMATE SUMMARY FOR THE MONTH OF JULY 2015...

CLIMATE NORMAL PERIOD 1981 TO 2010
CLIMATE RECORD PERIOD 1949 TO 2015

WEATHER         OBSERVED          NORMAL  DEPART  LAST YEAR`S
                 VALUE   DATE(S)  VALUE   FROM    VALUE  DATE(S)
                                          NORMAL

................................................................

TEMPERATURE (F)
RECORD
 HIGH             105   7/22/1959
 LOW               28   7/14/1962
HIGHEST           101   7/30       92         9           100   7/29
LOWEST             36   7/28       31         5            33   7/24
AVG. MAXIMUM     87.0            85.6       1.4          90.5
AVG. MINUMUM     47.9            46.2       1.7          49.5
MEAN             67.5            65.9       1.6          70.0
DAYS MAX >= 90     13              11         2            21

PRECIPITATION (INCHES)
RECORD
 MAXIMUM          3.73   1987
 MINIMUM          0.00   1988
TOTALS            0.44            0.53     -0.09          0.29
DAILY AVG.        0.01            0.02     -0.01          0.01
DAYS >=  0.01        4               3         1             4
DAYS >=  0.10        1               1         0             1
DAYS >=  0.50        0               0         0             0
DAYS >=  1.00        0               0         0             0
GREATEST
 24 HR. TOTAL     0.20   7/ 6


DEGREE DAYS
HEATING TOTAL       48              68       -20            31
 SINCE 7/1          48              68       -20            31
COOLING TOTAL      134             100        34           193
 SINCE 1/1         250             122       128           194

.............................................................

WIND (MPH)
AVERAGE WIND SPEED                     6.1
RESULTANT WIND SPEED/DIRECTION         3/246
HIGHEST WIND SPEED/DIRECTION          32/260      DATE          07/06
HIGHEST GUST SPEED/DIRECTION          45/290      DATE          07/06


WEATHER CONDITIONS. NUMBER OF DAYS WITH
THUNDERSTORM               3    MIXED PRECIP                           0
HEAVY RAIN                 1    RAIN                                   1
LIGHT RAIN                10    FREEZING RAIN                          0
LT FREEZING RAIN           0    HAIL                                   0
HEAVY SNOW                 0    SNOW                                   0
LIGHT SNOW                 0    SLEET                                  0
FOG                        0    FOG W/VIS <=1/4 MILE                   0
HAZE                       0

-  INDICATES NEGATIVE NUMBERS.
R  INDICATES RECORD WAS SET OR TIED.
MM INDICATES DATA IS MISSING.
T  INDICATES TRACE AMOUNT.

$$
