000
CXUS56 KPDT 011412
CLMRDM

CLIMATE REPORT
NATIONAL WEATHER SERVICE PENDLETON OREGON
711 AM PDT MON SEP 01 2014

....................................

...THE REDMOND OR CLIMATE SUMMARY FOR THE MONTH OF AUGUST 2014...

CLIMATE NORMAL PERIOD 1981 TO 2010
CLIMATE RECORD PERIOD 1949 TO 2014

WEATHER         OBSERVED          NORMAL  DEPART  LAST YEAR`S
                 VALUE   DATE(S)  VALUE   FROM    VALUE  DATE(S)
                                          NORMAL

................................................................

TEMPERATURE (F)
RECORD
 HIGH             108   8/ 7/1972
 LOW               25   8/28/1960
HIGHEST            96   8/11       91         5            94   8/ 6
LOWEST             40   8/24       30        10            41   8/ 3
AVG. MAXIMUM     84.8            84.8       0.0          85.9
AVG. MINUMUM     48.5            45.2       3.3          48.8
MEAN             66.7            65.0       1.7          67.4
DAYS MAX >= 90      8              10        -2             9
DAYS MAX <= 32      0               2        -2             0
DAYS MIN <= 32      0               3        -3             0
DAYS MIN <= 0       0               2        -2             0


PRECIPITATION (INCHES)
RECORD
 MAXIMUM          2.54   1976
 MINIMUM          0.00   1992
TOTALS            0.96            0.50      0.46          1.16
DAILY AVG.        0.03            0.02      0.01          0.04
DAYS >=  0.01        9               3         6             6
DAYS >=  0.10        3               1         2             2
DAYS >=  0.50        0               0         0             1
DAYS >=  1.00        0               0         0             0
GREATEST
 24 HR. TOTAL     0.37   8/12



SNOWFALL (INCHES)
RECORD
 MAXIMUM           0.0   1995
 MINIMUM           0.0   2012
TOTALS             0.0             0.0       0.0           0.0
SINCE 7/1          0.0             0.0       0.0           0.0
DAYS >=  TRACE                       0         0
DAYS >=  1.0         0               0         0             0
GREATEST
 24 HR. TOTAL      0.0   8/31


DEGREE DAYS
HEATING TOTAL       43              81       -38            16
 SINCE 7/1          74             149       -75            36
COOLING TOTAL      103              80        23            99
 SINCE 1/1         297             202        95           314

.............................................................

WIND (MPH)
AVERAGE WIND SPEED                     6.2
RESULTANT WIND SPEED/DIRECTION         3/262
HIGHEST WIND SPEED/DIRECTION          26/230      DATE          08/10
HIGHEST GUST SPEED/DIRECTION          38/310      DATE          08/24


WEATHER CONDITIONS. NUMBER OF DAYS WITH
THUNDERSTORM               8    MIXED PRECIP                           0
HEAVY RAIN                 2    RAIN                                   4
LIGHT RAIN                10    FREEZING RAIN                          0
LT FREEZING RAIN           0    HAIL                                   0
HEAVY SNOW                 0    SNOW                                   0
LIGHT SNOW                 0    SLEET                                  0
FOG                        3    FOG W/VIS <=1/4 MILE                   0
HAZE                       1

-  INDICATES NEGATIVE NUMBERS.
R  INDICATES RECORD WAS SET OR TIED.
MM INDICATES DATA IS MISSING.
T  INDICATES TRACE AMOUNT.

$$
