000
CXUS53 KGRB 020904
CLMRHI


CLIMATE REPORT
NATIONAL WEATHER SERVICE GREEN BAY
403 AM CDT SUN AUG 2 2015

...................................

...THE RHINELANDER WI CLIMATE SUMMARY FOR THE MONTH OF JULY 2015...

CLIMATE NORMAL PERIOD 1981 TO 2010
CLIMATE RECORD PERIOD 1908 TO 2015

WEATHER         OBSERVED          NORMAL  DEPART  LAST YEAR`S
                 VALUE   DATE(S)  VALUE   FROM    VALUE  DATE(S)
                                          NORMAL
................................................................
TEMPERATURE (F)
RECORD
 HIGH             108   07/13/1936
 LOW               31   07/13/1930
HIGHEST            88   07/27        90      -2       84  07/21
LOWEST             37   07/01        42      -5       39  07/04
AVG. MAXIMUM     79.4              79.0     0.4     73.6
AVG. MINIMUM     53.1              54.5    -1.4     51.1
MEAN             66.2              66.8    -0.6     62.4
DAYS MAX >= 90      0               1.0    -1.0        0
DAYS MAX <= 32      0               0.0     0.0        0
DAYS MIN <= 32      0               0.0     0.0        0
DAYS MIN <= 0       0               0.0     0.0        0

PRECIPITATION (INCHES)
RECORD
 MAXIMUM        10.24   2000
 MINIMUM         0.63   1989
TOTALS           3.06              4.02   -0.96     3.99
DAILY AVG.       0.10              0.13   -0.03     0.13
DAYS >= .01         7                MM      MM       13
DAYS >= .10         5                MM      MM        6
DAYS >= .50         2                MM      MM        3
DAYS >= 1.00        2                MM      MM        1
GREATEST
 STORM TOTAL       MM
 (MM/DD(HH))            MM

SNOWFALL (INCHES)
RECORDS
 TOTAL            0.0   MM
TOTALS            0.0                MM      MM      0.0
SINCE 7/1         0.0                MM      MM      0.0
DAYS >= TRACE       0                MM      MM        0
DAYS >= 1.0         0                MM      MM        0
GREATEST
 SNOW DEPTH         0   MM                             0  MM
 24 HR TOTAL      0.0   07/31 TO 07/31

DEGREE_DAYS
HEATING TOTAL      49                51      -2      124
 SINCE 7/1         49                51      -2      124
COOLING TOTAL      95               105     -10       49
 SINCE 1/1        103               170     -67      118
.................................................................

WIND (MPH)
AVERAGE WIND SPEED              6.4
HIGHEST WIND SPEED/DIRECTION    29/260    DATE  07/29
HIGHEST GUST SPEED/DIRECTION    40/280    DATE  07/29

SKY COVER
POSSIBLE SUNSHINE (PERCENT)   MM
AVERAGE SKY COVER           0.30
NUMBER OF DAYS FAIR           21
NUMBER OF DAYS PC              9
NUMBER OF DAYS CLOUDY          1

AVERAGE RH (PERCENT)     70

WEATHER CONDITIONS. NUMBER OF DAYS WITH
THUNDERSTORM              0     MIXED PRECIP               0
HEAVY RAIN                3     RAIN                       5
LIGHT RAIN                9     FREEZING RAIN              0
LT FREEZING RAIN          0     HAIL                       0
HEAVY SNOW                0     SNOW                       0
LIGHT SNOW                0     SLEET                      0
FOG                      26     FOG W/VIS <= 1/4 MILE      5
HAZE                      4

-  INDICATES NEGATIVE NUMBERS.
R  INDICATES RECORD WAS SET OR TIED.
MM INDICATES DATA IS MISSING.
T  INDICATES TRACE AMOUNT.

$$
