000
CXUS51 KAKQ 131507
CLMRIC


CLIMATE REPORT
NATIONAL WEATHER SERVICE WAKEFIELD, VA
1106 AM EDT MON JUL 13 2015

...................................

...THE RICHMOND VA CLIMATE SUMMARY FOR THE MONTH OF JUNE 2015...

CLIMATE NORMAL PERIOD 1981 TO 2010
CLIMATE RECORD PERIOD 1871 TO 2015

WEATHER         OBSERVED          NORMAL  DEPART  LAST YEAR`S
                 VALUE   DATE(S)  VALUE   FROM    VALUE  DATE(S)
                                          NORMAL
................................................................
TEMPERATURE (F)
RECORD
 HIGH             104   06/26/1952
 LOW               40   06/02/1967
HIGHEST           100   06/23        85      15       97  06/18
LOWEST             59   06/29        63      -4       50  06/02
                        06/04
                        06/03
AVG. MAXIMUM     87.8              86.1     1.7     87.3
AVG. MINIMUM     68.1              64.5     3.6     65.8
MEAN             77.9              75.3     2.6     76.6
DAYS MAX >= 90     15               9.2     5.8       11
DAYS MAX <= 32      0               0.0     0.0        0
DAYS MIN <= 32      0               0.0     0.0        0
DAYS MIN <= 0       0               0.0     0.0        0

PRECIPITATION (INCHES)
RECORD
 MAXIMUM         9.93   2004
 MINIMUM         0.38   1980
TOTALS           5.91              3.93    1.98     3.39
DAILY AVG.       0.20              0.13    0.07     0.11
DAYS >= .01        17              10.0     7.0        9
DAYS >= .10        11               6.0     5.0        6
DAYS >= .50         5               2.6     2.4        2
DAYS >= 1.00        1               1.1    -0.1        1
GREATEST
 24 HR. TOTAL    1.48   06/27 TO 06/27
                        06/26 TO 06/27
                        06/27 TO 06/27

DEGREE_DAYS
HEATING TOTAL       6
 SINCE 7/1       3852              3773      79     3780
COOLING TOTAL     401               315      86      355
 SINCE 1/1        663               476     187      563
.................................................................

WIND (MPH)
AVERAGE WIND SPEED              7.4
HIGHEST WIND SPEED/DIRECTION    46/320    DATE  06/25
HIGHEST GUST SPEED/DIRECTION    70/310    DATE  06/25

SKY COVER
POSSIBLE SUNSHINE (PERCENT)   MM
AVERAGE SKY COVER           0.60

AVERAGE RH (PERCENT)     71

WEATHER CONDITIONS. NUMBER OF DAYS WITH
THUNDERSTORM              0     MIXED PRECIP               0
HEAVY RAIN                6     RAIN                       7
LIGHT RAIN               15     FREEZING RAIN              0
LT FREEZING RAIN          0     HAIL                       0
HEAVY SNOW                0     SNOW                       0
LIGHT SNOW                0     SLEET                      0
FOG                      16     FOG W/VIS <= 1/4 MILE      0
HAZE                      3

-  INDICATES NEGATIVE NUMBERS.
R  INDICATES RECORD WAS SET OR TIED.
MM INDICATES DATA IS MISSING.
T  INDICATES TRACE AMOUNT.

$$
