000
CXUS51 KRNK 011242
CLMRNK


CLIMATE REPORT
NATIONAL WEATHER SERVICE BLACKSBURG VA
838 AM EDT SAT JUL 1 2017

...................................

...THE BLACKSBURG VA CLIMATE SUMMARY FOR THE MONTH OF JUNE 2017...

CLIMATE NORMAL PERIOD 1981 TO 2010
CLIMATE RECORD PERIOD 1952 TO 2017

WEATHER         OBSERVED          NORMAL  DEPART  LAST YEAR`S
                 VALUE   DATE(S)  VALUE   FROM    VALUE
                                          NORMAL
.............................................................
TEMPERATURE (F)
RECORD
 HIGH              97   06/29/2012
 LOW               30   06/11/1972
HIGHEST            85   06/15                         89
                        06/14
LOWEST             46   06/28                         43
                        06/07
AVG. MAXIMUM     78.2              78.9    -0.7     81.7
AVG. MINIMUM     55.4              56.5    -1.1     57.6
MEAN             66.8              67.7    -0.9     69.6
DAYS MAX >= 90      0               0.3    -0.3        0
DAYS MAX <= 32      0               0.0     0.0        0
DAYS MIN <= 32      0               0.0     0.0        0
DAYS MIN <= 0       0               0.0     0.0        0

PRECIPITATION (INCHES)
RECORD
 MAXIMUM        10.96   2006
 MINIMUM         0.39   1966
TOTALS           2.91              4.00   -1.09     3.28
DAILY AVG.       0.10              0.13   -0.03     0.11
DAYS >= .01        12              11.4     0.6       12
DAYS >= .10         5               7.2    -2.2        7
DAYS >= .50         2               2.5    -0.5        2
DAYS >= 1.00        0               1.1    -1.1        1
GREATEST
 24 HR. TOTAL    0.98                               1.46

SNOWFALL (INCHES)
TOTALS            0.0                                0.0
DAYS >= TRACE       0                                  0
DAYS >= 1.0         0                                  0
GREATEST
 24 HR TOTAL      0.0                                0.0

DEGREE_DAYS
HEATING TOTAL      34                38      -4       12
COOLING TOTAL      96               119     -23      158
..............................................................

WIND (MPH)
AVERAGE WIND SPEED              2.9
HIGHEST WIND SPEED/DIRECTION    16/210    DATE  06/23
HIGHEST GUST SPEED/DIRECTION    29/210    DATE  06/23

SKY COVER
AVERAGE SKY COVER           0.40

AVERAGE RH (PERCENT)     71

WEATHER CONDITIONS. NUMBER OF DAYS WITH
THUNDERSTORM              8     MIXED PRECIP               0
HEAVY RAIN                6     RAIN                       7
LIGHT RAIN               15     FREEZING RAIN              0
LT FREEZING RAIN          0     HAIL                       0
HEAVY SNOW                0     SNOW                       0
LIGHT SNOW                0     SLEET                      0
FOG                      13     FOG W/VIS <= 1/4 MILE      5
HAZE                      0

-  INDICATES NEGATIVE NUMBERS.
R  INDICATES RECORD WAS SET OR TIED.
MM INDICATES DATA IS MISSING.
T  INDICATES TRACE AMOUNT.

$$
