000
CXUS51 KRNK 011248
CLMROA


CLIMATE REPORT
NATIONAL WEATHER SERVICE BLACKSBURG VA
846 AM EDT SAT OCT 1 2016

...................................

...THE ROANOKE VA CLIMATE SUMMARY FOR THE MONTH OF SEPTEMBER 2016...

CLIMATE NORMAL PERIOD 1981 TO 2010
CLIMATE RECORD PERIOD 1912 TO 2016

WEATHER         OBSERVED          NORMAL  DEPART  LAST YEAR`S
                 VALUE   DATE(S)  VALUE   FROM    VALUE
                                          NORMAL
.............................................................
TEMPERATURE (F)
RECORD
 HIGH             103   09/01/1932
 LOW               32   09/30/1942
HIGHEST            94   09/14                         94
LOWEST             57   09/03                         48
AVG. MAXIMUM     83.2              78.5     4.7     80.1
AVG. MINIMUM     63.9              57.6     6.3     60.2
MEAN             73.6              68.1     5.5     70.2
DAYS MAX >= 90      6               2.2     3.8        4
DAYS MAX <= 32      0               0.0     0.0        0
DAYS MIN <= 32      0               0.0     0.0        0
DAYS MIN <= 0       0               0.0     0.0        0

PRECIPITATION (INCHES)
RECORD
 MAXIMUM        11.72   2004
 MINIMUM         0.15   1991
TOTALS           4.75              3.89    0.86     8.48
DAILY AVG.       0.16              0.13    0.03     0.28
DAYS >= .01         7               8.4    -1.4       11
DAYS >= .10         7               5.5     1.5        8
DAYS >= .50         4               2.6     1.4        5
DAYS >= 1.00        1               1.1    -0.1        4
GREATEST
 24 HR. TOTAL    1.41                               2.60

SNOWFALL (INCHES)
TOTALS            0.0                                0.0
DAYS >= TRACE       0                                  0
DAYS >= 1.0         0                                  0
GREATEST
 24 HR TOTAL      0.0                                0.0

DEGREE_DAYS
HEATING TOTAL       0                48     -48       21
COOLING TOTAL     264               139     125      182
..............................................................

WIND (MPH)
AVERAGE WIND SPEED              5.0
HIGHEST WIND SPEED/DIRECTION    38/310    DATE  09/28
HIGHEST GUST SPEED/DIRECTION    48/310    DATE  09/28

SKY COVER
AVERAGE SKY COVER           0.50

AVERAGE RH (PERCENT)     71

WEATHER CONDITIONS. NUMBER OF DAYS WITH
THUNDERSTORM              6     MIXED PRECIP               0
HEAVY RAIN                6     RAIN                       7
LIGHT RAIN                9     FREEZING RAIN              0
LT FREEZING RAIN          0     HAIL                       0
HEAVY SNOW                0     SNOW                       0
LIGHT SNOW                0     SLEET                      0
FOG                       9     FOG W/VIS <= 1/4 MILE      0
HAZE                      0

-  INDICATES NEGATIVE NUMBERS.
R  INDICATES RECORD WAS SET OR TIED.
MM INDICATES DATA IS MISSING.
T  INDICATES TRACE AMOUNT.

$$
