000
CXUS55 KABQ 011754 RRA
CLMROW

ABQCLMROW 000
TTAA00 KABQ 011638


CLIMATE REPORT
NATIONAL WEATHER SERVICE ALBUQUERQUE NM
1154 AM MDT WED JUL 1 2015

...................................

...THE ROSWELL NM CLIMATE SUMMARY FOR THE MONTH OF JUNE 2015...

CLIMATE NORMAL PERIOD 1981 TO 2010
CLIMATE RECORD PERIOD 1893 TO 2015

WEATHER         OBSERVED          NORMAL  DEPART  LAST YEAR`S
                 VALUE   DATE(S)  VALUE   FROM    VALUE  DATE(S)
                                          NORMAL
................................................................
TEMPERATURE (F)
RECORD
 HIGH             114   06/27/1994
 LOW               47   06/02/1992
                        06/01/1964
HIGHEST           100   06/11        MM      MM      106  06/29
LOWEST             55   06/03        MM      MM       57  06/10
AVG. MAXIMUM     93.0              93.2    -0.2     96.0
AVG. MINIMUM     63.5              63.2     0.3     65.5
MEAN             78.3              78.2     0.1     80.8
DAYS MAX >= 90     23              20.8     2.2       23
DAYS MAX <= 32      0               0.0     0.0        0
DAYS MIN <= 32      0               0.0     0.0        0
DAYS MIN <= 0       0               0.0     0.0        0

PRECIPITATION (INCHES)
RECORD
 MAXIMUM           MM   MM
 MINIMUM           MM   MM
TOTALS           2.90              1.73    1.17     1.43
DAILY AVG.       0.10              0.06    0.04     0.05
DAYS >= .01         6               5.3     0.7        4
DAYS >= .10         5               3.0     2.0        2
DAYS >= .50         2               1.2     0.8        1
DAYS >= 1.00        1               0.5     0.5        0
GREATEST
 24 HR. TOTAL    1.40   06/15 TO 06/16              0.87

SNOWFALL (INCHES)
RECORDS
 TOTAL             MM   MM
TOTALS            0.0               0.0     0.0      0.0
SINCE 7/1        16.2              11.9     4.3      5.0
SNOWDEPTH AVG.      0                MM      MM        0
DAYS >= 1.0         0               0.0     0.0        0
GREATEST
 SNOW DEPTH         0   MM                             0  MM
 24 HR TOTAL      0.0   06/30 TO 06/30               0.0

DEGREE_DAYS
HEATING TOTAL       0                 1      -1        0
 SINCE 7/1       3233              3288     -55     3273
COOLING TOTAL     408               397      11      480
 SINCE 1/1        515               622    -107      734
.................................................................

WIND (MPH)
AVERAGE WIND SPEED              8.3
HIGHEST WIND SPEED/DIRECTION    41/330    DATE  06/05
HIGHEST GUST SPEED/DIRECTION    55/330    DATE  06/05

SKY COVER
AVERAGE SKY COVER           0.10

AVERAGE RH (PERCENT)     54

WEATHER CONDITIONS. NUMBER OF DAYS WITH
THUNDERSTORM              0     MIXED PRECIP               0
HEAVY RAIN                6     RAIN                       3
LIGHT RAIN               10     FREEZING RAIN              0
LT FREEZING RAIN          0     HAIL                       0
HEAVY SNOW                0     SNOW                       0
LIGHT SNOW                0     SLEET                      0
FOG                       3     FOG W/VIS <= 1/4 MILE      0
HAZE                      0

-  INDICATES NEGATIVE NUMBERS.
R  INDICATES RECORD WAS SET OR TIED.
MM INDICATES DATA IS MISSING.
T  INDICATES TRACE AMOUNT.

$$
