000
CXUS53 KARX 010758
CLMRST


CLIMATE REPORT
NATIONAL WEATHER SERVICE LA CROSSE WI
157 AM CST MON DEC 1 2014

...................................

...THE ROCHESTER MN CLIMATE SUMMARY FOR THE MONTH OF NOVEMBER 2014...

CLIMATE NORMAL PERIOD 1981 TO 2010
CLIMATE RECORD PERIOD 1886 TO 2014

WEATHER         OBSERVED          NORMAL  DEPART  LAST YEAR`S
                 VALUE   DATE(S)  VALUE   FROM    VALUE  DATE(S)
                                          NORMAL
................................................................
TEMPERATURE (F)
RECORD
 HIGH              75   11/10/2012
                        11/03/2008
                        11/08/1999
 LOW              -24   11/28/1887
HIGHEST            55   11/02        MM      MM       56  11/16
LOWEST             -8   11/27        MM      MM        2  11/24
AVG. MAXIMUM     32.7              41.6    -8.9     39.5
AVG. MINIMUM     16.8              26.0    -9.2     22.6
MEAN             24.7              33.8    -9.1     31.0
DAYS MAX >= 90      0               0.0     0.0        0
DAYS MAX <= 32     16               6.1     9.9        8
DAYS MIN <= 32     26              21.3     4.7       27
DAYS MIN <= 0       3               0.7     2.3        0

PRECIPITATION (INCHES)
RECORD
 MAXIMUM         5.91   1909
 MINIMUM         0.01   1917
TOTALS           0.91              1.91   -1.00     1.76
DAILY AVG.       0.03              0.06   -0.03     0.06
DAYS >= .01        14               9.3     4.7       10
DAYS >= .10         4               4.1    -0.1        4
DAYS >= .50         0               1.2    -1.2        1
DAYS >= 1.00        0               0.3    -0.3        0
GREATEST
 24 HR. TOTAL    0.21   11/23 TO 11/24           11/05 TO 11/05
                                                          11/21 TO 11/21
                                                          11/21 TO 11/21

SNOWFALL (INCHES)
RECORDS
 TOTAL           22.5   1985
 24 HR TOTAL     10.5   11/10/2006 TO 11/10/2006
TOTALS            9.2               6.1     3.1      1.3
SINCE 7/1         9.2               6.9     2.3      1.3
SNOWDEPTH AVG.      2                MM      MM        0
DAYS >= TRACE      16               5.2    10.8        7
DAYS >= 1.0         2               1.8     0.2        0
GREATEST
 SNOW DEPTH         5   11/28                          1
                        11/20
                        11/19
 24 HR TOTAL      2.8   11/26 TO 11/26               0.5

DEGREE_DAYS
HEATING TOTAL    1202               936     266     1010
 SINCE 7/1       1947              1672     275     1693
COOLING TOTAL       0                 0       0        0
 SINCE 1/1        491               585     -94      656
..................................................

WIND (MPH)
AVERAGE WIND SPEED              14.1
HIGHEST WIND SPEED/DIRECTION    37/310    DATE  11/08
HIGHEST GUST SPEED/DIRECTION    45/320    DATE  11/08

SKY COVER
POSSIBLE SUNSHINE (PERCENT)   MM
AVERAGE SKY COVER           0.60
NUMBER OF DAYS FAIR            8
NUMBER OF DAYS PC             13
NUMBER OF DAYS CLOUDY          9

AVERAGE RH (PERCENT)     77

WEATHER CONDITIONS. NUMBER OF DAYS WITH
THUNDERSTORM              0     MIXED PRECIP               0
HEAVY RAIN                0     RAIN                       1
LIGHT RAIN                9     FREEZING RAIN              0
LT FREEZING RAIN          2     HAIL                       0
HEAVY SNOW                0     SNOW                       1
LIGHT SNOW               16     SLEET                      1
FOG                      24     FOG W/VIS <= 1/4 MILE      2
HAZE                     11

-  INDICATES NEGATIVE NUMBERS.
R  INDICATES RECORD WAS SET OR TIED.
MM INDICATES DATA IS MISSING.
T  INDICATES TRACE AMOUNT.

$$
