000
CXUS51 KAKQ 012159
CLMSBY


CLIMATE REPORT
NATIONAL WEATHER SERVICE WAKEFIELD, VA
458 PM EST THU DEC 1 2016

...................................

...THE SALISBURY MD CLIMATE SUMMARY FOR THE MONTH OF NOVEMBER 2016...

CLIMATE NORMAL PERIOD 1981 TO 2010
CLIMATE RECORD PERIOD 1900 TO 2016

WEATHER         OBSERVED          NORMAL  DEPART  LAST YEAR`S
                 VALUE   DATE(S)  VALUE   FROM    VALUE  DATE(S)
                                          NORMAL
................................................................
TEMPERATURE (F)
RECORD
 HIGH              85   11/01/1950
 LOW               10   11/29/1930
HIGHEST            82   11/03        67      15       75  11/06
                                                          11/04
LOWEST             25   11/23        33      -8       21  11/24
AVG. MAXIMUM     60.5              58.6     1.9     63.1
AVG. MINIMUM     37.0              37.9    -0.9     40.5
MEAN             48.7              48.2     0.5     51.8
DAYS MAX >= 90      0               0.0     0.0        0
DAYS MAX <= 32      0               0.1    -0.1        0
DAYS MIN <= 32      8               9.4    -1.4        5
DAYS MIN <= 0       0               0.0     0.0        0

PRECIPITATION (INCHES)
RECORD
 MAXIMUM         8.85   1911
 MINIMUM         0.09   2001
TOTALS           0.54              3.43   -2.89     3.26
DAILY AVG.       0.02              0.11   -0.09     0.11
DAYS >= .01         8               9.0    -1.0       10
DAYS >= .10         3               5.9    -2.9        7
DAYS >= .50         0               2.1    -2.1        1
DAYS >= 1.00        0               0.9    -0.9        1
GREATEST
 24 HR. TOTAL    0.23   11/03 TO 11/04

SNOWFALL (INCHES)
RECORDS
 TOTAL            6.7   5
                        0
                        -26215
TOTALS            0.0
SINCE 7/1         0.0               0.2    -0.2      0.0
SNOWDEPTH AVG.      0                MM      MM        0
DAYS >= 1.0         0               0.1    -0.1        0
GREATEST
 SNOW DEPTH         0   MM                             0  MM
 24 HR TOTAL      0.0   11/30 TO 11/30           11/30 TO 11/30
                                                          11/30 TO 11/30
                                                          11/30 TO 11/30

DEGREE_DAYS
HEATING TOTAL     485               505     -20      391
 SINCE 7/1        660               818    -158      647
COOLING TOTAL       6                 3       3        5
 SINCE 1/1       1481              1153     328     1342
.................................................

WIND (MPH)
AVERAGE WIND SPEED              6.6
HIGHEST WIND SPEED/DIRECTION    33/310    DATE  11/19
HIGHEST GUST SPEED/DIRECTION    49/310    DATE  11/19

SKY COVER
POSSIBLE SUNSHINE (PERCENT)   MM
AVERAGE SKY COVER           0.30

AVERAGE RH (PERCENT)     69

WEATHER CONDITIONS. NUMBER OF DAYS WITH
THUNDERSTORM              0     MIXED PRECIP               0
HEAVY RAIN                1     RAIN                       2
LIGHT RAIN                8     FREEZING RAIN              0
LT FREEZING RAIN          0     HAIL                       0
HEAVY SNOW                0     SNOW                       0
LIGHT SNOW                0     SLEET                      0
FOG                      12     FOG W/VIS <= 1/4 MILE      3
HAZE                      0

-  INDICATES NEGATIVE NUMBERS.
R  INDICATES RECORD WAS SET OR TIED.
MM INDICATES DATA IS MISSING.
T  INDICATES TRACE AMOUNT.

$$
