000
CXUS56 KMTR 011539
CLMSJC


CLIMATE REPORT
NATIONAL WEATHER SERVICE SAN FRANCISCO BAY AREA
739 AM PST MON FEB 1 2016

...................................

...THE SAN JOSE AIRPORT CLIMATE SUMMARY FOR THE MONTH OF JANUARY 2016...

CLIMATE NORMAL PERIOD 1981 TO 2010
CLIMATE RECORD PERIOD 1893 TO 2016

WEATHER         OBSERVED          NORMAL  DEPART  LAST YEAR`S
                 VALUE   DATE(S)  VALUE   FROM    VALUE  DATE(S)
                                          NORMAL
................................................................
TEMPERATURE (F)
RECORD
 HIGH              79   01/08/1962
 LOW               18   01/06/1894
HIGHEST            68   01/29                         72  01/24
                        01/21
LOWEST             33   01/01        MM               30  01/01
AVG. MAXIMUM     60.6              59.8     0.8     62.3
AVG. MINIMUM     47.1              42.3     4.8     40.6
MEAN             53.9                               51.4
DAYS MAX >= 90      0                                  0
DAYS MAX <= 32      0                                  0
DAYS MIN <= 32      0                                  3
DAYS MIN <= 0       0                                  0

PRECIPITATION (INCHES)
RECORD
 MAXIMUM           MM   MM
 MINIMUM           MM   MM
TOTALS           4.09              2.99    1.10     0.00
DAILY AVG.       0.13              0.10    0.03     0.00
DAYS >= .01        18                                  0
DAYS >= .10         9                                  0
DAYS >= .50         3                                  0
DAYS >= 1.00        0                                  0
GREATEST
 24 HR. TOTAL    0.97   01/05 TO 01/05           01/11 TO 01/12
                                                          01/31 TO 01/31
                                                          01/31 TO 01/31

DEGREE_DAYS
HEATING TOTAL     338               432     -94      412
 SINCE 7/1       1159              1169     -10     1017
COOLING TOTAL       0                 0       0        0
 SINCE 1/1          0                 0       0        0
..................................................

WIND (MPH)
AVERAGE WIND SPEED              6.2
RESULTANT WIND SPEED/DIRECTION   2/142
HIGHEST WIND SPEED/DIRECTION    29/270    DATE  01/31
HIGHEST GUST SPEED/DIRECTION    36/270    DATE  01/31

SKY COVER
POSSIBLE SUNSHINE (PERCENT)   MM
AVERAGE SKY COVER           0.70
NUMBER OF DAYS FAIR            0
NUMBER OF DAYS PC             18
NUMBER OF DAYS CLOUDY         13

AVERAGE RH (PERCENT)     75

WEATHER CONDITIONS. NUMBER OF DAYS WITH
THUNDERSTORM              0     MIXED PRECIP               0
HEAVY RAIN                6     RAIN                       9
LIGHT RAIN               18     FREEZING RAIN              0
LT FREEZING RAIN          0     HAIL                       0
HEAVY SNOW                0     SNOW                       0
LIGHT SNOW                0     SLEET                      0
FOG                      16     FOG W/VIS <= 1/4 MILE      0
HAZE                      8

-  INDICATES NEGATIVE NUMBERS.
R  INDICATES RECORD WAS SET OR TIED.
MM INDICATES DATA IS MISSING.
T  INDICATES TRACE AMOUNT.

$$
