000
CXUS54 KSJT 011332
CLMSJT


CLIMATE REPORT
NATIONAL WEATHER SERVICE SAN ANGELO TX
832 AM CDT FRI MAY 1 2015

...................................

...THE SAN ANGELO CLIMATE SUMMARY FOR THE MONTH OF APRIL 2015...

CLIMATE NORMAL PERIOD 1981 TO 2010
CLIMATE RECORD PERIOD 1907 TO 2015

WEATHER         OBSERVED          NORMAL  DEPART  LAST YEAR`S
                 VALUE   DATE(S)  VALUE   FROM    VALUE  DATE(S)
                                          NORMAL
................................................................
TEMPERATURE (F)
RECORD
 HIGH             107   04/19/1925
 LOW               25   04/09/1973
HIGHEST            94   04/26                         97  04/11
LOWEST             39   04/29                         29  04/15
AVG. MAXIMUM     81.1              80.1     1.0     83.2
AVG. MINIMUM     54.9              51.9     3.0     54.7
MEAN             68.0              66.0     2.0     69.0
DAYS MAX >= 90      3               4.1    -1.1       13
DAYS MAX <= 32      0               0.0     0.0        0
DAYS MIN <= 32      0               0.6    -0.6        1
DAYS MIN <= 0       0               0.0     0.0        0

PRECIPITATION (INCHES)
RECORD
 MAXIMUM         6.54   1908
 MINIMUM         0.00   1920
TOTALS           1.82              1.42    0.40     0.41
DAILY AVG.       0.06              0.05    0.01     0.01
DAYS >= .01         7               4.5     2.5        5
DAYS >= .10         2               2.3    -0.3        2
DAYS >= .50         1               1.1    -0.1        0
DAYS >= 1.00        1               0.4     0.6        0
GREATEST
 24 HR. TOTAL    1.13   04/17 TO 04/17           04/06 TO 04/07
                        04/16 TO 04/17                    04/07 TO 04/07
                        04/17 TO 04/17                    04/07 TO 04/07

SNOWFALL (INCHES)
RECORDS
 TOTAL            2.0   1938
TOTALS              T                 T     0.0      0.0
SINCE 7/1         1.4               2.2    -0.8      1.6
SNOWDEPTH AVG.      0                MM      MM        0
DAYS >= 1.0         0               0.0     0.0        0
GREATEST
 SNOW DEPTH         0   MM                             0  MM

DEGREE_DAYS
HEATING TOTAL      44                88     -44       67
 SINCE 7/1       2177              2306    -129     2469
COOLING TOTAL     143               118      25      195
 SINCE 1/1        196               156      40      253
........................................................

WIND (MPH)
AVERAGE WIND SPEED              10.2
HIGHEST WIND SPEED/DIRECTION    48/270    DATE  04/24
HIGHEST GUST SPEED/DIRECTION    61/260    DATE  04/24

SKY COVER
AVERAGE SKY COVER           0.30

AVERAGE RH (PERCENT)     60

WEATHER CONDITIONS. NUMBER OF DAYS WITH
THUNDERSTORM              7     MIXED PRECIP               0
HEAVY RAIN                3     RAIN                       2
LIGHT RAIN               16     FREEZING RAIN              0
LT FREEZING RAIN          0     HAIL                       1
HEAVY SNOW                0     SNOW                       0
LIGHT SNOW                0     SLEET                      0
FOG                       4     FOG W/VIS <= 1/4 MILE      0
HAZE                      1

-  INDICATES NEGATIVE NUMBERS.
R  INDICATES RECORD WAS SET OR TIED.
MM INDICATES DATA IS MISSING.
T  INDICATES TRACE AMOUNT.

$$
