000
CXUS54 KSJT 011458
CLMSJT


CLIMATE REPORT
NATIONAL WEATHER SERVICE SAN ANGELO TX
930 AM CDT SUN OCT 1 2017

...................................

...THE SAN ANGELO CLIMATE SUMMARY FOR THE MONTH OF SEPTEMBER 2017...

CLIMATE NORMAL PERIOD 1981 TO 2010
CLIMATE RECORD PERIOD 1907 TO 2017

WEATHER         OBSERVED          NORMAL  DEPART  LAST YEAR`S
                 VALUE   DATE(S)  VALUE   FROM    VALUE  DATE(S)
                                          NORMAL
................................................................
TEMPERATURE (F)
RECORD
 HIGH             107   09/25/2005
 LOW               35   09/23/1913
HIGHEST           104   09/14                         99  09/19
LOWEST             51   09/08                         50  09/30
AVG. MAXIMUM     89.9              87.8     2.1     89.4
AVG. MINIMUM     64.5              63.5     1.0     66.7
MEAN             77.2              75.6     1.6     78.0
DAYS MAX >= 90     17              12.2     4.8       20
DAYS MAX <= 32      0               0.0     0.0        0
DAYS MIN <= 32      0               0.0     0.0        0
DAYS MIN <= 0       0               0.0     0.0        0

PRECIPITATION (INCHES)
RECORD
 MAXIMUM        27.65   1936
 MINIMUM         0.00   1947
TOTALS           3.46              2.46    1.00     5.24
DAILY AVG.       0.12              0.08    0.04     0.17
DAYS >= .01         8               4.8     3.2        6
DAYS >= .10         3               3.2    -0.2        4
DAYS >= .50         3               1.7     1.3        3
DAYS >= 1.00        1               0.9     0.1        2
GREATEST
 24 HR. TOTAL    1.48   09/27                      09/25

SNOWFALL (INCHES)
RECORDS
 TOTAL            0.0   2013
                        2012
                        2011
TOTALS            0.0               0.0     0.0      0.0
SINCE 7/1         0.0               0.0     0.0      0.0
SNOWDEPTH AVG.      0                MM      MM        0
DAYS >= 1.0         0               0.0     0.0        0
GREATEST
 SNOW DEPTH         0   MM                             0  MM

DEGREE_DAYS
HEATING TOTAL       0                 9      -9        0
 SINCE 7/1          0                 9      -9        0
COOLING TOTAL     375               329      46      399
 SINCE 1/1       2649              2365     284     2559
.................................................

WIND (MPH)
AVERAGE WIND SPEED              7.8
HIGHEST WIND SPEED/DIRECTION    30/310    DATE  09/20
HIGHEST GUST SPEED/DIRECTION    43/310    DATE  09/20

SKY COVER
AVERAGE SKY COVER           0.30

AVERAGE RH (PERCENT)     59

WEATHER CONDITIONS. NUMBER OF DAYS WITH
THUNDERSTORM              2     MIXED PRECIP               0
HEAVY RAIN                3     RAIN                       3
LIGHT RAIN                9     FREEZING RAIN              0
LT FREEZING RAIN          0     HAIL                       0
HEAVY SNOW                0     SNOW                       0
LIGHT SNOW                0     SLEET                      0
FOG                       7     FOG W/VIS <= 1/4 MILE      1
HAZE                      3

-  INDICATES NEGATIVE NUMBERS.
R  INDICATES RECORD WAS SET OR TIED.
MM INDICATES DATA IS MISSING.
T  INDICATES TRACE AMOUNT.

$$
