000
CXUS54 KSJT 011304
CLMSJT
CLIMATE REPORT
NATIONAL WEATHER SERVICE SAN ANGELO TX
804 AM CDT MON APR 01 2024
...................................
...THE SAN ANGELO CLIMATE SUMMARY FOR THE MONTH OF MARCH 2024...
CLIMATE NORMAL PERIOD: 1991 TO 2020
CLIMATE RECORD PERIOD: 1907 TO 2024
WEATHER OBSERVED NORMAL DEPART LAST YEAR`S
VALUE DATE(S) VALUE FROM VALUE DATE(S)
NORMAL
................................................................
TEMPERATURE (F)
RECORD
HIGH 98 03/17/1908
LOW 8 03/02/1980
HIGHEST 90 03/31 93 03/11
LOWEST 30 03/26 34 03/19
AVG. MAXIMUM 75.6 73.1 2.5 74.0
AVG. MINIMUM 47.1 45.6 1.5 46.4
MEAN 61.4 59.4 2.0 60.2
DAYS MAX >= 90 1 1.1 -0.1 2
DAYS MAX <= 32 0 0.1 -0.1 0
DAYS MIN <= 32 2 3.9 -1.9 0
DAYS MIN <= 0 0 0.0 0.0 0
PRECIPITATION (INCHES)
RECORD
MAXIMUM 5.00 1953
MINIMUM 0.00 1963
TOTALS 0.40 1.48 -1.08 0.57
DAILY AVG. 0.01 0.05 -0.04 0.02
DAYS >= .01 4 4.9 -0.9 6
DAYS >= .10 2 2.6 -0.6 2
DAYS >= .50 0 1.1 -1.1 0
DAYS >= 1.00 0 0.3 -0.3 0
GREATEST
24 HR. TOTAL 0.24 03/17 TO 03/17 0.39 03/24 TO 03/24
SNOWFALL (INCHES)
RECORDS
TOTAL 3.1 1962
TOTALS 0.0 MM MM 0.0
SINCE 7/1 1.6 MM MM MM
SNOWDEPTH AVG. 0 0
DAYS >= 1.0 0 MM MM 0
GREATEST
SNOW DEPTH 0 0 MM
DEGREE DAYS
HEATING TOTAL 163 222 -59 191
SINCE 7/1 1867 2048 -181 MM
COOLING TOTAL 58 47 11 48
SINCE 1/1 86 56 30 MM
................................................................
WIND (MPH)
AVERAGE WIND SPEED 9.8
HIGHEST WIND SPEED/DIRECTION 32/260 DATE 03/25
HIGHEST GUST SPEED/DIRECTION 43/280 DATE 03/25
SKY COVER
AVERAGE SKY COVER 0.26
AVERAGE RH (PERCENT) 60
WEATHER CONDITIONS. NUMBER OF DAYS WITH
THUNDERSTORM 6 MIXED PRECIP 0
HEAVY RAIN 2 RAIN 2
LIGHT RAIN 6 FREEZING RAIN 0
LT FREEZING RAIN 0 HAIL 0
HEAVY SNOW 0 SNOW 0
LIGHT SNOW 0 SLEET 0
FOG 8 FOG W/VIS <= 1/4 MILE 0
HAZE 1
- INDICATES NEGATIVE NUMBERS.
R INDICATES RECORD WAS SET OR TIED.
MM INDICATES DATA IS MISSING.
T INDICATES TRACE AMOUNT.
$$