943
CXUS54 KSJT 011501
CLMSJT


CLIMATE REPORT
NATIONAL WEATHER SERVICE SAN ANGELO TX
848 AM CST FRI DEC 1 2017

...................................

...THE SAN ANGELO CLIMATE SUMMARY FOR THE MONTH OF NOVEMBER 2017...

CLIMATE NORMAL PERIOD 1981 TO 2010
CLIMATE RECORD PERIOD 1907 TO 2017

WEATHER         OBSERVED          NORMAL  DEPART  LAST YEAR`S
                 VALUE   DATE(S)  VALUE   FROM    VALUE  DATE(S)
                                          NORMAL
................................................................
TEMPERATURE (F)
RECORD
 HIGH              93   11/08/1980
 LOW               12   11/29/1911
HIGHEST            92   11/02                         91  11/01
LOWEST             30   11/23                         29  11/19
                        11/19
AVG. MAXIMUM     74.3              68.3     6.0     72.1
AVG. MINIMUM     46.5              42.3     4.2     49.9
MEAN             60.4              55.3     5.1     61.0
DAYS MAX >= 90      4               0.1     3.9        1
DAYS MAX <= 32      0               0.1    -0.1        0
DAYS MIN <= 32      3               5.1    -2.1        1
DAYS MIN <= 0       0               0.0     0.0        0

PRECIPITATION (INCHES)
RECORD
 MAXIMUM         7.02   1913
 MINIMUM         0.00   2005
                        1988
                        1950
TOTALS           0.98              1.14   -0.16     2.73
DAILY AVG.       0.03              0.04   -0.01     0.09
DAYS >= .01         1               4.0    -3.0        8
DAYS >= .10         1               2.2    -1.2        5
DAYS >= .50         1               0.8     0.2        3
DAYS >= 1.00        0               0.3    -0.3        0
GREATEST
 24 HR. TOTAL    0.98   11/08 TO 11/08     0.81     11/10 TO 11/10


SNOWFALL (INCHES)
RECORDS
 TOTAL            8.8   1968
TOTALS            0.0               0.3    -0.3      0.0
SINCE 7/1         0.0               0.3    -0.3      0.0
SNOWDEPTH AVG.      0                MM      MM        0
DAYS >= 1.0         0               0.1    -0.1        0
GREATEST
 SNOW DEPTH         0   MM                             0  MM

DEGREE_DAYS
HEATING TOTAL     197               309    -112      155
 SINCE 7/1        300               400    -100      168
COOLING TOTAL      67                18      49       41
 SINCE 1/1       2873              2502     371     2829
.................................................

WIND (MPH)
AVERAGE WIND SPEED              9.0
HIGHEST WIND SPEED/DIRECTION    38/010    DATE  11/18
HIGHEST GUST SPEED/DIRECTION    48/360    DATE  11/18

SKY COVER
AVERAGE SKY COVER           0.30

AVERAGE RH (PERCENT)     59

WEATHER CONDITIONS. NUMBER OF DAYS WITH
THUNDERSTORM              1     MIXED PRECIP               0
HEAVY RAIN                1     RAIN                       1
LIGHT RAIN                1     FREEZING RAIN              0
LT FREEZING RAIN          0     HAIL                       0
HEAVY SNOW                0     SNOW                       0
LIGHT SNOW                0     SLEET                      0
FOG                      10     FOG W/VIS <= 1/4 MILE      2
HAZE                      6

-  INDICATES NEGATIVE NUMBERS.
R  INDICATES RECORD WAS SET OR TIED.
MM INDICATES DATA IS MISSING.
T  INDICATES TRACE AMOUNT.

$$
