000
CXUS45 KSLC 090233
CLMSLC

SLCCLMSLC 000
TTAA00 KSLC 090231


CLIMATE REPORT
NATIONAL WEATHER SERVICE SALT LAKE CITY UT
731 PM MST THU DEC 8 2016

...................................

...THE SALT LAKE CITY UT CLIMATE SUMMARY FOR THE MONTH OF NOVEMBER 2016...

CLIMATE NORMAL PERIOD 1981 TO 2010
CLIMATE RECORD PERIOD 1874 TO 2016

WEATHER         OBSERVED          NORMAL  DEPART  LAST YEAR`S
                 VALUE   DATE(S)  VALUE   FROM    VALUE  DATE(S)
                                          NORMAL
................................................................
TEMPERATURE (F)
RECORD
 HIGH              75   11/05/2009
                        11/06/1999
                        11/12/1967
 LOW              -14   11/16/1955
HIGHEST            73   11/15                         73  11/02
LOWEST             25   11/30                         20  11/29
                        11/29
AVG. MAXIMUM     57.1              49.4     7.7     48.8
AVG. MINIMUM     36.9              30.6     6.3     30.7
MEAN             47.0              40.0     7.0     39.8
DAYS MAX >= 90      0               0.0     0.0        0
DAYS MAX <= 32      0               1.2    -1.2        2
DAYS MIN <= 32      7              17.4   -10.4       18
DAYS MIN <= 0       0               0.0     0.0        0

PRECIPITATION (INCHES)
TOTALS           1.76              1.45    0.31     0.41
DAYS >= .01         7               9.1    -2.1        9
DAYS >= .10         3               4.3    -1.3        1
DAYS >= .50         1               0.4     0.6        0
DAYS >= 1.00        0               0.1    -0.1        0

SNOWFALL (INCHES)
TOTALS            5.7               7.6    -1.9      1.4
SINCE 7/1         5.7               9.0              1.4

DEGREE_DAYS
HEATING TOTAL     530               750    -220      751
 SINCE 7/1        799              1218    -419      942
COOLING TOTAL       0                 0       0        0
 SINCE 1/1       1619              1160     459     1444
.................................................................

WIND (MPH)
AVERAGE WIND SPEED              7.0
HIGHEST WIND SPEED/DIRECTION    38/290    DATE  11/23
HIGHEST GUST SPEED/DIRECTION    48/290    DATE  11/23


WEATHER CONDITIONS. NUMBER OF DAYS WITH
THUNDERSTORM              0     RAIN                       7
HAIL                      1     SNOW                       3
FOG                       9     FOG W/VIS <= 1/4 MILE      1
HAZE                      9

-  INDICATES NEGATIVE NUMBERS.
R  INDICATES RECORD WAS SET OR TIED.
MM INDICATES DATA IS MISSING.
T  INDICATES TRACE AMOUNT.

$$
