000
CXUS45 KSLC 032315
CLMSLC

SLCCLMSLC 000
TTAA00 KSLC 032313

CLIMATE REPORT
NATIONAL WEATHER SERVICE SALT LAKE CITY UT
513 PM MDT WED SEP 3 2014

...................................

...THE SALT LAKE CITY UT CLIMATE SUMMARY FOR THE MONTH OF AUGUST 2014...

CLIMATE NORMAL PERIOD 1981 TO 2010
CLIMATE RECORD PERIOD 1874 TO 2014

WEATHER         OBSERVED          NORMAL  DEPART  LAST YEAR`S
                 VALUE   DATE(S)  VALUE   FROM    VALUE  DATE(S)
                                          NORMAL
................................................................
TEMPERATURE (F)
RECORD
 HIGH             106   1994/04/1994
 LOW               37   1965/31/1965
                        1964/29/1964

HIGHEST            95   08/11                        101  08/01
LOWEST             51   08/24                         65  08/02
AVG. MAXIMUM     86.0              90.5    -4.5     94.6
AVG. MINIMUM     62.5              63.4    -0.9     70.8
MEAN             74.3              77.0    -2.7     82.7
DAYS MAX >= 90     10              18.2    -8.2       27
DAYS MAX <= 32      0               0.0     0.0        0
DAYS MIN <= 32      0               0.0     0.0        0
DAYS MIN <= 0       0               0.0     0.0        0

PRECIPITATION (INCHES)
TOTALS           1.77              0.69    1.08     0.16
DAYS >= .01        11               5.4     5.6        7
DAYS >= .10         7               2.0     5.0        0
DAYS >= .50         0               0.2    -0.2        0
DAYS >= 1.00        0               0.1    -0.1        0

SNOWFALL (INCHES)
TOTALS            0.0               0.0     0.0      0.0
SINCE 7/1         0.0               0.0              0.0

DEGREE_DAYS
HEATING TOTAL       1                 3      -2        0
 SINCE 7/1          1                 5      -4        0
COOLING TOTAL     296               374     -78      554
 SINCE 1/1       1053              1036      17     1546
.................................................................

WIND (MPH)
AVERAGE WIND SPEED              8.1
HIGHEST WIND SPEED/DIRECTION    45/270    DATE  08/12
HIGHEST GUST SPEED/DIRECTION    62/280    DATE  08/12


WEATHER CONDITIONS. NUMBER OF DAYS WITH
THUNDERSTORM             11     RAIN                      11
HAIL                      1     SNOW                       0
FOG                       7     FOG W/VIS <= 1/4 MILE      0
HAZE                      9

-  INDICATES NEGATIVE NUMBERS.
R  INDICATES RECORD WAS SET OR TIED.
MM INDICATES DATA IS MISSING.
T  INDICATES TRACE AMOUNT.

$$
