000
CXUS56 KPQR 011650
CLMSLE


CLIMATE REPORT
NATIONAL WEATHER SERVICE PORTLAND OREGON
850 AM PST THU DEC 1 2016

...................................

...THE SALEM OR CLIMATE SUMMARY FOR THE MONTH OF NOVEMBER 2016...

CLIMATE NORMAL PERIOD 1981 TO 2010
CLIMATE RECORD PERIOD 1892 TO 2016

WEATHER         OBSERVED          NORMAL  DEPART  LAST YEAR`S
                 VALUE   DATE(S)  VALUE   FROM    VALUE  DATE(S)
                                          NORMAL
................................................................
TEMPERATURE (F)
HIGHEST            70                                 64  11/06
LOWEST             37                                 20  11/30
                                                          11/29
AVG. MAXIMUM     57.8              52.6     5.2     52.8
AVG. MINIMUM     44.5              38.4     6.1     36.5
MEAN             51.1              45.5     5.6     44.7
DAYS MAX >= 90      0               0.0     0.0        0
DAYS MAX <= 32      0               0.1    -0.1        0
DAYS MIN <= 32      0               5.9    -5.9        9
DAYS MIN <= 0       0               0.0     0.0        0

PRECIPITATION (INCHES)
RECORD
 MAXIMUM        16.99   1896
 MINIMUM         0.48   1936
TOTALS           6.90              6.50    0.40     4.64
DAYS >= .01        21              18.1     2.9       17
DAYS >= .10        12              13.1    -1.1       10
DAYS >= .50         5               4.3     0.7        3
DAYS >= 1.00        1               1.5    -0.5        0
GREATEST
 24 HR. TOTAL    2.44   11/24 TO 11/25

DEGREE_DAYS
HEATING TOTAL     410               585    -175      601
 SINCE 7/1        804              1117    -313      880
COOLING TOTAL       0                 0       0        0
 SINCE 1/1        465               290     175      682
.................................................................

WIND (MPH)
AVERAGE WIND SPEED              7.0
RESULTANT WIND SPEED/DIRECTION   5/181
HIGHEST WIND SPEED/DIRECTION    33/190    DATE  11/24
HIGHEST GUST SPEED/DIRECTION    44/200    DATE  11/24

SKY COVER
POSSIBLE SUNSHINE (PERCENT)   MM
AVERAGE SKY COVER           0.60
NUMBER OF DAYS FAIR            2
NUMBER OF DAYS PC             18
NUMBER OF DAYS CLOUDY         10

AVERAGE RH (PERCENT)     79

WEATHER CONDITIONS. NUMBER OF DAYS WITH
THUNDERSTORM              0     MIXED PRECIP               0
HEAVY RAIN                3     RAIN                       9
LIGHT RAIN               23     FREEZING RAIN              0
LT FREEZING RAIN          0     HAIL                       0
HEAVY SNOW                0     SNOW                       0
LIGHT SNOW                0     SLEET                      0
FOG                      22     FOG W/VIS <= 1/4 MILE      7
HAZE                      2

-  INDICATES NEGATIVE NUMBERS.
R  INDICATES RECORD WAS SET OR TIED.
MM INDICATES DATA IS MISSING.
T  INDICATES TRACE AMOUNT.

$$
