000
CXUS56 KSGX 011754
CLMSNA


CLIMATE REPORT
NATIONAL WEATHER SERVICE SAN DIEGO, CA
1054 AM PDT TUE JUL 1 2014

...................................

...THE JOHN WAYNE AIRPORT CA CLIMATE SUMMARY FOR THE MONTH OF JUNE 2014...

CLIMATE NORMAL PERIOD 1981 TO 2010
CLIMATE RECORD PERIOD 1999 TO 2014

WEATHER         OBSERVED          NORMAL  DEPART  LAST YEAR`S
                 VALUE   DATE(S)  VALUE   FROM    VALUE  DATE(S)
                                          NORMAL
................................................................
TEMPERATURE (F)
RECORD
 HIGH              96   06/27/2006
 LOW               54   06/02/2011
                        06/05/1999
                        06/03/1999
HIGHEST            81   06/03        74       7       84  06/30
LOWEST             62   06/06        60       2       60  06/18
                        06/04                             06/09
                        06/03
AVG. MAXIMUM     76.9              73.6     3.3     74.7
AVG. MINIMUM     65.1              61.0     4.1     62.4
MEAN             71.0              67.3     3.7     68.6
DAYS MAX >= 90      0               0.3    -0.3        0
DAYS MAX <= 32      0               0.0     0.0        0
DAYS MAX >= 100     0                                  0
DAYS MIN <= 32      0               0.0     0.0        0

PRECIPITATION (INCHES)
RECORD
 MAXIMUM         0.04   2009
 MINIMUM         0.00   2012
                        2004
                        2002
TOTALS           0.00R             0.08   -0.08     0.01
DAILY AVG.       0.00              0.00    0.00     0.00
DAYS >= .01         0                MM      MM        1
DAYS >= .10         0                MM      MM        0
DAYS >= .50         0                MM      MM        0
DAYS >= 1.00        0                MM      MM        0
DAYS >= 1.50        0                                  0
DAYS >= 2.00        0                                  0
GREATEST
 24 HR. TOTAL    0.00   06/30 TO 06/30           06/24 TO 06/24
                                                          06/23 TO 06/24
                                                          06/24 TO 06/24
 STORM TOTAL       MM                                 MM
 (MM/DD(HH))            MM                    06/24(00) TO 06/24(00)
                                                 06/24(00) TO 06/24(00)4
                                                 06/24(00) TO 06/24(00)4

SNOWFALL (INCHES)
TOTALS            0.0

DEGREE_DAYS
HEATING TOTAL       0                 7      -7        0
 SINCE 7/1        604              1252    -648     1096
COOLING TOTAL     190                76     114      115
 SINCE 1/1        527               143     384      195

FREEZE DATES
RECORD
 EARLIEST     MM
 LATEST       MM
EARLIEST                        MM
LATEST                          MM
.....................................................

WIND (MPH)
AVERAGE WIND SPEED              5.8
RESULTANT WIND SPEED/DIRECTION   5/205
HIGHEST WIND SPEED/DIRECTION    18/220    DATE  06/21
HIGHEST GUST SPEED/DIRECTION    25/220    DATE  06/23

SKY COVER
POSSIBLE SUNSHINE (PERCENT)   MM
AVERAGE SKY COVER           0.50
NUMBER OF DAYS FAIR            7
NUMBER OF DAYS PC             19
NUMBER OF DAYS CLOUDY          4

AVERAGE RH (PERCENT)     64

WEATHER CONDITIONS. NUMBER OF DAYS WITH
THUNDERSTORM              0     MIXED PRECIP               0
HEAVY RAIN                0     RAIN                       0
LIGHT RAIN                0     FREEZING RAIN              0
LT FREEZING RAIN          0     HAIL                       0
HEAVY SNOW                0     SNOW                       0
LIGHT SNOW                0     SLEET                      0
FOG                       1     FOG W/VIS <= 1/4 MILE      0
HAZE                      2

-  INDICATES NEGATIVE NUMBERS.
R  INDICATES RECORD WAS SET OR TIED.
MM INDICATES DATA IS MISSING.
T  INDICATES TRACE AMOUNT.

$$
