000
CXAK58 PASN 011332
CLMSNP


CLIMATE REPORT
NATIONAL WEATHER SERVICE ANCHORAGE, AK
432 AM AKST WED MAR 1 2017

...................................

...THE SAINT PAUL ISLAND CLIMATE SUMMARY FOR THE MONTH OF FEBRUARY 2017...

CLIMATE NORMAL PERIOD 1981 TO 2010
CLIMATE RECORD PERIOD 1892 TO 2017

WEATHER         OBSERVED          NORMAL  DEPART  LAST YEAR`S
                 VALUE   DATE(S)  VALUE   FROM    VALUE  DATE(S)
                                          NORMAL
................................................................
TEMPERATURE (F)
RECORD
 HIGH              42   MM
 LOW               -3   02/19/2017
HIGHEST            39                MM      MM       40
LOWEST             -3R               MM      MM       23
AVG. MAXIMUM     27.6              28.5    -0.9     35.8
AVG. MINIMUM     21.1              20.2     0.9     30.0
MEAN             24.3              24.4    -0.1     32.9
DAYS MAX >= 90      0               0.0     0.0        0
DAYS MAX <= 32     16              14.1     1.9        3
DAYS MIN <= 32     23              24.2    -1.2       16
DAYS MIN <= 0       1               1.6    -0.6        0

PRECIPITATION (INCHES)
RECORD
 MAXIMUM           MM   MM
 MINIMUM           MM   MM
TOTALS           1.58              1.30    0.28     1.14
DAILY AVG.       0.06              0.05    0.01     0.04
DAYS >= .01        13              15.5    -2.5       17
DAYS >= .10         7               4.6     2.4        3
DAYS >= .50         0               0.2    -0.2        0
DAYS >= 1.00        0               0.0     0.0        0
GREATEST
 24 HR. TOTAL    0.45   02/20 TO 02/21           02/16 TO 02/16
                                                          02/20 TO 02/20
                                                          02/20 TO 02/20
 STORM TOTAL       MM                                 MM
 (MM/DD(HH))            MM                    02/16(00) TO 02/16(00)
                                                 02/20(00) TO 02/20(00)0
                                                 02/20(00) TO 02/20(00)0

SNOWFALL (INCHES)
RECORDS
 TOTAL             MM   MM
 24 HR TOTAL       MM
 SNOW DEPTH        MM   MM
TOTALS            9.9              10.0    -0.1      0.0
SINCE 7/1        48.0              45.0     3.0      0.0
SNOWDEPTH AVG.      4                 5      -1        0
DAYS >= TRACE      22              13.1     8.9        0
DAYS >= 1.0         3               3.6    -0.6
GREATEST
 SNOW DEPTH        12   02/22                          0  MM
                        02/21
 24 HR TOTAL      2.7   MM                       02/20 TO 02/20
                                                          02/20 TO 02/20
                                                          02/20 TO 02/20
 STORM TOTAL       MM                                 MM
 (MM/DD(HH))            MM

DEGREE_DAYS
HEATING TOTAL    1131              1138      -7      763
 SINCE 7/1       5875              6917   -1042     5138
COOLING TOTAL       0                 0       0        0
 SINCE 1/1          0                 0       0        0

FREEZE DATES
RECORD
 EARLIEST     MM
 LATEST       MM
EARLIEST                        MM
LATEST                          MM
.................................................

WIND (MPH)
AVERAGE WIND SPEED              19.0
RESULTANT WIND SPEED/DIRECTION   8/053
HIGHEST WIND SPEED/DIRECTION    46/090    DATE  02/21
HIGHEST GUST SPEED/DIRECTION    56/090    DATE  02/21

SKY COVER
POSSIBLE SUNSHINE (PERCENT)   MM
AVERAGE SKY COVER           0.80
NUMBER OF DAYS FAIR            2
NUMBER OF DAYS PC              5
NUMBER OF DAYS CLOUDY         21

AVERAGE RH (PERCENT)     86

WEATHER CONDITIONS. NUMBER OF DAYS WITH
THUNDERSTORM              0     MIXED PRECIP               0
HEAVY RAIN                0     RAIN                       1
LIGHT RAIN                7     FREEZING RAIN              0
LT FREEZING RAIN          0     HAIL                       0
HEAVY SNOW                3     SNOW                       6
LIGHT SNOW               26     SLEET                      0
FOG                      24     FOG W/VIS <= 1/4 MILE      3
HAZE                      9

-  INDICATES NEGATIVE NUMBERS.
R  INDICATES RECORD WAS SET OR TIED.
MM INDICATES DATA IS MISSING.
T  INDICATES TRACE AMOUNT.

$$
