000
CXUS55 KCYS 031624
CLMSNY


CLIMATE REPORT
NATIONAL WEATHER SERVICE CHEYENNE WY
1024 AM MDT THU NOV 3 2016

...................................

...THE SIDNEY NE AIRPORT CLIMATE SUMMARY FOR THE MONTH OF OCTOBER 2016...

CLIMATE NORMAL PERIOD 1981 TO 2010
CLIMATE RECORD PERIOD 1948 TO 2016

WEATHER         OBSERVED          NORMAL  DEPART  LAST YEAR`S
                 VALUE   DATE(S)  VALUE   FROM    VALUE
                                          NORMAL
.............................................................
TEMPERATURE (F)
RECORD
 HIGH              93   10/06/2007
 LOW                    10/31/1991
HIGHEST            87   10/16        MM      MM       92
                        10/03
LOWEST             29   10/21        MM      MM       22
                        10/20
                        10/05
AVG. MAXIMUM     72.6              65.0     7.6     67.8
AVG. MINIMUM     37.4              35.4     2.0     37.2
MEAN             55.0              50.2     4.8     52.5
DAYS MAX >= 90      0               0.5                1
DAYS MAX <= 32      0               0.3                0
DAYS MIN <= 32      8              10.1                9
DAYS MIN <= 0       0               0.0                0

PRECIPITATION (INCHES)
RECORD
 MAXIMUM         4.08   1969
 MINIMUM         0.04   1988
TOTALS           0.37              1.02   -0.65     1.57
DAYS >= .01         2               7.1    -5.1        8
DAYS >= .10         1               2.8    -1.8        3
DAYS >= .50         0               0.3    -0.3        1
DAYS >= 1.00        0               0.1    -0.1        0
GREATEST
 24 HR. TOTAL    0.36   10/06 TO 10/06

DEGREE_DAYS
HEATING TOTAL     310               463    -153      382
 SINCE 7/1        443               603    -160      469
COOLING TOTAL       6                 4       2        3
 SINCE 1/1        770               830     -60      669
..............................................................

WIND (MPH)
AVERAGE WIND SPEED              11.0
HIGHEST WIND SPEED/DIRECTION    48/310    DATE  10/17
HIGHEST GUST SPEED/DIRECTION    62/300    DATE  10/17

SKY COVER
POSSIBLE SUNSHINE (PERCENT)   MM
AVERAGE SKY COVER           0.20
NUMBER OF DAYS FAIR           23
NUMBER OF DAYS PC              8
NUMBER OF DAYS CLOUDY          0

AVERAGE RH (PERCENT)     54

WEATHER CONDITIONS. NUMBER OF DAYS WITH
THUNDERSTORM              0     MIXED PRECIP               0
HEAVY RAIN                1     RAIN                       1
LIGHT RAIN                8     FREEZING RAIN              0
LT FREEZING RAIN          0     HAIL                       0
HEAVY SNOW                0     SNOW                       0
LIGHT SNOW                3     SLEET                      0
FOG                       6     FOG W/VIS <= 1/4 MILE      2
HAZE                      1

-  INDICATES NEGATIVE NUMBERS.
R  INDICATES RECORD WAS SET OR TIED.
MM INDICATES DATA IS MISSING.
T  INDICATES TRACE AMOUNT.

$$
