000
CXUS55 KCYS 052050
CLMSNY


CLIMATE REPORT
NATIONAL WEATHER SERVICE CHEYENNE WY
150 PM MST WED NOV 5 2014

...................................

...THE SIDNEY NE AIRPORT CLIMATE SUMMARY FOR THE MONTH OF OCTOBER 2014...

CLIMATE NORMAL PERIOD 1981 TO 2010
CLIMATE RECORD PERIOD 1948 TO 2014

WEATHER         OBSERVED          NORMAL  DEPART  LAST YEAR`S
                 VALUE   DATE(S)  VALUE   FROM    VALUE
                                          NORMAL
.............................................................
TEMPERATURE (F)
RECORD
 HIGH              93   10/06/2007
 LOW                    10/31/1991
HIGHEST            83   10/24        MM      MM       79
LOWEST             22   10/29        MM      MM       24
AVG. MAXIMUM     68.8              65.0     3.8     59.5
AVG. MINIMUM     35.6              35.4     0.2     33.8
MEAN             52.2              50.2     2.0     46.7
DAYS MAX >= 90      0               0.5                0
DAYS MAX <= 32      0               0.3                0
DAYS MIN <= 32     11              10.1               15
DAYS MIN <= 0       0               0.0                0

PRECIPITATION (INCHES)
RECORD
 MAXIMUM         4.08   1969
 MINIMUM         0.04   1988
TOTALS           0.86              1.02   -0.16     1.25
DAYS >= .01         4               7.1    -3.1        9
DAYS >= .10         1               2.8    -1.8        3
DAYS >= .50         1               0.3     0.7        1
DAYS >= 1.00        0               0.1    -0.1        0
GREATEST
 24 HR. TOTAL    0.79   10/01 TO 10/01

DEGREE_DAYS
HEATING TOTAL     389               463     -74      557
 SINCE 7/1        506               603     -97      661
COOLING TOTAL       0                 4      -4        0
 SINCE 1/1        637               830    -193      918
..............................................................

WIND (MPH)
AVERAGE WIND SPEED              11.0
HIGHEST WIND SPEED/DIRECTION    40/360    DATE  10/02
HIGHEST GUST SPEED/DIRECTION    54/340    DATE  10/02

SKY COVER
POSSIBLE SUNSHINE (PERCENT)   MM
AVERAGE SKY COVER           0.10
NUMBER OF DAYS FAIR           26
NUMBER OF DAYS PC              5
NUMBER OF DAYS CLOUDY          0

AVERAGE RH (PERCENT)     59

WEATHER CONDITIONS. NUMBER OF DAYS WITH
THUNDERSTORM              0     MIXED PRECIP               0
HEAVY RAIN                0     RAIN                       1
LIGHT RAIN                7     FREEZING RAIN              0
LT FREEZING RAIN          0     HAIL                       0
HEAVY SNOW                0     SNOW                       0
LIGHT SNOW                1     SLEET                      0
FOG                       5     FOG W/VIS <= 1/4 MILE      1
HAZE                      1

-  INDICATES NEGATIVE NUMBERS.
R  INDICATES RECORD WAS SET OR TIED.
MM INDICATES DATA IS MISSING.
T  INDICATES TRACE AMOUNT.

$$
