000
CXUS54 KOUN 011214
CLMSPS

CLIMATE REPORT
NATIONAL WEATHER SERVICE NORMAN OK
714 AM CDT FRI APR 1 2016

...................................

...THE WICHITA FALLS CLIMATE SUMMARY FOR THE MONTH OF MARCH 2016...

CLIMATE NORMAL PERIOD 1981 TO 2010
CLIMATE RECORD PERIOD 1897 TO 2016

WEATHER         OBSERVED          NORMAL  DEPART  LAST YEAR`S
                 VALUE   DATE(S)  VALUE   FROM    VALUE  DATE(S)
                                          NORMAL
................................................................
TEMPERATURE (F)
RECORD
 HIGH             100   03/27/1971
 LOW                6   03/11/1948
HIGHEST            86                88      -2       88  03/25
LOWEST             29                23       6       16  03/05
AVG. MAXIMUM     70.4              67.0     3.4     66.0
AVG. MINIMUM     45.0              41.2     3.8     42.5
MEAN             57.7              54.1     3.6     54.3
DAYS MAX >= 90      0               0.7    -0.7        0
DAYS MAX <= 32      0               0.1    -0.1        0
DAYS MIN <= 32      3               4.9    -1.9        6
DAYS MIN <= 0       0               0.0     0.0        0

PRECIPITATION (INCHES)
RECORD
 MAXIMUM         6.29   1999
 MINIMUM         0.00   1904
TOTALS           1.35              2.20   -0.85     1.78
DAILY AVG.       0.04              0.07   -0.03     0.06
DAYS >= .01         6               6.7    -0.7        9
DAYS >= .10         3               3.7    -0.7        6
DAYS >= .50         1               1.5    -0.5        0
DAYS >= 1.00        0               0.5    -0.5        0
GREATEST
 24 HR. TOTAL    0.53   03/27 TO 03/27

SNOWFALL (INCHES)
TOTALS            0.0               0.5    -0.5
SINCE 7/1         2.6               3.9    -1.3

DEGREE_DAYS
HEATING TOTAL     228               357    -129
 SINCE 7/1       2190              2803    -613
COOLING TOTAL      12                19      -7
 SINCE 1/1         21                22      -1
.................................................................

WIND (MPH)
AVERAGE WIND SPEED              13.1
HIGHEST WIND SPEED/DIRECTION    43/310    DATE  03/23
HIGHEST GUST SPEED/DIRECTION    53/340    DATE  03/27


WEATHER CONDITIONS. NUMBER OF DAYS WITH
THUNDERSTORM              0     MIXED PRECIP               0
HEAVY RAIN                2     RAIN                       1
LIGHT RAIN                8     FREEZING RAIN              0
LT FREEZING RAIN          0     HAIL                       0
HEAVY SNOW                0     SNOW                       0
LIGHT SNOW                0     SLEET                      0
FOG                       8     FOG W/VIS <= 1/4 MILE      1
HAZE                      2

-  INDICATES NEGATIVE NUMBERS.
R  INDICATES RECORD WAS SET OR TIED.
MM INDICATES DATA IS MISSING.
T  INDICATES TRACE AMOUNT.

...............................................................
RECORDS/REMARKS

THE JANUARY THROUGH MARCH 2016 TOTAL PRECIPITATION IS 3.05 INCHES.

$$
